000
CXUS56 KPQR 011201
CF6SPB
PRELIMINARY LOCAL CLIMATOLOGICAL DATA (WS FORM: F-6)
STATION: SCAPPOOSE OR
MONTH: OCTOBER
YEAR: 2023
LATITUDE: 45 46 N
LONGITUDE: 122 50 W
TEMPERATURE IN F: :PCPN: SNOW: WIND :SUNSHINE: SKY :PK WND
================================================================================
1 2 3 4 5 6A 6B 7 8 9 10 11 12 13 14 15 16 17 18
12Z AVG MX 2MIN
DY MAX MIN AVG DEP HDD CDD WTR SNW DPTH SPD SPD DIR MIN PSBL S-S WX SPD DR
================================================================================
1 72 43 58 0 7 0 0.00 M M 4.7 15 360 M M 0 18 21 360
2 59 48 54 -4 11 0 0.14 M M 2.8 9 160 M M 9 1 13 180
3 72 55 64 6 1 0 0.01 M M 3.8 9 10 M M 7 128 13 320
4 72 51 62 5 3 0 0.00 M M 2.7 10 340 M M 6 16 360
5 80 56 68 11 0 3 0.00 M M 7.6 16 360 M M 0 20 360
6 88 50 69 12 0 4 0.00 M M 2.5 8 50 M M 0 11 30
7 86 51 69 13 0 4 0.00 M M 1.9 8 200 M M 0 10 210
8 79 49 64 8 1 0 0.00 M M 1.4 8 130 M M 2 1 11 120
9 63 50 57 1 8 0 0.08 M M 1.2 9 140 M M 6 18 13 160
10 63 50 57 2 8 0 0.61 M M 5.8 14 150 M M 9 13 20 180
11 66 50 58 3 7 0 0.19 M M 5.1 12 220 M M 9 1 19 160
12 71 50 61 7 4 0 0.00 M M 3.5 10 90 M M 5 1 14 100
13 70 47 59 5 6 0 0.12 M M 3.1 14 210 M M 5 1 20 230
14 63 54 59 5 6 0 0.03 M M 1.5 8 140 M M 9 1 9 140
15 69 52 61 8 4 0 T M M 0.3 5 320 M M 4 1 6 330
16 67 50 59 6 6 0 0.29 M M 3.2 12 150 M M 5 1 18 170
17 64 47 56 3 9 0 0.00 M M 1.0 6 90 M M 6 12 7 320
18 73 42 58 6 7 0 0.00 M M 0.7 5 280 M M 1 12 6 110
19 74 45 60 8 5 0 0.00 M M 2.2 10 330 M M 4 12 14 330
20 69 51 60 8 5 0 0.00 M M 5.5 15 330 M M 6 1 20 330
21 60 54 57 6 8 0 0.01 M M 0.5 7 60 M M 10 1 7 50
22 65 50 58 7 7 0 T M M 2.8 12 10 M M 7 1 14 20
23 62 51 57 6 8 0 0.00 M M 4.5 13 310 M M 9 18 310
24 52 43 48 -2 17 0 0.40 M M 3.6 16 150 M M 10 1 20 140
25 52 40 46 -4 19 0 0.18 M M 2.1 9 170 M M 9 138 13 190
26 50 36 43 -7 22 0 0.00 M M 1.5 7 140 M M 9 18 9 200
27 55 33 44 -6 21 0 0.00 M M 3.7 10 20 M M 3 12 12 20
28 56 30 43 -6 22 0 0.00 M M 4.3 10 350 M M 0 14 350
29 61 29 45 -4 20 0 0.00 M M 1.8 7 280 M M 0 8 8 160
30 62 30 46 -3 19 0 0.00 M M 2.7 7 190 M M 0 18 11 170
31 60 32 46 -2 19 0 0.00 M M 2.3 8 210 M M 1 12 210
================================================================================
SM 2055 1419 280 11 2.06 M 90.3 M 151
================================================================================
AV 66.3 45.8 2.9 FASTST M M 5 MAX(MPH)
MISC ----> # 16 360 21 360
================================================================================
NOTES:
# LAST OF SEVERAL OCCURRENCES
COLUMN 17 PEAK WIND IN M.P.H.
PRELIMINARY LOCAL CLIMATOLOGICAL DATA (WS FORM: F-6) , PAGE 2
STATION: SCAPPOOSE OR
MONTH: OCTOBER
YEAR: 2023
LATITUDE: 45 46 N
LONGITUDE: 122 50 W
[TEMPERATURE DATA] [PRECIPITATION DATA] SYMBOLS USED IN COLUMN 16
AVERAGE MONTHLY: 56.0 TOTAL FOR MONTH: 2.06 1 = FOG OR MIST
DPTR FM NORMAL: 2.8 DPTR FM NORMAL: -1.54 2 = FOG REDUCING VISIBILITY
HIGHEST: 88 ON 6 GRTST 24HR 0.66 ON 10-11 TO 1/4 MILE OR LESS
LOWEST: 29 ON 29 3 = THUNDER
SNOW, ICE PELLETS, HAIL 4 = ICE PELLETS
TOTAL MONTH: M 5 = HAIL
GRTST 24HR M ON M 6 = FREEZING RAIN OR DRIZZLE
GRTST DEPTH: M ON M 7 = DUSTSTORM OR SANDSTORM:
VSBY 1/2 MILE OR LESS
8 = SMOKE OR HAZE
[NO. OF DAYS WITH] [WEATHER - DAYS WITH] 9 = BLOWING SNOW
X = TORNADO
MAX 32 OR BELOW: 0 0.01 INCH OR MORE: 11
MAX 90 OR ABOVE: 0 0.10 INCH OR MORE: 7
MIN 32 OR BELOW: 4 0.50 INCH OR MORE: 1
MIN 0 OR BELOW: 0 1.00 INCH OR MORE: 0
[HDD (BASE 65) ]
TOTAL THIS MO. 280 CLEAR (SCALE 0-3) 11
DPTR FM NORMAL -88 PTCLDY (SCALE 4-7) 11
TOTAL FM JUL 1 361 CLOUDY (SCALE 8-10) 9
DPTR FM NORMAL -165
[CDD (BASE 65) ]
TOTAL THIS MO. 11
DPTR FM NORMAL 9 [PRESSURE DATA]
TOTAL FM JAN 1 646 HIGHEST SLP 30.51 ON 28
DPTR FM NORMAL 312 LOWEST SLP 29.47 ON 10
[REMARKS]
#FINAL-10-23#