813
CXUS52 KTBW 011000
CF6SPG
PRELIMINARY LOCAL CLIMATOLOGICAL DATA (WS FORM: F-6)
STATION: Saint Petersburg
MONTH: AUGUST
YEAR: 2020
LATITUDE: 27 46 N
LONGITUDE: 82 38 W
TEMPERATURE IN F: :PCPN: SNOW: WIND :SUNSHINE: SKY :PK WND
================================================================================
1 2 3 4 5 6A 6B 7 8 9 10 11 12 13 14 15 16 17 18
12Z AVG MX 2MIN
DY MAX MIN AVG DEP HDD CDD WTR SNW DPTH SPD SPD DIR MIN PSBL S-S WX SPD DR
================================================================================
1 94 82 88 4 0 23 0.00 0.0 0 10.1 22 80 M M 2 25 90
2 90 81 86 2 0 21 0.10 0.0 0 12.4 29 50 M M 2 3 33 50
3 91 80 86 2 0 21 0.00 0.0 0 6.3 16 260 M M 2 22 260
4 91 81 86 2 0 21 0.18 0.0 0 5.2 23 120 M M 3 18 26 110
5 91 79 85 1 0 20 0.00 0.0 0 7.5 24 150 M M 1 3 29 150
6 89 79 84 0 0 19 0.03 0.0 0 6.9 17 150 M M 1 13 21 140
7 92 80 86 2 0 21 0.04 0.0 0 7.7 18 100 M M 2 13 21 90
8 94 79 87 3 0 22 0.03 0.0 0 6.8 25 120 M M 0 3 27 120
9 94 78 86 2 0 21 T 0.0 0 7.0 23 150 M M 0 3 28 150
10 94 81 88 4 0 23 0.05 0.0 0 5.3 18 320 M M 0 3 26 320
11 93 79 86 2 0 21 0.04 0.0 0 5.6 25 240 M M 1 3 29 240
12 90 77 84 0 0 19 0.46 0.0 0 6.3 20 110 M M 2 13 22 120
13 92 81 87 3 0 22 0.00 0.0 0 7.2 18 120 M M 1 3 21 100
14 92 81 87 3 0 22 0.00 0.0 0 6.3 14 150 M M 1 38 20 340
15 91 81 86 2 0 21 T 0.0 0 5.8 17 170 M M 1 13 21 180
16 90 79 85 1 0 20 0.42 0.0 0 4.0 18 60 M M 4 13 25 170
17 88 80 84 0 0 19 0.03 0.0 0 5.0 14 230 M M 3 13 20 210
18 88 77 83 -1 0 18 0.01 0.0 0 8.2 21 140 M M 3 3 27 150
19 86 77 82 -2 0 17 0.18 0.0 0 9.6 22 150 M M 3 13 25 150
20 90 76 83 -1 0 18 1.49 0.0 0 11.4 18 70 M M 4 13 21 300
21 89 77 83 -1 0 18 0.08 0.0 0 13.2 30 140 M M 2 13 35 140
22 86 77 82 -2 0 17 0.07 0.0 0 8.2 28 80 M M 3 13 32 80
23 90 79 85 1 0 20 0.03 0.0 0 11.4 22 100 M M 2 13 26 100
24 91 78 85 1 0 20 0.28 0.0 0 15.5 25 170 M M 4 13 32 140
25 92 82 87 3 0 22 0.00 0.0 0 14.7 23 120 M M 1 3 27 120
26 91 80 86 2 0 21 0.18 0.0 0 10.6 22 200 M M 1 13 27 200
27 90 81 86 2 0 21 0.00 0.0 0 9.5 18 120 M M 1 22 130
28 90 82 86 2 0 21 0.00 0.0 0 8.7 14 240 M M 1 17 250
29 90 77 84 0 0 19 2.40 0.0 0 8.0 20 200 M M 3 13 24 330
30 87 76 82 -2 0 17 2.68 0.0 0 6.5 26 260 M M 4 138 35 260
31 88 79 84 0 0 19 T 0.0 0 8.3 21 320 M M 2 32 320
================================================================================
SM 2804 2456 0 624 8.78 0.0 259.2 M 60
================================================================================
AV 90.5 79.2 8.4 FASTST M M 2 MAX(MPH)
MISC ----> # 30 140 # 35 140
================================================================================
NOTES:
# LAST OF SEVERAL OCCURRENCES
COLUMN 17 PEAK WIND IN M.P.H.
PRELIMINARY LOCAL CLIMATOLOGICAL DATA (WS FORM: F-6) , PAGE 2
STATION: Saint Petersburg
MONTH: AUGUST
YEAR: 2020
LATITUDE: 27 46 N
LONGITUDE: 82 38 W
[TEMPERATURE DATA] [PRECIPITATION DATA] SYMBOLS USED IN COLUMN 16
AVERAGE MONTHLY: 84.8 TOTAL FOR MONTH: 8.78 1 = FOG OR MIST
DPTR FM NORMAL: 0.9 DPTR FM NORMAL: 0.40 2 = FOG REDUCING VISIBILITY
HIGHEST: 94 ON 10, 9 GRTST 24HR 2.68 ON 30-30 TO 1/4 MILE OR LESS
LOWEST: 76 ON 30,20 3 = THUNDER
SNOW, ICE PELLETS, HAIL 4 = ICE PELLETS
TOTAL MONTH: 0.0 INCH 5 = HAIL
GRTST 24HR 0.0 6 = FREEZING RAIN OR DRIZZLE
GRTST DEPTH: 0 7 = DUSTSTORM OR SANDSTORM:
VSBY 1/2 MILE OR LESS
8 = SMOKE OR HAZE
[NO. OF DAYS WITH] [WEATHER - DAYS WITH] 9 = BLOWING SNOW
X = TORNADO
MAX 32 OR BELOW: 0 0.01 INCH OR MORE: 20
MAX 90 OR ABOVE: 23 0.10 INCH OR MORE: 10
MIN 32 OR BELOW: 0 0.50 INCH OR MORE: 3
MIN 0 OR BELOW: 0 1.00 INCH OR MORE: 3
[HDD (BASE 65) ]
TOTAL THIS MO. 0 CLEAR (SCALE 0-3) 26
DPTR FM NORMAL 0 PTCLDY (SCALE 4-7) 5
TOTAL FM JUL 1 0 CLOUDY (SCALE 8-10) 0
DPTR FM NORMAL 0
[CDD (BASE 65) ]
TOTAL THIS MO. 624
DPTR FM NORMAL 40 [PRESSURE DATA]
TOTAL FM JAN 1 3160 HIGHEST SLP 30.17 ON 8
DPTR FM NORMAL 547 LOWEST SLP 29.81 ON 2
[REMARKS]
#FINAL-08-20#