000
CXUS53 KILX 281000
CF6SPI
PRELIMINARY LOCAL CLIMATOLOGICAL DATA (WS FORM: F-6)
STATION: SPRINGFIELD IL
MONTH: FEBRUARY
YEAR: 2022
LATITUDE: 39 50 N
LONGITUDE: 89 41 W
TEMPERATURE IN F: :PCPN: SNOW: WIND :SUNSHINE: SKY :PK WND
================================================================================
1 2 3 4 5 6A 6B 7 8 9 10 11 12 13 14 15 16 17 18
12Z AVG MX 2MIN
DY MAX MIN AVG DEP HDD CDD WTR SNW DPTH SPD SPD DIR MIN PSBL S-S WX SPD DR
================================================================================
1 52 32 42 13 23 0 0.43 T 0 14.6 22 340 M M 7 14 25 200
2 M 18 M M M M 0.58 7.9 2 18.0 22 350 M M 7 14 29 360
3 19 M M M M M 0.30 4.1 9 16.0 23 10 M M 8 1 29 10
4 23 M M M M M 0.00 0.0 10 11.2 20 310 M M 2 29 320
5 21 -2 10 -19 55 0 0.00 0.0 9 10.7 35 210 M M 0 35 210
6 39 M M M M M 0.00 0.0 8 9.8 18 220 M M 0 21 220
7 M 10 M M M M 0.00 0.0 7 7.3 13 260 M M 0 20 300
8 50 M M M M M 0.00 0.0 7 11.6 17 200 M M 0 22 280
9 41 30 36 6 29 0 0.00 0.0 6 10.4 18 270 M M 3 23 270
10 M 30 M M M M 0.00 0.0 5 10.7 17 260 M M 3 17 260
11 45 M M M M M 0.55 0.0 3 17.4 29 310 M M 6 8 38 310
12 M 14 M M M M T T 2 11.3 18 330 M M 5 23 300
13 23 12 18 -14 47 0 T T 2 7.5 15 340 M M 5 22 10
14 36 16 26 -6 39 0 0.00 0.0 2 5.4 16 190 M M 0 16 190
15 50 M M M M M 0.00 0.0 2 14.1 23 190 M M 0 33 190
16 57 M M M M M M 0.0 1 19.4 30 190 M M 6 38 190
17 55 14 35 2 30 0 M 5.2 0 16.3 24 320 M M 7 16 33 330
18 34 1 18 -15 47 0 0.00 0.0 5 21.5 M M M M 0 M M
19 34 14 24 -10 41 0 0.00 0.0 3 9.7 M M M M 0 M M
20 55 25 40 6 25 0 0.00 0.0 3 15.5 22 200 M M 0 30 210
21 61 41 51 17 14 0 0.00 0.0 1 19.0 29 180 M M 2 41 190
22 59 21 40 5 25 0 M T 0 19.0 31 250 M M 7 138 39 290
23 23 14 19 -16 46 0 T T 0 12.5 15 40 M M 7 8 22 10
24 28 23 26 -10 39 0 0.23 1.1 T 9.5 17 70 M M 9 1 22 40
25 27 18 23 -13 42 0 0.00 0.0 1 10.9 20 310 M M 5 24 310
26 36 12 24 -12 41 0 0.00 0.0 1 5.9 14 260 M M M 14 260
27 46 23 35 -2 30 0 0.00 0.0 0 8.5 15 290 M M 0 16 250
================================================================================
SM 914 366 573 0 2.09 18.3 343.7 M 89
================================================================================
AV 39.7 18.3 12.7 FASTST M M 3 MAX(MPH)
MISC ----> 35 210 41 190
================================================================================
NOTES:
# LAST OF SEVERAL OCCURRENCES
COLUMN 17 PEAK WIND IN M.P.H.
PRELIMINARY LOCAL CLIMATOLOGICAL DATA (WS FORM: F-6) , PAGE 2
STATION: SPRINGFIELD IL
MONTH: FEBRUARY
YEAR: 2022
LATITUDE: 39 50 N
LONGITUDE: 89 41 W
[TEMPERATURE DATA] [PRECIPITATION DATA] SYMBOLS USED IN COLUMN 16
AVERAGE MONTHLY: 29.0 TOTAL FOR MONTH: 2.09 1 = FOG OR MIST
DPTR FM NORMAL: -3.2 DPTR FM NORMAL: 0.24 2 = FOG REDUCING VISIBILITY
HIGHEST: 61 ON 21 GRTST 24HR 0.58 ON 2- 2 TO 1/4 MILE OR LESS
LOWEST: -2 ON 5 3 = THUNDER
SNOW, ICE PELLETS, HAIL 4 = ICE PELLETS
TOTAL MONTH: 18.3 INCHES 5 = HAIL
GRTST 24HR 7.9 ON 2- 2 6 = FREEZING RAIN OR DRIZZLE
GRTST DEPTH: 10 ON 4 7 = DUSTSTORM OR SANDSTORM:
VSBY 1/2 MILE OR LESS
8 = SMOKE OR HAZE
[NO. OF DAYS WITH] [WEATHER - DAYS WITH] 9 = BLOWING SNOW
X = TORNADO
MAX 32 OR BELOW: 7 0.01 INCH OR MORE: 5
MAX 90 OR ABOVE: 0 0.10 INCH OR MORE: 5
MIN 32 OR BELOW: 19 0.50 INCH OR MORE: 2
MIN 0 OR BELOW: 1 1.00 INCH OR MORE: 0
[HDD (BASE 65) ]
TOTAL THIS MO. 573 CLEAR (SCALE 0-3) 14
DPTR FM NORMAL -312 PTCLDY (SCALE 4-7) 11
TOTAL FM JUL 1 3167 CLOUDY (SCALE 8-10) 2
DPTR FM NORMAL -884
[CDD (BASE 65) ]
TOTAL THIS MO. 0
DPTR FM NORMAL 0 [PRESSURE DATA]
TOTAL FM JAN 1 0 HIGHEST SLP M ON M
DPTR FM NORMAL 0 LOWEST SLP M ON M
[REMARKS]