000
CXUS54 KOUN 011221
CF6SPS
PRELIMINARY LOCAL CLIMATOLOGICAL DATA (WS FORM: F-6)
STATION: WICHITA FALLS
MONTH: MARCH
YEAR: 2022
LATITUDE: 33 58 N
LONGITUDE: 98 29 W
TEMPERATURE IN F: :PCPN: SNOW: WIND :SUNSHINE: SKY :PK WND
================================================================================
1 2 3 4 5 6A 6B 7 8 9 10 11 12 13 14 15 16 17 18
12Z AVG MX 2MIN
DY MAX MIN AVG DEP HDD CDD WTR SNW DPTH SPD SPD DIR MIN PSBL S-S WX SPD DR
================================================================================
1 75 30 53 3 12 0 0.00 0.0 0 5.2 14 190 M M 1 18 200
2 79 34 57 7 8 0 0.00 0.0 0 6.1 14 190 M M 1 23 160
3 81 40 61 10 4 0 0.00 0.0 0 8.2 16 160 M M 1 20 170
4 78 47 63 12 2 0 0.00 0.0 0 15.8 26 190 M M 3 33 180
5 84 57 71 20 0 6 0.00 0.0 0 16.3 30 230 M M 0 39 190
6 60 31 46 -6 19 0 T 0.0 0 16.1 25 10 M M 8 1 30 10
7 47 26 37 -15 28 0 0.00 0.0 0 13.4 24 360 M M 3 28 350
8 47 28 38 -14 27 0 0.00 0.0 0 3.6 14 30 M M 3 17 30
9 59 23 41 -12 24 0 0.00 0.0 0 6.8 15 130 M M 0 19 130
10 65 29 47 -6 18 0 0.00 0.0 0 14.1 29 360 M M 0 34 10
11 39 23 31 -22 34 0 T T 0 17.7 30 10 M M 6 46 36 10
12 59 21 40 -14 25 0 0.00 0.0 0 11.8 22 210 M M 0 31 190
13 71 33 52 -2 13 0 0.00 0.0 0 18.9 30 170 M M 0 38 180
14 73 41 57 3 8 0 0.00 0.0 0 15.1 26 190 M M 3 32 190
15 72 43 58 4 7 0 0.00 0.0 0 10.4 25 330 M M 1 28 330
16 84 37 61 6 4 0 0.00 0.0 0 14.0 25 170 M M 0 32 200
17 84 49 67 12 0 2 0.00 0.0 0 19.6 37 320 M M 4 46 320
18 67 44 56 0 9 0 0.00 0.0 0 19.5 36 320 M M 5 43 320
19 77 34 56 0 9 0 0.00 0.0 0 8.3 21 210 M M 0 26 220
20 83 47 65 9 0 0 0.00 0.0 0 18.2 35 170 M M 0 44 190
21 66 48 57 1 8 0 0.94 0.0 0 12.3 25 150 M M 6 13 30 150
22 50 41 46 -11 19 0 0.00 0.0 0 19.5 36 290 M M 8 44 280
23 62 33 48 -9 17 0 T 0.0 0 14.5 29 310 M M 2 39 300
24 69 33 51 -6 14 0 0.00 0.0 0 9.9 22 320 M M 1 27 290
25 82 36 59 1 6 0 0.00 0.0 0 6.9 16 30 M M 0 19 20
26 80 41 61 3 4 0 0.00 0.0 0 7.8 15 90 M M 0 19 80
27 88 42 65 7 0 0 0.00 0.0 0 8.3 15 90 M M 1 18 90
28 90 46 68 10 0 3 0.00 0.0 0 14.6 26 170 M M 2 32 170
29 82 61 72 13 0 7 0.25 0.0 0 22.0 36 270 M M 4 13 46 280
30 64 49 57 -2 8 0 0.00 0.0 0 16.7 35 330 M M 6 41 330
31 70 39 55 -4 10 0 0.00 0.0 0 8.5 24 310 M M 3 31 300
================================================================================
SM 2187 1186 337 18 1.19 T 400.1 M 72
================================================================================
AV 70.5 38.3 12.9 FASTST M M 2 MAX(MPH)
MISC ----> 37 320 # 46 320
================================================================================
NOTES:
# LAST OF SEVERAL OCCURRENCES
COLUMN 17 PEAK WIND IN M.P.H.
PRELIMINARY LOCAL CLIMATOLOGICAL DATA (WS FORM: F-6) , PAGE 2
STATION: WICHITA FALLS
MONTH: MARCH
YEAR: 2022
LATITUDE: 33 58 N
LONGITUDE: 98 29 W
[TEMPERATURE DATA] [PRECIPITATION DATA] SYMBOLS USED IN COLUMN 16
AVERAGE MONTHLY: 54.4 TOTAL FOR MONTH: 1.19 1 = FOG OR MIST
DPTR FM NORMAL: -0.3 DPTR FM NORMAL: -0.83 2 = FOG REDUCING VISIBILITY
HIGHEST: 90 ON 28 GRTST 24HR 0.94 ON 21-21 TO 1/4 MILE OR LESS
LOWEST: 21 ON 12 3 = THUNDER
SNOW, ICE PELLETS, HAIL 4 = ICE PELLETS
TOTAL MONTH: T 5 = HAIL
GRTST 24HR T ON 11-11 6 = FREEZING RAIN OR DRIZZLE
GRTST DEPTH: 0 7 = DUSTSTORM OR SANDSTORM:
VSBY 1/2 MILE OR LESS
8 = SMOKE OR HAZE
[NO. OF DAYS WITH] [WEATHER - DAYS WITH] 9 = BLOWING SNOW
X = TORNADO
MAX 32 OR BELOW: 0 0.01 INCH OR MORE: 2
MAX 90 OR ABOVE: 1 0.10 INCH OR MORE: 2
MIN 32 OR BELOW: 8 0.50 INCH OR MORE: 1
MIN 0 OR BELOW: 0 1.00 INCH OR MORE: 0
[HDD (BASE 65) ]
TOTAL THIS MO. 337 CLEAR (SCALE 0-3) 21
DPTR FM NORMAL -2 PTCLDY (SCALE 4-7) 10
TOTAL FM JUL 1 2347 CLOUDY (SCALE 8-10) 0
DPTR FM NORMAL -388
[CDD (BASE 65) ]
TOTAL THIS MO. 18
DPTR FM NORMAL -3 [PRESSURE DATA]
TOTAL FM JAN 1 20 HIGHEST SLP 30.48 ON 12
DPTR FM NORMAL -5 LOWEST SLP 29.35 ON 29
[REMARKS]
#FINAL-03-22#