000
CXUS52 KTBW 281000
CF6SRQ
PRELIMINARY LOCAL CLIMATOLOGICAL DATA (WS FORM: F-6)
STATION: SARASOTA BRADENTON
MONTH: MARCH
YEAR: 2024
LATITUDE: 27 23 N
LONGITUDE: 82 33 W
TEMPERATURE IN F: :PCPN: SNOW: WIND :SUNSHINE: SKY :PK WND
================================================================================
1 2 3 4 5 6A 6B 7 8 9 10 11 12 13 14 15 16 17 18
12Z AVG MX 2MIN
DY MAX MIN AVG DEP HDD CDD WTR SNW DPTH SPD SPD DIR MIN PSBL S-S WX SPD DR
================================================================================
1 79 64 72 5 0 7 0.00 0.0 0 9.5 18 210 M M 3 1 23 150
2 79 65 72 5 0 7 0.00 0.0 0 7.3 17 180 M M 1 24 190
3 80 67 74 7 0 9 0.08 0.0 0 6.5 16 210 M M 4 1 20 220
4 84 66 75 8 0 10 0.00 0.0 0 7.0 14 110 M M 5 22 110
5 85 67 76 9 0 11 0.43 0.0 0 11.5 28 290 M M 2 13 37 290
6 76 67 72 5 0 7 0.03 0.0 0 7.8 21 160 M M 6 26 160
7 82 66 74 7 0 9 0.00 0.0 0 4.8 13 290 M M 3 1 17 260
8 85 66 76 9 0 11 0.00 0.0 0 8.9 18 200 M M 2 12 24 190
9 83 72 78 11 0 13 0.00 0.0 0 13.6 23 180 M M 3 32 170
10 77 63 70 2 0 5 0.06 0.0 0 11.6 18 310 M M 3 1 26 240
11 80 57 69 1 0 4 0.00 0.0 0 8.4 16 50 M M 0 24 50
12 79 58 69 1 0 4 0.00 0.0 0 7.5 15 120 M M 0 21 130
13 80 61 71 3 0 6 0.00 0.0 0 5.3 13 210 M M 2 17 200
14 85 67 76 8 0 11 0.00 0.0 0 5.6 13 280 M M 1 19 280
15 81 65 73 5 0 8 0.00 0.0 0 7.0 16 220 M M 0 21 220
16 81 66 74 6 0 9 0.00 0.0 0 6.0 13 210 M M 0 24 220
17 80 65 73 5 0 8 0.00 0.0 0 5.2 10 230 M M 2 12 16 220
18 82 69 76 8 0 11 0.05 0.0 0 10.2 18 300 M M 5 13 26 320
19 74 58 66 -2 0 1 0.00 0.0 0 9.6 22 10 M M 1 30 20
20 77 52 65 -3 0 0 0.00 0.0 0 7.1 17 280 M M 0 24 290
21 79 54 67 -2 0 2 0.04 0.0 0 7.0 14 120 M M 3 19 140
22 75 66 71 2 0 6 0.34 0.0 0 15.1 35 130 M M 7 1 43 130
23 80 67 74 5 0 9 0.00 0.0 0 13.6 24 320 M M 4 31 310
24 84 62 73 4 0 8 0.00 0.0 0 11.3 23 70 M M 2 32 50
25 86 63 75 6 0 10 0.00 0.0 0 14.7 28 100 M M 3 37 130
26 87 66 77 8 0 12 0.00 0.0 0 13.5 25 170 M M 0 36 170
27 83 68 76 7 0 11 0.01 0.0 0 11.0 24 170 M M 2 38 31 180
================================================================================
SM 2183 1727 0 209 1.04 0.0 246.6 M 64
================================================================================
AV 80.9 64.0 9.1 FASTST M M 2 MAX(MPH)
MISC ----> 35 130 43 130
================================================================================
NOTES:
# LAST OF SEVERAL OCCURRENCES
COLUMN 17 PEAK WIND IN M.P.H.
PRELIMINARY LOCAL CLIMATOLOGICAL DATA (WS FORM: F-6) , PAGE 2
STATION: SARASOTA BRADENTON
MONTH: MARCH
YEAR: 2024
LATITUDE: 27 23 N
LONGITUDE: 82 33 W
[TEMPERATURE DATA] [PRECIPITATION DATA] SYMBOLS USED IN COLUMN 16
AVERAGE MONTHLY: 72.4 TOTAL FOR MONTH: 1.04 1 = FOG OR MIST
DPTR FM NORMAL: 4.5 DPTR FM NORMAL: -1.36 2 = FOG REDUCING VISIBILITY
HIGHEST: 87 ON 26 GRTST 24HR 0.46 ON 5- 6 TO 1/4 MILE OR LESS
LOWEST: 52 ON 20 3 = THUNDER
SNOW, ICE PELLETS, HAIL 4 = ICE PELLETS
TOTAL MONTH: 0.0 INCH 5 = HAIL
GRTST 24HR 0.0 6 = FREEZING RAIN OR DRIZZLE
GRTST DEPTH: 0 7 = DUSTSTORM OR SANDSTORM:
VSBY 1/2 MILE OR LESS
8 = SMOKE OR HAZE
[NO. OF DAYS WITH] [WEATHER - DAYS WITH] 9 = BLOWING SNOW
X = TORNADO
MAX 32 OR BELOW: 0 0.01 INCH OR MORE: 8
MAX 90 OR ABOVE: 0 0.10 INCH OR MORE: 2
MIN 32 OR BELOW: 0 0.50 INCH OR MORE: 0
MIN 0 OR BELOW: 0 1.00 INCH OR MORE: 0
[HDD (BASE 65) ]
TOTAL THIS MO. 0 CLEAR (SCALE 0-3) 20
DPTR FM NORMAL -39 PTCLDY (SCALE 4-7) 7
TOTAL FM JUL 1 267 CLOUDY (SCALE 8-10) 0
DPTR FM NORMAL -120
[CDD (BASE 65) ]
TOTAL THIS MO. 209
DPTR FM NORMAL 92 [PRESSURE DATA]
TOTAL FM JAN 1 310 HIGHEST SLP M ON M
DPTR FM NORMAL 57 LOWEST SLP 29.72 ON 23
[REMARKS]