000
CXUS54 KEPZ 011130
CF6SRR
PRELIMINARY LOCAL CLIMATOLOGICAL DATA (WS FORM: F-6)
STATION: RUIDOSO AWOS
MONTH: FEBRUARY
YEAR: 2021
LATITUDE: 33 28 N
LONGITUDE: 105 32 W
TEMPERATURE IN F: :PCPN: SNOW: WIND :SUNSHINE: SKY :PK WND
================================================================================
1 2 3 4 5 6A 6B 7 8 9 10 11 12 13 14 15 16 17 18
12Z AVG MX 2MIN
DY MAX MIN AVG DEP HDD CDD WTR SNW DPTH SPD SPD DIR MIN PSBL S-S WX SPD DR
================================================================================
1 52 27 40 M 25 0 0.00 M M 4.6 12 230 M M 0 M M
2 61 39 50 M 15 0 0.06 M M 9.7 20 310 M M 0 28 310
3 63 39 51 M 14 0 0.00 M M 10.8 27 260 M M 0 41 260
4 54 39 47 M 18 0 0.00 M M 14.2 21 250 M M 2 38 260
5 54 28 41 M 24 0 0.00 M M 13.6 21 310 M M 0 37 300
6 48 32 40 M 25 0 0.00 M M 14.3 24 310 M M 0 43 300
7 59 32 46 M 19 0 0.00 M M 7.5 18 320 M M 0 29 310
8 61 37 49 M 16 0 0.00 M M 10.5 18 270 M M 0 31 270
9 59 37 48 M 17 0 0.00 M M 9.4 21 230 M M 0 28 230
10 57 37 47 M 18 0 0.00 M M 5.1 14 280 M M 2 21 190
11 55 28 42 M 23 0 0.00 M M 9.0 18 330 M M 0 25 330
12 45 19 32 M 33 0 0.00 M M 7.0 13 210 M M 3 1 30 250
13 46 10 28 M 37 0 M M M 9.0 21 150 M M 4 2 24 140
14 10 -6 2 M 63 0 0.00 M M 9.7 16 110 M M 10 8 32 M
15 32 -4 14 M 51 0 0.00 M M 8.8 15 300 M M 7 20 300
16 36 25 31 M 34 0 0.01 M M 15.7 21 300 M M 6 31 270
17 32 19 26 M 39 0 0.00 M M 8.8 17 300 M M 5 23 310
18 30 16 23 M 42 0 0.00 M M 4.7 9 280 M M 6 12 M M
19 43 18 31 M 34 0 0.00 M M 8.4 21 300 M M 0 29 300
20 54 32 43 M 22 0 0.00 M M 14.0 31 220 M M 0 43 240
21 48 32 40 M 25 0 0.00 M M 15.7 27 240 M M 0 37 320
22 50 32 41 M 24 0 0.00 M M 13.2 23 320 M M 0 32 320
23 63 34 49 M 16 0 0.00 M M 10.3 22 280 M M 0 33 280
24 55 32 44 M 21 0 0.00 M M 11.0 18 230 M M 0 31 120
25 39 25 32 M 33 0 0.00 M M 8.0 15 130 M M 1 22 120
26 54 23 39 M 26 0 0.00 M M 9.1 21 300 M M 0 36 300
27 55 32 44 M 21 0 0.00 M M 23.4 30 220 M M 0 43 230
28 43 28 36 M 29 0 0.00 M M 13.8 22 240 M M 3 28 130
================================================================================
SM 1358 742 764 0 0.07 M 299.3 M 49
================================================================================
AV 48.5 26.5 10.7 FASTST M M 2 MAX(MPH)
MISC ----> 31 220 43 240
================================================================================
NOTES:
# LAST OF SEVERAL OCCURRENCES
COLUMN 17 PEAK WIND IN M.P.H.
PRELIMINARY LOCAL CLIMATOLOGICAL DATA (WS FORM: F-6) , PAGE 2
STATION: RUIDOSO AWOS
MONTH: FEBRUARY
YEAR: 2021
LATITUDE: 33 28 N
LONGITUDE: 105 32 W
[TEMPERATURE DATA] [PRECIPITATION DATA] SYMBOLS USED IN COLUMN 16
AVERAGE MONTHLY: 37.5 TOTAL FOR MONTH: 0.07 1 = FOG OR MIST
DPTR FM NORMAL: 0.0 DPTR FM NORMAL: 0.07 2 = FOG REDUCING VISIBILITY
HIGHEST: 63 ON 23, 3 GRTST 24HR 0.06 ON 2- 2 TO 1/4 MILE OR LESS
LOWEST: -6 ON 14 3 = THUNDER
SNOW, ICE PELLETS, HAIL 4 = ICE PELLETS
TOTAL MONTH: M 5 = HAIL
GRTST 24HR M ON M 6 = FREEZING RAIN OR DRIZZLE
GRTST DEPTH: M ON M 7 = DUSTSTORM OR SANDSTORM:
VSBY 1/2 MILE OR LESS
8 = SMOKE OR HAZE
[NO. OF DAYS WITH] [WEATHER - DAYS WITH] 9 = BLOWING SNOW
X = TORNADO
MAX 32 OR BELOW: 4 0.01 INCH OR MORE: 2
MAX 90 OR ABOVE: 0 0.10 INCH OR MORE: 0
MIN 32 OR BELOW: 21 0.50 INCH OR MORE: 0
MIN 0 OR BELOW: 2 1.00 INCH OR MORE: 0
[HDD (BASE 65) ]
TOTAL THIS MO. 764 CLEAR (SCALE 0-3) 22
DPTR FM NORMAL M PTCLDY (SCALE 4-7) 5
TOTAL FM JUL 1 3403 CLOUDY (SCALE 8-10) 1
DPTR FM NORMAL M
[CDD (BASE 65) ]
TOTAL THIS MO. 0
DPTR FM NORMAL M [PRESSURE DATA]
TOTAL FM JAN 1 0 HIGHEST SLP M ON M
DPTR FM NORMAL M LOWEST SLP M ON M
[REMARKS]
#FINAL-02-21#