000
CXUS54 KEWX 011010
CF6SSF
PRELIMINARY LOCAL CLIMATOLOGICAL DATA (WS FORM: F-6)
STATION: SAN ANTONIO STINSON FIELD
MONTH: SEPTEMBER
YEAR: 2021
LATITUDE: 29 19 N
LONGITUDE: 98 29 W
TEMPERATURE IN F: :PCPN: SNOW: WIND :SUNSHINE: SKY :PK WND
================================================================================
1 2 3 4 5 6A 6B 7 8 9 10 11 12 13 14 15 16 17 18
12Z AVG MX 2MIN
DY MAX MIN AVG DEP HDD CDD WTR SNW DPTH SPD SPD DIR MIN PSBL S-S WX SPD DR
================================================================================
1 102 81 92 8 0 27 0.00 M M 8.0 17 140 M M 5 1 23 140
2 101 81 91 7 0 26 0.00 M M 7.7 20 120 M M 5 29 110
3 100 80 90 6 0 25 0.00 M M 7.5 20 140 M M 4 25 130
4 100 80 90 6 0 25 0.00 M M 7.0 15 150 M M 5 22 140
5 102 74 88 4 0 23 0.00 M M 4.6 13 220 M M 0 20 240
6 103 76 90 6 0 25 0.06 M M 3.7 22 340 M M 2 3 34 320
7 99 75 87 4 0 22 0.00 M M 3.8 15 140 M M 1 19 140
8 101 75 88 5 0 23 0.00 M M 4.7 17 70 M M 0 25 70
9 99 71 85 2 0 20 0.00 M M 5.7 16 30 M M 0 22 50
10 97 70 84 1 0 19 0.00 M M 5.1 14 130 M M 0 21 130
11 95 68 82 0 0 17 0.00 M M 5.0 15 120 M M 0 20 100
12 96 77 87 5 0 22 0.00 M M 6.0 14 170 M M 3 22 120
13 90 77 84 2 0 19 0.01 M M 8.7 21 100 M M 8 27 110
14 96 71 84 2 0 19 0.00 M M 7.9 16 50 M M 2 22 70
15 92 73 83 2 0 18 0.00 M M 5.7 14 10 M M 4 20 10
16 95 69 82 1 0 17 0.00 M M 2.6 10 20 M M 1 16 30
17 101 72 87 6 0 22 0.00 M M 3.6 10 140 M M 1 15 100
18 101 75 88 7 0 23 0.00 M M 3.0 13 70 M M 2 19 80
19 101 73 87 7 0 22 0.00 M M 3.1 16 160 M M 1 23 160
20 104 73 89 9 0 24 0.00 M M 6.7 16 140 M M 1 23 140
21 102 80 91 11 0 26 0.00 M M 8.6 22 20 M M 4 34 50
22 91 64 78 -2 0 13 0.00 M M 10.5 23 20 M M 2 35 30
23 92 56 74 -6 0 9 0.00 M M 3.6 12 110 M M 0 15 70
24 91 59 75 -4 0 10 0.00 M M 3.7 13 130 M M 0 19 130
25 93 64 79 0 0 14 0.00 M M 3.3 15 100 M M 0 19 110
26 93 60 77 -2 0 12 0.00 M M 4.0 14 170 M M 0 20 150
27 96 67 82 4 0 17 0.00 M M 4.0 13 160 M M 1 18 160
28 100 78 89 11 0 24 0.40 M M 6.5 22 130 M M 4 13 29 110
29 92 70 81 3 0 16 0.53 M M 7.6 26 130 M M 4 13 35 140
30 96 77 87 9 0 22 0.00 M M 5.9 25 130 M M 6 33 130
================================================================================
SM 2921 2166 0 601 1.00 M 167.8 M 66
================================================================================
AV 97.4 72.2 5.6 FASTST M M 2 MAX(MPH)
MISC ----> 26 130 # 35 30
================================================================================
NOTES:
# LAST OF SEVERAL OCCURRENCES
COLUMN 17 PEAK WIND IN M.P.H.
PRELIMINARY LOCAL CLIMATOLOGICAL DATA (WS FORM: F-6) , PAGE 2
STATION: SAN ANTONIO STINSON FIELD
MONTH: SEPTEMBER
YEAR: 2021
LATITUDE: 29 19 N
LONGITUDE: 98 29 W
[TEMPERATURE DATA] [PRECIPITATION DATA] SYMBOLS USED IN COLUMN 16
AVERAGE MONTHLY: 84.8 TOTAL FOR MONTH: 1.00 1 = FOG OR MIST
DPTR FM NORMAL: 3.5 DPTR FM NORMAL: -2.15 2 = FOG REDUCING VISIBILITY
HIGHEST: 104 ON 20 GRTST 24HR 0.93 ON 28-29 TO 1/4 MILE OR LESS
LOWEST: 56 ON 23 3 = THUNDER
SNOW, ICE PELLETS, HAIL 4 = ICE PELLETS
TOTAL MONTH: M 5 = HAIL
GRTST 24HR M ON M 6 = FREEZING RAIN OR DRIZZLE
GRTST DEPTH: M ON M 7 = DUSTSTORM OR SANDSTORM:
VSBY 1/2 MILE OR LESS
8 = SMOKE OR HAZE
[NO. OF DAYS WITH] [WEATHER - DAYS WITH] 9 = BLOWING SNOW
X = TORNADO
MAX 32 OR BELOW: 0 0.01 INCH OR MORE: 4
MAX 90 OR ABOVE: 30 0.10 INCH OR MORE: 2
MIN 32 OR BELOW: 0 0.50 INCH OR MORE: 1
MIN 0 OR BELOW: 0 1.00 INCH OR MORE: 0
[HDD (BASE 65) ]
TOTAL THIS MO. 0 CLEAR (SCALE 0-3) 19
DPTR FM NORMAL 0 PTCLDY (SCALE 4-7) 11
TOTAL FM JUL 1 0 CLOUDY (SCALE 8-10) 0
DPTR FM NORMAL 0
[CDD (BASE 65) ]
TOTAL THIS MO. 601
DPTR FM NORMAL 113 [PRESSURE DATA]
TOTAL FM JAN 1 3207 HIGHEST SLP 30.28 ON 22
DPTR FM NORMAL 87 LOWEST SLP 29.65 ON 28
[REMARKS]
#FINAL-09-21#