000
CXUS54 KEWX 011010
CF6SSF
PRELIMINARY LOCAL CLIMATOLOGICAL DATA (WS FORM: F-6)
STATION: SAN ANTONIO STINSON FIELD
MONTH: JULY
YEAR: 2021
LATITUDE: 29 19 N
LONGITUDE: 98 29 W
TEMPERATURE IN F: :PCPN: SNOW: WIND :SUNSHINE: SKY :PK WND
================================================================================
1 2 3 4 5 6A 6B 7 8 9 10 11 12 13 14 15 16 17 18
12Z AVG MX 2MIN
DY MAX MIN AVG DEP HDD CDD WTR SNW DPTH SPD SPD DIR MIN PSBL S-S WX SPD DR
================================================================================
1 94 75 85 0 0 20 0.00 M M 2.9 10 150 M M 2 15 170
2 94 76 85 0 0 20 0.00 M M 3.1 13 120 M M 1 16 120
3 95 77 86 1 0 21 0.00 M M 4.8 16 80 M M 0 24 80
4 94 79 87 2 0 22 0.14 M M 5.8 23 100 M M 5 1 33 100
5 93 77 85 0 0 20 0.38 M M 6.4 18 110 M M 7 3 25 120
6 87 75 81 -4 0 16 1.12 M M 6.6 21 130 M M 8 13 30 110
7 85 76 81 -4 0 16 0.05 M M 9.3 20 110 M M 8 30 70
8 88 76 82 -3 0 17 0.02 M M 9.8 17 80 M M 8 25 80
9 79 75 77 -8 0 12 1.48 M M 7.5 22 110 M M 9 13 33 110
10 90 74 82 -3 0 17 0.39 M M 4.9 22 180 M M 6 13 34 160
11 91 77 84 -1 0 19 0.00 M M 6.8 16 140 M M 6 12 22 170
12 93 77 85 0 0 20 0.00 M M 7.3 15 90 M M 5 23 90
13 91 74 83 -2 0 18 0.20 M M 4.6 30 130 M M 4 3 38 140
14 91 75 83 -3 0 18 0.54 M M 5.2 23 140 M M 4 13 32 130
15 92 75 84 -2 0 19 0.00 M M 6.5 16 170 M M 5 1 22 120
16 93 75 84 -2 0 19 0.00 M M 9.6 17 170 M M 4 26 160
17 93 77 85 -1 0 20 0.00 M M 7.7 15 120 M M 5 21 110
18 94 76 85 -1 0 20 0.00 M M 4.6 9 150 M M 3 13 210
19 95 76 86 0 0 21 0.01 M M 4.3 25 20 M M 4 3 40 30
20 93 75 84 -2 0 19 T M M 5.8 15 360 M M 4 3 26 340
21 91 76 84 -2 0 19 0.00 M M 4.5 18 130 M M 2 27 130
22 90 72 81 -5 0 16 0.75 M M 5.2 28 160 M M 3 13 40 170
23 94 75 85 -1 0 20 0.00 M M 10.1 18 160 M M 4 30 170
24 96 76 86 0 0 21 0.00 M M 8.7 16 150 M M 5 23 140
25 96 76 86 0 0 21 0.00 M M 6.3 14 150 M M 2 19 160
26 95 76 86 -1 0 21 0.00 M M 4.9 10 150 M M 2 16 120
27 96 74 85 -2 0 20 0.00 M M 4.3 10 150 M M 2 14 240
28 95 75 85 -2 0 20 0.00 M M 4.7 14 130 M M 0 21 150
29 96 76 86 -1 0 21 0.00 M M 4.6 18 80 M M 1 8 27 80
30 96 73 85 -2 0 20 0.00 M M 3.6 10 120 M M 1 15 130
31 97 77 87 0 0 22 0.00 M M 4.7 14 140 M M 3 18 150
================================================================================
SM 2867 2343 0 595 5.08 M 185.1 M 123
================================================================================
AV 92.5 75.6 6.0 FASTST M M 4 MAX(MPH)
MISC ----> 30 130 # 40 30
================================================================================
NOTES:
# LAST OF SEVERAL OCCURRENCES
COLUMN 17 PEAK WIND IN M.P.H.
PRELIMINARY LOCAL CLIMATOLOGICAL DATA (WS FORM: F-6) , PAGE 2
STATION: SAN ANTONIO STINSON FIELD
MONTH: JULY
YEAR: 2021
LATITUDE: 29 19 N
LONGITUDE: 98 29 W
[TEMPERATURE DATA] [PRECIPITATION DATA] SYMBOLS USED IN COLUMN 16
AVERAGE MONTHLY: 84.0 TOTAL FOR MONTH: 5.08 1 = FOG OR MIST
DPTR FM NORMAL: -1.8 DPTR FM NORMAL: 3.30 2 = FOG REDUCING VISIBILITY
HIGHEST: 97 ON 31 GRTST 24HR 1.50 ON 5- 6 TO 1/4 MILE OR LESS
LOWEST: 72 ON 22 3 = THUNDER
SNOW, ICE PELLETS, HAIL 4 = ICE PELLETS
TOTAL MONTH: 0.0 INCH 5 = HAIL
GRTST 24HR M ON M 6 = FREEZING RAIN OR DRIZZLE
GRTST DEPTH: 0 7 = DUSTSTORM OR SANDSTORM:
VSBY 1/2 MILE OR LESS
8 = SMOKE OR HAZE
[NO. OF DAYS WITH] [WEATHER - DAYS WITH] 9 = BLOWING SNOW
X = TORNADO
MAX 32 OR BELOW: 0 0.01 INCH OR MORE: 11
MAX 90 OR ABOVE: 27 0.10 INCH OR MORE: 8
MIN 32 OR BELOW: 0 0.50 INCH OR MORE: 4
MIN 0 OR BELOW: 0 1.00 INCH OR MORE: 2
[HDD (BASE 65) ]
TOTAL THIS MO. 0 CLEAR (SCALE 0-3) 12
DPTR FM NORMAL 0 PTCLDY (SCALE 4-7) 16
TOTAL FM JUL 1 0 CLOUDY (SCALE 8-10) 3
DPTR FM NORMAL 0
[CDD (BASE 65) ]
TOTAL THIS MO. 595
DPTR FM NORMAL -48 [PRESSURE DATA]
TOTAL FM JAN 1 1930 HIGHEST SLP 30.15 ON 14
DPTR FM NORMAL -34 LOWEST SLP 29.80 ON 8
[REMARKS]
#FINAL-07-21#