000
CXUS53 KGRB 240647
CF6STE
PRELIMINARY LOCAL CLIMATOLOGICAL DATA (WS FORM: F-6)
STATION: STEVENS POINT WI
MONTH: JUNE
YEAR: 2022
LATITUDE: 44 32 N
LONGITUDE: 89 32 W
TEMPERATURE IN F: :PCPN: SNOW: WIND :SUNSHINE: SKY :PK WND
================================================================================
1 2 3 4 5 6A 6B 7 8 9 10 11 12 13 14 15 16 17 18
12Z AVG MX 2MIN
DY MAX MIN AVG DEP HDD CDD WTR SNW DPTH SPD SPD DIR MIN PSBL S-S WX SPD DR
================================================================================
1 72 54 63 M 2 0 M M M 7.0 12 310 M M 2 18 300
2 77 43 60 M 5 0 M M M 5.9 17 320 M M 2 24 320
3 68 44 56 M 9 0 M M M 7.1 16 270 M M 0 28 270
4 71 37 54 M 11 0 M M M 5.5 14 220 M M 0 20 200
5 64 44 54 M 11 0 0.31 M M 2.1 6 90 M M 10 12 M M
6 69 54 62 M 3 0 0.47 M M 6.0 14 40 M M 8 1 20 40
7 74 51 63 M 2 0 M M M 2.2 9 260 M M 6 1 M M
8 70 53 62 M 3 0 0.04 M M 2.0 6 50 M M 7 M M
9 77 50 64 M 1 0 M M M 4.6 14 320 M M 4 12 22 320
10 80 49 65 M 0 0 M M M 2.9 10 330 M M 3 M M
11 68 55 62 M 3 0 0.22 M M 3.3 8 210 M M 8 M M
12 74 56 65 M 0 0 0.01 M M 6.4 10 110 M M 3 16 110
13 70 54 62 M 3 0 0.22 M M 7.4 14 110 M M 7 1 20 80
14 96 64 80 M 0 15 M M M 10.1 18 190 M M 4 1 24 170
15 90 58 74 M 0 9 0.70 M M 7.3 17 150 M M 4 32 270
16 81 58 70 M 0 5 M M M 11.0 21 260 M M 2 1 37 270
17 82 57 70 M 0 5 M M M 8.1 16 330 M M 0 23 320
18 75 48 62 M 3 0 M M M 4.9 9 120 M M 0 M M
19 83 54 69 M 0 4 M M M 7.0 14 200 M M 3 21 200
20 95 62 79 M 0 14 M M M 9.0 17 210 M M 0 23 210
21 93 70 82 M 0 17 M M M 8.3 14 270 M M 1 25 270
22 82 56 69 M 0 4 M M M 6.9 14 270 M M 0 23 300
23 88 51 70 M 0 5 M M M 5.7 13 210 M M 0 22 210
================================================================================
SM 1799 1222 56 78 1.97 M 140.7 M 74
================================================================================
AV 78.2 53.1 6.1 FASTST M M 3 MAX(MPH)
MISC ----> 21 260 37 270
================================================================================
NOTES:
# LAST OF SEVERAL OCCURRENCES
COLUMN 17 PEAK WIND IN M.P.H.
PRELIMINARY LOCAL CLIMATOLOGICAL DATA (WS FORM: F-6) , PAGE 2
STATION: STEVENS POINT WI
MONTH: JUNE
YEAR: 2022
LATITUDE: 44 32 N
LONGITUDE: 89 32 W
[TEMPERATURE DATA] [PRECIPITATION DATA] SYMBOLS USED IN COLUMN 16
AVERAGE MONTHLY: 65.7 TOTAL FOR MONTH: 1.97 1 = FOG OR MIST
DPTR FM NORMAL: 0.0 DPTR FM NORMAL: 1.97 2 = FOG REDUCING VISIBILITY
HIGHEST: 96 ON 14 GRTST 24HR 0.70 ON 15-15 TO 1/4 MILE OR LESS
LOWEST: 37 ON 4 3 = THUNDER
SNOW, ICE PELLETS, HAIL 4 = ICE PELLETS
TOTAL MONTH: M 5 = HAIL
GRTST 24HR M ON M 6 = FREEZING RAIN OR DRIZZLE
GRTST DEPTH: M ON M 7 = DUSTSTORM OR SANDSTORM:
VSBY 1/2 MILE OR LESS
8 = SMOKE OR HAZE
[NO. OF DAYS WITH] [WEATHER - DAYS WITH] 9 = BLOWING SNOW
X = TORNADO
MAX 32 OR BELOW: 0 0.01 INCH OR MORE: 7
MAX 90 OR ABOVE: 4 0.10 INCH OR MORE: 5
MIN 32 OR BELOW: 0 0.50 INCH OR MORE: 1
MIN 0 OR BELOW: 0 1.00 INCH OR MORE: 0
[HDD (BASE 65) ]
TOTAL THIS MO. 56 CLEAR (SCALE 0-3) 12
DPTR FM NORMAL M PTCLDY (SCALE 4-7) 9
TOTAL FM JUL 1 7824 CLOUDY (SCALE 8-10) 2
DPTR FM NORMAL 7566
[CDD (BASE 65) ]
TOTAL THIS MO. 78
DPTR FM NORMAL M [PRESSURE DATA]
TOTAL FM JAN 1 156 HIGHEST SLP M ON M
DPTR FM NORMAL 156 LOWEST SLP M ON M
[REMARKS]