000
CXUS53 KEAX 011345
CLMSTJ
CLIMATE REPORT
NATIONAL WEATHER SERVICE KANSAS CITY/PLEASANT HILL MO
743 AM CST FRI MAR 01 2024
...................................
...THE ST. JOSEPH MO CLIMATE SUMMARY FOR THE MONTH OF FEBRUARY 2024...
CLIMATE NORMAL PERIOD: 1991 TO 2020
CLIMATE RECORD PERIOD: 1892 TO 2024
WEATHER OBSERVED NORMAL DEPART LAST YEAR`S
VALUE DATE(S) VALUE FROM VALUE DATE(S)
NORMAL
................................................................
TEMPERATURE (F)
RECORD
HIGH 83 02/24/1930
LOW -23 02/01/1979
HIGHEST 80 02/26 65 15 68 02/06
LOWEST 7 02/17 -2 9 2 02/01
AVG. MAXIMUM 59.1 42.8 16.3 48.3
AVG. MINIMUM 26.2 21.2 5.0 20.0
MEAN 42.7 32.0 10.7 34.2
DAYS MAX >= 90 0 0.0 0.0 0
DAYS MAX <= 32 0 6.9 -6.9 4
DAYS MIN <= 32 21 24.0 -3.0 26
DAYS MIN <= 0 0 1.7 -1.7 0
PRECIPITATION (INCHES)
RECORD
MAXIMUM 3.87 1985
MINIMUM 0.01 2022
TOTALS 0.12 0.95 -0.83 3.50
DAILY AVG. 0.00 NAN NAN 0.13
DAYS >= .01 2 5.6 -3.6 8
DAYS >= .10 1 2.6 -1.6 5
DAYS >= .50 0 0.5 -0.5 2
DAYS >= 1.00 0 0.0 0.0 1
GREATEST
24 HR. TOTAL 0.11 02/14 TO 02/14
DEGREE DAYS
HEATING TOTAL 640 924 -284 856
SINCE 7/1 3599 4293 -694 MM
COOLING TOTAL 0 0 0 0
SINCE 1/1 0 0 0 MM
................................................................
WIND (MPH)
AVERAGE WIND SPEED 9.0
HIGHEST WIND SPEED/DIRECTION 36/340 DATE 02/27
HIGHEST GUST SPEED/DIRECTION 50/340 DATE 02/27
SKY COVER
POSSIBLE SUNSHINE (PERCENT) MM
AVERAGE SKY COVER 0.15
NUMBER OF DAYS FAIR 25
NUMBER OF DAYS PC 2
NUMBER OF DAYS CLOUDY 2
AVERAGE RH (PERCENT) 60
WEATHER CONDITIONS. NUMBER OF DAYS WITH
THUNDERSTORM 1 MIXED PRECIP 0
HEAVY RAIN 0 RAIN 1
LIGHT RAIN 1 FREEZING RAIN 0
LT FREEZING RAIN 0 HAIL 0
HEAVY SNOW 0 SNOW 2
LIGHT SNOW 2 SLEET 0
FOG 12 FOG W/VIS <= 1/4 MILE 2
HAZE 5
- INDICATES NEGATIVE NUMBERS.
R INDICATES RECORD WAS SET OR TIED.
MM INDICATES DATA IS MISSING.
T INDICATES TRACE AMOUNT.
$$