000
CXUS56 KMTR 012142
CF6STS
PRELIMINARY LOCAL CLIMATOLOGICAL DATA (WS FORM: F-6)
STATION: SANTA ROSA AIRPORT
MONTH: MARCH
YEAR: 2021
LATITUDE: 38 30 N
LONGITUDE: 122 49 W
TEMPERATURE IN F: :PCPN: SNOW: WIND :SUNSHINE: SKY :PK WND
================================================================================
1 2 3 4 5 6A 6B 7 8 9 10 11 12 13 14 15 16 17 18
12Z AVG MX 2MIN
DY MAX MIN AVG DEP HDD CDD WTR SNW DPTH SPD SPD DIR MIN PSBL S-S WX SPD DR
================================================================================
1 66 32 49 -3 16 0 0.00 M M 5.5 20 170 M M 0 23 160
2 66 32 49 -3 16 0 0.00 M M 4.0 12 340 M M 2 12 180
3 67 34 51 -1 14 0 0.00 M M 5.5 16 140 M M 4 8 19 140
4 60 40 50 -2 15 0 0.00 M M 3.6 10 180 M M 5 1 16 260
5 63 35 49 -3 16 0 0.25 M M 5.6 24 300 M M 7 1 29 310
6 61 37 49 -3 16 0 0.02 M M 3.0 14 250 M M 4 1 16 250
7 63 31 47 -5 18 0 0.00 M M 1.9 10 240 M M 2 1 13 240
8 55 33 44 -8 21 0 0.14 M M 4.6 18 220 M M 7 12 24 220
9 54 38 46 -6 19 0 0.40 M M 5.0 20 220 M M 9 12 32 230
10 51 38 45 -7 20 0 0.37 M M 3.4 20 260 M M 8 18 25 250
11 59 34 47 -6 18 0 0.00 M M 4.9 15 250 M M 4 1 20 260
12 72 34 53 0 12 0 0.00 M M 6.1 15 10 M M 0 23 20
13 62 36 49 -4 16 0 0.00 M M 4.1 13 230 M M 4 1 16 220
14 52 39 46 -7 19 0 0.40 M M 5.1 14 160 M M 9 18 20 150
15 57 34 46 -7 19 0 0.00 M M 8.6 24 320 M M 4 33 310
16 59 30 45 -8 20 0 0.00 M M 3.5 14 180 M M 1 18 170
17 54 32 43 -10 22 0 0.00 M M 3.5 12 220 M M 6 14 190
18 52 44 48 -5 17 0 1.06 M M 3.5 13 180 M M 10 1 17 190
19 60 41 51 -2 14 0 0.01 M M 5.1 16 250 M M 6 12 20 250
20 62 32 47 -6 18 0 0.00 M M 6.1 18 250 M M 2 1 22 260
21 70 34 52 -1 13 0 0.00 M M 5.3 14 360 M M 0 20 10
22 66 36 51 -2 14 0 0.00 M M 8.9 21 290 M M 3 1 28 310
23 68 42 55 2 10 0 0.00 M M 12.6 25 50 M M 0 33 40
24 70 36 53 0 12 0 0.00 M M 7.6 22 320 M M 2 29 320
25 67 45 56 3 9 0 0.00 M M 9.4 20 320 M M 1 25 330
26 75 40 58 5 7 0 0.00 M M 6.5 15 180 M M 0 17 180
27 76 35 56 3 9 0 0.00 M M 3.9 14 250 M M 0 18 250
28 75 37 56 2 9 0 0.00 M M 3.4 15 150 M M 0 12 17 140
29 69 38 54 0 11 0 0.00 M M 3.0 10 150 M M 4 12 M M
30 80 35 58 4 7 0 0.00 M M 9.3 25 10 M M 0 32 10
31 82 41 62 8 3 0 0.00 M M 4.0 13 180 M M 0 17 180
================================================================================
SM 1993 1125 450 0 2.65 M 166.5 M 104
================================================================================
AV 64.3 36.3 5.4 FASTST M M 3 MAX(MPH)
MISC ----> # 25 50 # 33 310
================================================================================
NOTES:
# LAST OF SEVERAL OCCURRENCES
COLUMN 17 PEAK WIND IN M.P.H.
PRELIMINARY LOCAL CLIMATOLOGICAL DATA (WS FORM: F-6) , PAGE 2
STATION: SANTA ROSA AIRPORT
MONTH: MARCH
YEAR: 2021
LATITUDE: 38 30 N
LONGITUDE: 122 49 W
[TEMPERATURE DATA] [PRECIPITATION DATA] SYMBOLS USED IN COLUMN 16
AVERAGE MONTHLY: 50.3 TOTAL FOR MONTH: 2.65 1 = FOG OR MIST
DPTR FM NORMAL: -2.5 DPTR FM NORMAL: -2.33 2 = FOG REDUCING VISIBILITY
HIGHEST: 82 ON 31 GRTST 24HR 1.06 ON 18-18 TO 1/4 MILE OR LESS
LOWEST: 30 ON 16 3 = THUNDER
SNOW, ICE PELLETS, HAIL 4 = ICE PELLETS
TOTAL MONTH: M 5 = HAIL
GRTST 24HR M ON M 6 = FREEZING RAIN OR DRIZZLE
GRTST DEPTH: M ON M 7 = DUSTSTORM OR SANDSTORM:
VSBY 1/2 MILE OR LESS
8 = SMOKE OR HAZE
[NO. OF DAYS WITH] [WEATHER - DAYS WITH] 9 = BLOWING SNOW
X = TORNADO
MAX 32 OR BELOW: 0 0.01 INCH OR MORE: 8
MAX 90 OR ABOVE: 0 0.10 INCH OR MORE: 6
MIN 32 OR BELOW: 6 0.50 INCH OR MORE: 1
MIN 0 OR BELOW: 0 1.00 INCH OR MORE: 1
[HDD (BASE 65) ]
TOTAL THIS MO. 450 CLEAR (SCALE 0-3) 16
DPTR FM NORMAL 71 PTCLDY (SCALE 4-7) 11
TOTAL FM JUL 1 2333 CLOUDY (SCALE 8-10) 4
DPTR FM NORMAL -227
[CDD (BASE 65) ]
TOTAL THIS MO. 0
DPTR FM NORMAL -1 [PRESSURE DATA]
TOTAL FM JAN 1 0 HIGHEST SLP 30.30 ON 20
DPTR FM NORMAL -1 LOWEST SLP 29.72 ON 3
[REMARKS]
#FINAL-03-21#