000
CXUS53 KGRB 010715
CF6SUE
PRELIMINARY LOCAL CLIMATOLOGICAL DATA (WS FORM: F-6)
STATION: STURGEON BAY WI
MONTH: AUGUST
YEAR: 2019
LATITUDE: 44 55 N
LONGITUDE: 87 25 W
TEMPERATURE IN F: :PCPN: SNOW: WIND :SUNSHINE: SKY :PK WND
================================================================================
1 2 3 4 5 6A 6B 7 8 9 10 11 12 13 14 15 16 17 18
12Z AVG MX 2MIN
DY MAX MIN AVG DEP HDD CDD WTR SNW DPTH SPD SPD DIR MIN PSBL S-S WX SPD DR
================================================================================
1 76 52 64 M 1 0 0.00 0.0 0 2.7 9 140 M M 0 M M
2 81 58 70 M 0 5 0.00 0.0 0 5.4 12 170 M M 0 M M
3 82 63 73 M 0 8 0.00 0.0 0 3.0 8 330 M M 1 8 M M
4 78 61 70 M 0 5 0.00 0.0 0 5.6 8 20 M M 0 M M
5 85 64 75 M 0 10 0.37 0.0 0 7.6 12 230 M M 1 13 M M
6 77 64 71 M 0 6 0.00 0.0 0 5.1 8 330 M M 6 M M
7 82 62 72 M 0 7 1.02 0.0 0 6.4 14 170 M M 3 13 22 230
8 74 63 69 M 0 4 0.00 0.0 0 8.5 13 320 M M 1 18 280
9 76 61 69 M 0 4 0.00 0.0 0 6.8 13 280 M M 0 M M
10 78 56 67 M 0 2 0.00 0.0 0 4.9 12 170 M M 0 M M
11 75 62 69 M 0 4 0.00 0.0 0 3.9 8 140 M M 7 1 M M
12 76 62 69 M 0 4 0.00 0.0 0 4.0 8 40 M M 6 12 M M
13 71 62 67 M 0 2 T 0.0 0 7.4 15 10 M M 9 23 10
14 71 59 65 M 0 0 0.00 0.0 0 7.1 13 50 M M 7 17 50
15 74 55 65 M 0 0 0.00 0.0 0 4.4 8 120 M M 2 M M
16 73 60 67 M 0 2 0.07 0.0 0 9.0 16 160 M M 5 1 23 180
17 79 58 69 M 0 4 0.01 0.0 0 5.4 13 180 M M 1 12 M M
18 77 61 69 M 0 4 T 0.0 0 10.6 22 230 M M 6 1 30 250
19 75 55 65 M 0 0 0.00 0.0 0 3.9 8 180 M M 1 1 M M
20 79 57 68 M 0 3 0.00 0.0 0 4.9 13 180 M M 0 M M
21 76 60 68 M 0 3 0.00 0.0 0 7.6 13 360 M M 4 M M
22 67 53 60 M 5 0 T 0.0 0 3.6 10 360 M M 7 M M
23 69 52 61 M 4 0 0.00 0.0 0 6.3 12 10 M M 2 M M
24 69 51 60 M 5 0 0.00 0.0 0 5.2 10 130 M M 1 1 M M
25 71 56 64 M 1 0 0.00 0.0 0 6.8 13 150 M M 3 18 150
26 66 63 65 M 0 0 0.90 0.0 0 6.5 10 120 M M 7 1 M M
27 75 58 67 M 0 2 0.03 0.0 0 11.4 16 250 M M 5 3 22 250
28 64 54 59 M 6 0 0.00 0.0 0 11.8 22 260 M M 6 30 250
29 73 52 63 M 2 0 0.02 0.0 0 8.5 15 260 M M 2 27 260
30 70 54 62 M 3 0 0.00 0.0 0 6.2 14 300 M M 1 18 300
31 69 50 60 M 5 0 0.00 0.0 0 3.2 12 170 M M 0 M M
================================================================================
SM 2308 1798 32 79 2.42 0.0 193.7 M 94
================================================================================
AV 74.5 58.0 6.2 FASTST M M 3 MAX(MPH)
MISC ----> # 22 230 # 30 250
================================================================================
NOTES:
# LAST OF SEVERAL OCCURRENCES
COLUMN 17 PEAK WIND IN M.P.H.
PRELIMINARY LOCAL CLIMATOLOGICAL DATA (WS FORM: F-6) , PAGE 2
STATION: STURGEON BAY WI
MONTH: AUGUST
YEAR: 2019
LATITUDE: 44 55 N
LONGITUDE: 87 25 W
[TEMPERATURE DATA] [PRECIPITATION DATA] SYMBOLS USED IN COLUMN 16
AVERAGE MONTHLY: 66.2 TOTAL FOR MONTH: 2.42 1 = FOG OR MIST
DPTR FM NORMAL: M DPTR FM NORMAL: M 2 = FOG REDUCING VISIBILITY
HIGHEST: 85 ON 5 GRTST 24HR 1.02 ON 7- 7 TO 1/4 MILE OR LESS
LOWEST: 50 ON 31 3 = THUNDER
SNOW, ICE PELLETS, HAIL 4 = ICE PELLETS
TOTAL MONTH: 0.0 INCH 5 = HAIL
GRTST 24HR 0.0 6 = FREEZING RAIN OR DRIZZLE
GRTST DEPTH: 0 7 = DUSTSTORM OR SANDSTORM:
VSBY 1/2 MILE OR LESS
8 = SMOKE OR HAZE
[NO. OF DAYS WITH] [WEATHER - DAYS WITH] 9 = BLOWING SNOW
X = TORNADO
MAX 32 OR BELOW: 0 0.01 INCH OR MORE: 7
MAX 90 OR ABOVE: 0 0.10 INCH OR MORE: 3
MIN 32 OR BELOW: 0 0.50 INCH OR MORE: 2
MIN 0 OR BELOW: 0 1.00 INCH OR MORE: 1
[HDD (BASE 65) ]
TOTAL THIS MO. 32 CLEAR (SCALE 0-3) 18
DPTR FM NORMAL M PTCLDY (SCALE 4-7) 12
TOTAL FM JUL 1 38 CLOUDY (SCALE 8-10) 1
DPTR FM NORMAL M
[CDD (BASE 65) ]
TOTAL THIS MO. 79
DPTR FM NORMAL M [PRESSURE DATA]
TOTAL FM JAN 1 299 HIGHEST SLP M ON M
DPTR FM NORMAL 299 LOWEST SLP M ON M
[REMARKS]
#FINAL-08-19#