000
CXUS54 KOUN 010810
CF6SWO
PRELIMINARY LOCAL CLIMATOLOGICAL DATA (WS FORM: F-6)
STATION: STILLWATER
MONTH: AUGUST
YEAR: 2023
LATITUDE: 36 10 N
LONGITUDE: 97 5 W
TEMPERATURE IN F: :PCPN: SNOW: WIND :SUNSHINE: SKY :PK WND
================================================================================
1 2 3 4 5 6A 6B 7 8 9 10 11 12 13 14 15 16 17 18
12Z AVG MX 2MIN
DY MAX MIN AVG DEP HDD CDD WTR SNW DPTH SPD SPD DIR MIN PSBL S-S WX SPD DR
================================================================================
1 104 80 92 7 0 27 0.00 M M 11.5 20 180 M M 0 26 170
2 106 81 94 9 0 29 0.00 M M 12.5 23 190 M M 0 29 200
3 107 79 93 9 0 28 0.00 M M 11.5 20 210 M M 0 27 230
4 103 82 93 9 0 28 0.00 M M 5.4 16 360 M M 0 21 330
5 86 73 80 -4 0 15 0.17 M M 9.1 26 20 M M 4 13 38 350
6 90 71 81 -3 0 16 0.83 M M 6.9 31 360 M M 3 13 38 360
7 90 67 79 -5 0 14 0.53 M M 4.9 18 340 M M 3 13 28 330
8 89 70 80 -4 0 15 0.48 M M 8.9 28 10 M M 3 13 38 10
9 94 75 85 1 0 20 T M M 8.6 22 170 M M 2 3 27 180
10 93 71 82 -2 0 17 0.00 M M 3.9 12 40 M M 1 12 14 120
11 100 76 88 4 0 23 0.00 M M 7.7 16 170 M M 0 3 21 170
12 96 79 88 4 0 23 T M M 6.6 18 190 M M 0 26 200
13 97 71 84 0 0 19 2.20 M M 8.2 30 300 M M 3 13 37 300
14 86 66 76 -7 0 11 M 0.0 M 7.9 18 320 M M 1 3 27 330
15 87 61 74 -9 0 9 0.00 0.0 M 4.0 15 10 M M 0 19 360
16 89 62 76 -7 0 11 0.00 0.0 M 8.3 17 140 M M 0 22 150
17 94 69 82 -1 0 17 0.00 M M 7.8 15 50 M M 0 19 200
18 95 68 82 -1 0 17 0.00 M M 7.4 13 140 M M 0 16 130
19 102 74 88 5 0 23 0.00 M M 5.4 13 170 M M 0 14 170
20 106 72 89 7 0 24 0.00 M M 3.1 9 110 M M 0 11 110
21 104 73 89 7 0 24 0.00 M M 2.1 9 80 M M 0 12 90
22 100 76 88 6 0 23 0.00 M M 4.3 12 100 M M 0 8 17 140
23 99 76 88 6 0 23 0.00 M M 6.4 13 110 M M 0 17 160
24 101 M M M M M 0.00 M M 6.2 14 220 M M 0 18 170
25 105 78 92 11 0 27 0.00 M M 6.6 13 130 M M 0 18 150
26 96 79 88 7 0 23 0.00 M M 9.3 20 90 M M 2 25 100
27 93 69 81 0 0 16 T M M 8.2 16 20 M M 3 20 40
28 90 63 77 -3 0 12 0.00 M M 5.9 16 30 M M 0 22 30
29 95 61 78 -2 0 13 0.00 M M 2.7 15 40 M M 0 20 20
30 93 67 80 0 0 15 0.00 M M 6.2 14 60 M M 0 20 10
31 92 62 77 -3 0 12 0.00 M M 6.2 14 130 M M 0 19 150
================================================================================
SM 2982 2151 0 574 4.21 0.0 213.7 M 25
================================================================================
AV 96.2 71.7 6.9 FASTST M M 1 MAX(MPH)
MISC ----> 31 360 # 38 350
================================================================================
NOTES:
# LAST OF SEVERAL OCCURRENCES
COLUMN 17 PEAK WIND IN M.P.H.
PRELIMINARY LOCAL CLIMATOLOGICAL DATA (WS FORM: F-6) , PAGE 2
STATION: STILLWATER
MONTH: AUGUST
YEAR: 2023
LATITUDE: 36 10 N
LONGITUDE: 97 5 W
[TEMPERATURE DATA] [PRECIPITATION DATA] SYMBOLS USED IN COLUMN 16
AVERAGE MONTHLY: 83.9 TOTAL FOR MONTH: 4.21 1 = FOG OR MIST
DPTR FM NORMAL: 1.2 DPTR FM NORMAL: 0.93 2 = FOG REDUCING VISIBILITY
HIGHEST: 107 ON 3 GRTST 24HR 2.20 ON 13-13 TO 1/4 MILE OR LESS
LOWEST: 61 ON 29,15 3 = THUNDER
SNOW, ICE PELLETS, HAIL 4 = ICE PELLETS
TOTAL MONTH: 0.0 INCH 5 = HAIL
GRTST 24HR 0.0 6 = FREEZING RAIN OR DRIZZLE
GRTST DEPTH: 0 7 = DUSTSTORM OR SANDSTORM:
VSBY 1/2 MILE OR LESS
8 = SMOKE OR HAZE
[NO. OF DAYS WITH] [WEATHER - DAYS WITH] 9 = BLOWING SNOW
X = TORNADO
MAX 32 OR BELOW: 0 0.01 INCH OR MORE: 5
MAX 90 OR ABOVE: 26 0.10 INCH OR MORE: 5
MIN 32 OR BELOW: 0 0.50 INCH OR MORE: 3
MIN 0 OR BELOW: 0 1.00 INCH OR MORE: 1
[HDD (BASE 65) ]
TOTAL THIS MO. 0 CLEAR (SCALE 0-3) 28
DPTR FM NORMAL 0 PTCLDY (SCALE 4-7) 3
TOTAL FM JUL 1 0 CLOUDY (SCALE 8-10) 0
DPTR FM NORMAL 0
[CDD (BASE 65) ]
TOTAL THIS MO. 574
DPTR FM NORMAL 24 [PRESSURE DATA]
TOTAL FM JAN 1 1790 HIGHEST SLP M ON M
DPTR FM NORMAL -19 LOWEST SLP 29.65 ON 9
[REMARKS]
#FINAL-08-23#