000
CXUS51 KBGM 030316 CCA
CLASYR
CLIMATE REPORT...CORRECTED
NATIONAL WEATHER SERVICE BINGHAMTON, NY
1020 PM EST MON JAN 02 2023
...................................
...THE SYRACUSE NY CLIMATE SUMMARY FOR THE YEAR OF 2022...
CLIMATE NORMAL PERIOD 1991 TO 2020
CLIMATE RECORD PERIOD 1902 TO 2022
WEATHER OBSERVED NORMAL DEPART LAST YEAR`S
VALUE DATE(S) VALUE FROM VALUE DATE(S)
NORMAL
................................................................
TEMPERATURE (F)
RECORD
HIGH 101 07/17/2012
07/21/2011
08/14/2002
LOW -26 02/18/1979
01/26/1966
HIGHEST 95 07/20 57 38 96 06/28
07/23
LOWEST -9 01/22 38 -47 -1 02/12
01/30
AVG. MAXIMUM 60.0 57.6 2.4 60.9
AVG. MINIMUM 40.0 39.4 0.6 43.0
MEAN 50.0 48.5 1.5 52.0
DAYS MAX >= 90 15 10.2 4.8 18
DAYS MAX <= 32 41 46.8 -5.8 36
DAYS MIN <= 32 125 132.5 -7.5 120
DAYS MIN <= 0 12 7.7 4.3 1
PRECIPITATION (INCHES)
RECORD
MAXIMUM 58.17 1976
MINIMUM 27.10 1964
TOTALS 37.08 39.88 -2.80 47.84
DAILY AVG. 0.10 0.11 -0.01 0.13
DAYS >= .01 161 173.7 -12.7 169
DAYS >= .10 87 90.2 -3.2 90
DAYS >= .50 20 23.8 -3.8 22
DAYS >= 1.00 6 5.9 0.1 7
GREATEST
24 HR. TOTAL 2.63 11/11 TO 11/12 3.64 08/18 TO 08/19
SNOWFALL (INCHES)
RECORDS
TOTAL 192.1 1992
24 HR TOTAL 22.1 03/13/1993 TO 03/13/1993
SNOW DEPTH 48 02/01/1966
02/21/1958
02/20/1958
TOTALS 82.4 127.8 -45.4 72.2
SINCE 7/1 20.1 40.6 -20.5 13.7
SNOWDEPTH AVG. 1 1
DAYS >= TRACE 96 65.5 30.5 87
DAYS >= 1.0 27 34.1 -7.1 25
GREATEST
SNOW DEPTH 13 02/05 16 02/03
24 HR TOTAL 7.7 02/03 TO 02/04 8.0 02/02 TO 02/03
DEGREE DAYS
HEATING TOTAL 6165 6588 -423 5589
SINCE 7/1 2092 2384 -292 1785
COOLING TOTAL 818 619 199 975
SINCE 1/1 818 619 199 975
FREEZE DATES
RECORD
EARLIEST 09/23/1963
LATEST 05/24/1963
EARLIEST 10/28
LATEST 05/01
................................................................
WIND (MPH)
AVERAGE WIND SPEED 8.1
RESULTANT WIND SPEED/DIRECTION 3/250
HIGHEST WIND SPEED/DIRECTION 41/260 DATE 12/23
HIGHEST GUST SPEED/DIRECTION 55/230 DATE 07/24
SKY COVER
POSSIBLE SUNSHINE (PERCENT) MM
AVERAGE SKY COVER 0.69
NUMBER OF DAYS FAIR 37
NUMBER OF DAYS PC 157
NUMBER OF DAYS CLOUDY 169
AVERAGE RH (PERCENT) 66
WEATHER CONDITIONS. NUMBER OF DAYS WITH
THUNDERSTORM 30 MIXED PRECIP 3
HEAVY RAIN 24 RAIN 50
LIGHT RAIN 168 FREEZING RAIN 0
LT FREEZING RAIN 4 HAIL 5
HEAVY SNOW 11 SNOW 22
LIGHT SNOW 95 SLEET 7
FOG 149 FOG W/VIS <= 1/4 MILE 7
HAZE 25
- INDICATES NEGATIVE NUMBERS.
R INDICATES RECORD WAS SET OR TIED.
MM INDICATES DATA IS MISSING.
T INDICATES TRACE AMOUNT.
&&
ADDED THE DATES FOR THE GREATEST 24 HOUR PRECIPITATION
CORRECTED THE MISSING 2021 DATA TO ACTUAL
$$
TAC