000
CXUS51 KBGM 010558
CLMSYR
CLIMATE REPORT
NATIONAL WEATHER SERVICE BINGHAMTON, NY
158 AM EDT WED NOV 01 2023
...................................
...THE SYRACUSE NY CLIMATE SUMMARY FOR THE MONTH OF OCTOBER 2023...
CLIMATE NORMAL PERIOD 1991 TO 2020
CLIMATE RECORD PERIOD 1902 TO 2023
WEATHER OBSERVED NORMAL DEPART LAST YEAR`S
VALUE DATE(S) VALUE FROM VALUE DATE(S)
NORMAL
................................................................
TEMPERATURE (F)
RECORD
HIGH 89 10/04/2023
LOW 8 10/29/2006
HIGHEST 89R 10/04 60 29 78 10/26
LOWEST 36 10/31 41 -5 29 10/28
AVG. MAXIMUM 64.7 60.1 4.6 64.0
AVG. MINIMUM 48.8 42.4 6.4 41.1
MEAN 56.7 51.3 5.4 52.6
DAYS MAX >= 90 0 0.0 0.0 0
DAYS MAX <= 32 0 0.0 0.0 0
DAYS MIN <= 32 0 3.8 -3.8 3
DAYS MIN <= 0 0 0.0 0.0 0
PRECIPITATION (INCHES)
RECORD
MAXIMUM 8.29 1955
MINIMUM 0.21 1963
TOTALS 2.47 3.89 -1.42 1.10
DAILY AVG. 0.08 0.13 -0.05 0.04
DAYS >= .01 14 15.1 -1.1 7
DAYS >= .10 8 8.4 -0.4 1
DAYS >= .50 1 2.4 -1.4 0
DAYS >= 1.00 0 0.8 -0.8 0
GREATEST
24 HR. TOTAL 0.65 10/20 TO 10/21
SNOWFALL (INCHES)
RECORDS
TOTAL 5.7 1988
24 HR TOTAL 2.9 10/30/1988 TO 10/30/1988
SNOW DEPTH 2 10/29/1965
10/27/1962
10/29/1952
TOTALS T 0.2 -0.2 0.0
SINCE 7/1 T 0.2 -0.2 MM
SNOWDEPTH AVG. 0 0
DAYS >= TRACE 1 0.3 0.7 0
DAYS >= 1.0 0 0.1 -0.1 0
GREATEST
SNOW DEPTH 0 0 MM
24 HR TOTAL T 10/31 TO 10/31
DEGREE DAYS
HEATING TOTAL 285 431 -146 380
SINCE 7/1 360 578 -218 MM
COOLING TOTAL 36 5 31 1
SINCE 1/1 766 619 147 MM
................................................................
WIND (MPH)
AVERAGE WIND SPEED 6.9
RESULTANT WIND SPEED/DIRECTION 3/240
HIGHEST WIND SPEED/DIRECTION 32/240 DATE 10/08
HIGHEST GUST SPEED/DIRECTION 44/240 DATE 10/08
SKY COVER
POSSIBLE SUNSHINE (PERCENT) MM
AVERAGE SKY COVER 0.77
NUMBER OF DAYS FAIR 3
NUMBER OF DAYS PC 8
NUMBER OF DAYS CLOUDY 20
AVERAGE RH (PERCENT) 68
WEATHER CONDITIONS. NUMBER OF DAYS WITH
THUNDERSTORM 0 MIXED PRECIP 0
HEAVY RAIN 2 RAIN 5
LIGHT RAIN 18 FREEZING RAIN 0
LT FREEZING RAIN 0 HAIL 1
HEAVY SNOW 0 SNOW 0
LIGHT SNOW 1 SLEET 1
FOG 14 FOG W/VIS <= 1/4 MILE 0
HAZE 5
- INDICATES NEGATIVE NUMBERS.
R INDICATES RECORD WAS SET OR TIED.
MM INDICATES DATA IS MISSING.
T INDICATES TRACE AMOUNT.
$$