603
CXUS52 KTBW 011122
CF6TBW
PRELIMINARY LOCAL CLIMATOLOGICAL DATA (WS FORM: F-6)
STATION: Ruskin WFO
MONTH: SEPTEMBER
YEAR: 2020
LATITUDE: 27 42 N
LONGITUDE: 82 24 W
TEMPERATURE IN F: :PCPN: SNOW: WIND :SUNSHINE: SKY :PK WND
================================================================================
1 2 3 4 5 6A 6B 7 8 9 10 11 12 13 14 15 16 17 18
12Z AVG MX 2MIN
DY MAX MIN AVG DEP HDD CDD WTR SNW DPTH SPD SPD DIR MIN PSBL S-S WX SPD DR
================================================================================
1 91 73 82 M 0 17 0.00 0.0 0 M M M M M M M M
2 96 76 86 M 0 21 0.05 0.0 0 M M M M M M 3 M M
3 96 75 86 M 0 21 0.10 0.0 0 M M M M M M M M
4 96 76 86 M 0 21 0.00 0.0 0 M M M M M M M M
5 94 75 85 M 0 20 0.72 0.0 0 M M M M M M 13 M M
6 94 73 84 M 0 19 0.08 0.0 0 M M M M M M 3 M M
7 93 73 83 M 0 18 0.01 0.0 0 M M M M M M 3 M M
8 93 73 83 M 0 18 0.80 0.0 0 M M M M M M 13 M M
9 91 74 83 M 0 18 0.59 0.0 0 M M M M M M 13 M M
10 92 74 83 M 0 18 0.21 0.0 0 M M M M M M 3 M M
11 94 75 85 M 0 20 0.02 0.0 0 M M M M M M 3 M M
12 88 76 82 M 0 17 0.38 0.0 0 M M M M M M 3 M M
13 78 74 76 M 0 11 0.79 0.0 0 M M M M M M 1 M M
14 85 75 80 M 0 15 0.02 0.0 0 M M M M M M 3 M M
15 88 74 81 M 0 16 0.33 0.0 0 M M M M M M M M
16 92 75 84 M 0 19 0.00 0.0 0 M M M M M M M M
17 91 76 84 M 0 19 0.19 0.0 0 M M M M M M 3 M M
18 89 76 83 M 0 18 0.34 0.0 0 M M M M M M M M
19 92 73 83 M 0 18 0.00 0.0 0 M M M M M M M M
20 88 77 83 M 0 18 0.02 0.0 0 M M M M M M M M
21 90 74 82 M 0 17 0.00 0.0 0 M M M M M M M M
22 88 69 79 M 0 14 0.00 0.0 0 M M M M M M M M
23 89 68 79 M 0 14 0.00 0.0 0 M M M M M M M M
24 91 71 81 M 0 16 0.09 0.0 0 M M M M M M M M
25 91 73 82 M 0 17 0.00 0.0 0 M M M M M M M M
26 90 74 82 M 0 17 0.00 0.0 0 M M M M M M M M
27 93 74 84 M 0 19 0.15 0.0 0 M M M M M M 3 M M
28 90 74 82 M 0 17 0.01 0.0 0 M M M M M M M M
29 88 73 81 M 0 16 0.09 0.0 0 M M M M M M M M
30 78 63 71 M 0 6 0.00 0.0 0 M M M M M M M M
================================================================================
SM 2709 2206 0 515 4.99 0.0 M M M
================================================================================
AV 90.3 73.5 M FASTST M M 4 MAX(MPH)
MISC ----> M M M M
================================================================================
NOTES:
# LAST OF SEVERAL OCCURRENCES
COLUMN 17 PEAK WIND IN M.P.H.
PRELIMINARY LOCAL CLIMATOLOGICAL DATA (WS FORM: F-6) , PAGE 2
STATION: Ruskin WFO
MONTH: SEPTEMBER
YEAR: 2020
LATITUDE: 27 42 N
LONGITUDE: 82 24 W
[TEMPERATURE DATA] [PRECIPITATION DATA] SYMBOLS USED IN COLUMN 16
AVERAGE MONTHLY: 81.9 TOTAL FOR MONTH: 4.99 1 = FOG OR MIST
DPTR FM NORMAL: M DPTR FM NORMAL: M 2 = FOG REDUCING VISIBILITY
HIGHEST: 96 ON 4, 3 GRTST 24HR 0.80 ON 8- 8 TO 1/4 MILE OR LESS
LOWEST: 63 ON 30 3 = THUNDER
SNOW, ICE PELLETS, HAIL 4 = ICE PELLETS
TOTAL MONTH: 0.0 INCH 5 = HAIL
GRTST 24HR 0.0 6 = FREEZING RAIN OR DRIZZLE
GRTST DEPTH: 0 7 = DUSTSTORM OR SANDSTORM:
VSBY 1/2 MILE OR LESS
8 = SMOKE OR HAZE
[NO. OF DAYS WITH] [WEATHER - DAYS WITH] 9 = BLOWING SNOW
X = TORNADO
MAX 32 OR BELOW: 0 0.01 INCH OR MORE: 20
MAX 90 OR ABOVE: 20 0.10 INCH OR MORE: 11
MIN 32 OR BELOW: 0 0.50 INCH OR MORE: 4
MIN 0 OR BELOW: 0 1.00 INCH OR MORE: 0
[HDD (BASE 65) ]
TOTAL THIS MO. 0 CLEAR (SCALE 0-3) 0
DPTR FM NORMAL M PTCLDY (SCALE 4-7) 0
TOTAL FM JUL 1 0 CLOUDY (SCALE 8-10) 0
DPTR FM NORMAL M
[CDD (BASE 65) ]
TOTAL THIS MO. 515
DPTR FM NORMAL M [PRESSURE DATA]
TOTAL FM JAN 1 3377 HIGHEST SLP M ON M
DPTR FM NORMAL M LOWEST SLP M ON M
[REMARKS]
#FINAL-09-20#