000
CXUS54 KBMX 011010
CF6TCL
PRELIMINARY LOCAL CLIMATOLOGICAL DATA (WS FORM: F-6)
STATION: TUSCALOOSA
MONTH: JULY
YEAR: 2021
LATITUDE: 33 13 N
LONGITUDE: 87 37 W
TEMPERATURE IN F: :PCPN: SNOW: WIND :SUNSHINE: SKY :PK WND
================================================================================
1 2 3 4 5 6A 6B 7 8 9 10 11 12 13 14 15 16 17 18
12Z AVG MX 2MIN
DY MAX MIN AVG DEP HDD CDD WTR SNW DPTH SPD SPD DIR MIN PSBL S-S WX SPD DR
================================================================================
1 89 72 81 0 0 16 0.09 0.0 0 4.5 12 210 M M 4 13 16 230
2 86 74 80 -1 0 15 0.67 0.0 M 2.2 15 260 M M 7 13 19 270
3 86 66 76 -5 0 11 0.00 0.0 M 4.5 14 30 M M 0 1 17 360
4 88 63 76 -5 0 11 0.00 0.0 0 3.5 12 60 M M 0 1 15 80
5 92 65 79 -3 0 14 0.00 0.0 0 3.4 9 70 M M 1 18 12 80
6 86 71 79 -3 0 14 0.20 0.0 0 3.9 17 120 M M 7 13 26 110
7 85 73 79 -3 0 14 0.01 0.0 0 4.0 14 260 M M 7 16 260
8 89 73 81 -1 0 16 0.18 0.0 0 4.3 10 190 M M 6 1 15 230
9 91 72 82 0 0 17 0.52 0.0 0 5.0 20 250 M M 2 138 34 250
10 89 70 80 -2 0 15 0.41 0.0 0 3.3 22 200 M M 4 13 30 210
11 90 73 82 0 0 17 0.13 0.0 0 8.3 18 200 M M 6 13 25 240
12 86 71 79 -3 0 14 0.32 0.0 0 7.9 22 200 M M 5 13 27 200
13 86 70 78 -4 0 13 0.32 0.0 0 3.7 17 300 M M 4 13 24 300
14 90 70 80 -2 0 15 0.00 0.0 0 1.2 8 180 M M 2 12 11 180
15 93 71 82 0 0 17 0.00 0.0 0 2.6 14 190 M M 1 1 17 190
16 90 72 81 -1 0 16 0.22 0.0 0 3.8 23 210 M M 1 13 33 210
17 84 72 78 -4 0 13 0.18 0.0 0 3.7 16 180 M M 5 13 22 180
18 87 73 80 -2 0 15 0.10 0.0 0 3.8 12 260 M M 6 13 14 250
19 85 73 79 -3 0 14 1.09 0.0 M 4.2 13 250 M M 8 13 16 210
20 87 73 80 -2 0 15 0.85 0.0 M 3.0 17 360 M M 6 13 20 360
21 89 74 82 0 0 17 0.01 0.0 0 2.6 14 260 M M 6 1 16 260
22 93 74 84 2 0 19 1.45 0.0 0 1.6 25 340 M M 2 123 32 330
23 93 72 83 1 0 18 1.17 0.0 0 2.3 24 40 M M 3 13 32 60
24 93 73 83 1 0 18 0.00 0.0 0 1.9 13 90 M M 5 123 19 110
25 94 75 85 3 0 20 0.00 0.0 0 2.7 15 290 M M 1 138 21 300
26 93 75 84 2 0 19 0.00 0.0 M 3.3 13 20 M M 1 13 17 210
27 95 75 85 3 0 20 0.44 0.0 M 2.6 23 70 M M 1 13 33 70
28 96 74 85 3 0 20 0.00 0.0 0 1.8 9 40 M M 1 1 13 20
29 95 76 86 4 0 21 0.00 0.0 0 2.0 10 10 M M 0 1 14 320
30 94 75 85 3 0 20 T 0.0 0 2.1 10 20 M M 1 18 16 310
31 95 77 86 4 0 21 0.00 0.0 0 3.1 18 60 M M 1 13 26 80
================================================================================
SM 2789 2237 0 505 8.36 0.0 106.8 M 104
================================================================================
AV 90.0 72.2 3.4 FASTST M M 3 MAX(MPH)
MISC ----> 25 340 34 250
================================================================================
NOTES:
# LAST OF SEVERAL OCCURRENCES
COLUMN 17 PEAK WIND IN M.P.H.
PRELIMINARY LOCAL CLIMATOLOGICAL DATA (WS FORM: F-6) , PAGE 2
STATION: TUSCALOOSA
MONTH: JULY
YEAR: 2021
LATITUDE: 33 13 N
LONGITUDE: 87 37 W
[TEMPERATURE DATA] [PRECIPITATION DATA] SYMBOLS USED IN COLUMN 16
AVERAGE MONTHLY: 81.1 TOTAL FOR MONTH: 8.36 1 = FOG OR MIST
DPTR FM NORMAL: -0.8 DPTR FM NORMAL: 4.19 2 = FOG REDUCING VISIBILITY
HIGHEST: 96 ON 28 GRTST 24HR 1.45 ON 22-22 TO 1/4 MILE OR LESS
LOWEST: 63 ON 4 3 = THUNDER
SNOW, ICE PELLETS, HAIL 4 = ICE PELLETS
TOTAL MONTH: 0.0 INCH 5 = HAIL
GRTST 24HR 0.0 6 = FREEZING RAIN OR DRIZZLE
GRTST DEPTH: 0 7 = DUSTSTORM OR SANDSTORM:
VSBY 1/2 MILE OR LESS
8 = SMOKE OR HAZE
[NO. OF DAYS WITH] [WEATHER - DAYS WITH] 9 = BLOWING SNOW
X = TORNADO
MAX 32 OR BELOW: 0 0.01 INCH OR MORE: 19
MAX 90 OR ABOVE: 16 0.10 INCH OR MORE: 16
MIN 32 OR BELOW: 0 0.50 INCH OR MORE: 6
MIN 0 OR BELOW: 0 1.00 INCH OR MORE: 3
[HDD (BASE 65) ]
TOTAL THIS MO. 0 CLEAR (SCALE 0-3) 16
DPTR FM NORMAL 0 PTCLDY (SCALE 4-7) 15
TOTAL FM JUL 1 0 CLOUDY (SCALE 8-10) 0
DPTR FM NORMAL 0
[CDD (BASE 65) ]
TOTAL THIS MO. 505
DPTR FM NORMAL -20 [PRESSURE DATA]
TOTAL FM JAN 1 1248 HIGHEST SLP 30.27 ON 14
DPTR FM NORMAL -38 LOWEST SLP 29.84 ON 2
[REMARKS]
#FINAL-07-21#