000
CXUS54 KBMX 020332
CLMTCL
CLIMATE REPORT
NATIONAL WEATHER SERVICE BIRMINGHAM AL
1032 PM CDT TUE AUG 01 2023
...................................
...THE TUSCALOOSA CLIMATE SUMMARY FOR THE MONTH OF JULY 2023...
CLIMATE NORMAL PERIOD 1991 TO 2020
CLIMATE RECORD PERIOD 1948 TO 2023
WEATHER OBSERVED NORMAL DEPART LAST YEAR`S
VALUE DATE(S) VALUE FROM VALUE DATE(S)
NORMAL
................................................................
TEMPERATURE (F)
RECORD
HIGH 107 07/29/1952
07/28/1952
07/24/1952
LOW 54 07/01/1950
HIGHEST 97 07/01 MM MM 99 07/09
07/28
LOWEST 67 07/24 MM MM 72 07/16
07/19
07/23
AVG. MAXIMUM 91.6 91.6 0.0 93.4
AVG. MINIMUM 71.9 72.3 -0.4 74.0
MEAN 81.8 83.7
DAYS MAX >= 90 22 24.2 -2.2 29
DAYS MAX <= 32 0 0.0 0.0 0
DAYS MIN <= 32 0 0.0 0.0 0
DAYS MIN <= 0 0 0.0 0.0 0
PRECIPITATION (INCHES)
RECORD
MAXIMUM 11.81 2018
MINIMUM 0.72 1970
TOTALS 7.89 4.17 3.72 6.65
DAILY AVG. 0.25 0.13 0.12
DAYS >= .01 16 11.1 4.9
DAYS >= .10 10 6.9 3.1
DAYS >= .50 6 2.8 3.2
DAYS >= 1.00 2 0.9 1.1
DEGREE DAYS
COOLING TOTAL 526 525 1 587
SINCE 1/1 1285 1286 -1 MM
................................................................
WIND (MPH)
AVERAGE WIND SPEED 3.2
HIGHEST WIND SPEED/DIRECTION 35/010 DATE 07/18
HIGHEST GUST SPEED/DIRECTION 50/360 DATE 07/18
AVERAGE RH (PERCENT) 78
WEATHER CONDITIONS. NUMBER OF DAYS WITH
THUNDERSTORM 19 MIXED PRECIP 0
HEAVY RAIN 9 RAIN 11
LIGHT RAIN 16 FREEZING RAIN 0
LT FREEZING RAIN 0 HAIL 0
HEAVY SNOW 0 SNOW 0
LIGHT SNOW 0 SLEET 0
FOG 31 FOG W/VIS <= 1/4 MILE 4
HAZE 15
- INDICATES NEGATIVE NUMBERS.
R INDICATES RECORD WAS SET OR TIED.
MM INDICATES DATA IS MISSING.
T INDICATES TRACE AMOUNT.
$$