000
CXUS54 KEPZ 011030
CF6TCS
PRELIMINARY LOCAL CLIMATOLOGICAL DATA (WS FORM: F-6)
STATION: TRUTH OR CONSEQUENCES
MONTH: JULY
YEAR: 2021
LATITUDE: 33 13 N
LONGITUDE: 107 16 W
TEMPERATURE IN F: :PCPN: SNOW: WIND :SUNSHINE: SKY :PK WND
================================================================================
1 2 3 4 5 6A 6B 7 8 9 10 11 12 13 14 15 16 17 18
12Z AVG MX 2MIN
DY MAX MIN AVG DEP HDD CDD WTR SNW DPTH SPD SPD DIR MIN PSBL S-S WX SPD DR
================================================================================
1 85 65 75 -6 0 10 T M M 3.6 26 270 M M 4 3 37 260
2 90 67 79 -2 0 14 T M M 5.9 22 180 M M 2 3 30 170
3 89 67 78 -3 0 13 0.00 M M 6.6 23 270 M M 2 30 290
4 94 70 82 1 0 17 0.00 M M 6.2 18 250 M M 0 25 260
5 92 70 81 0 0 16 T M M 7.5 30 30 M M 0 42 30
6 93 63 78 -3 0 13 0.12 M M 7.6 28 20 M M 2 13 41 30
7 87 63 75 -6 0 10 0.42 M M 5.8 18 120 M M 2 1 24 120
8 91 67 79 -2 0 14 0.00 M M 5.9 13 90 M M 0 16 140
9 97 71 84 3 0 19 0.00 M M 6.4 16 180 M M 0 22 180
10 100 69 85 4 0 20 T M M 6.5 35 20 M M 1 3 52 20
11 97 68 83 2 0 18 0.05 M M 8.2 31 90 M M 1 3 48 90
12 89 65 77 -4 0 12 0.00 M M 5.3 13 190 M M 0 20 110
13 92 69 81 0 0 16 0.00 M M 7.5 18 180 M M 0 25 180
14 93 68 81 0 0 16 T M M 6.7 22 290 M M 2 3 30 280
15 90 70 80 0 0 15 0.02 M M 9.3 25 310 M M 4 3 35 310
16 M M M M M M 0.00 M M M M M M M M M M
17 M M M M M M M M M M M M M M M M M
18 M M M M M M M M M M M M M M M M M
19 M M M M M M M M M M M M M M M M M
20 91 69 80 0 0 15 0.00 M M 5.4 16 160 M M 0 23 160
21 91 69 80 0 0 15 0.00 M M 7.5 17 200 M M 1 31 200
22 93 68 81 1 0 16 T M M 11.9 32 310 M M 1 44 290
23 91 62 77 -3 0 12 0.08 M M 10.4 36 270 M M 2 13 50 280
24 79 65 72 -8 0 7 T M M 4.7 17 240 M M 4 3 21 240
25 88 62 75 -5 0 10 0.00 M M 4.8 18 100 M M 3 26 110
26 90 66 78 -2 0 13 T M M 8.6 32 300 M M 2 3 43 310
27 92 67 80 0 0 15 T M M 6.8 26 290 M M 4 33 290
28 95 70 83 3 0 18 0.00 M M 7.0 21 300 M M 2 3 30 310
29 90 68 79 -1 0 14 0.00 M M 8.3 23 200 M M 3 30 190
30 91 64 78 -2 0 13 0.00 M M 7.4 17 140 M M 1 26 110
31 91 69 80 0 0 15 T M M 5.9 21 120 M M 3 28 130
================================================================================
SM 2461 1811 0 386 0.69 M 187.7 M 46
================================================================================
AV 91.1 67.1 7.0 FASTST M M 2 MAX(MPH)
MISC ----> 36 270 52 20
================================================================================
NOTES:
# LAST OF SEVERAL OCCURRENCES
COLUMN 17 PEAK WIND IN M.P.H.
PRELIMINARY LOCAL CLIMATOLOGICAL DATA (WS FORM: F-6) , PAGE 2
STATION: TRUTH OR CONSEQUENCES
MONTH: JULY
YEAR: 2021
LATITUDE: 33 13 N
LONGITUDE: 107 16 W
[TEMPERATURE DATA] [PRECIPITATION DATA] SYMBOLS USED IN COLUMN 16
AVERAGE MONTHLY: 79.1 TOTAL FOR MONTH: 0.69 1 = FOG OR MIST
DPTR FM NORMAL: -1.4 DPTR FM NORMAL: -0.94 2 = FOG REDUCING VISIBILITY
HIGHEST: 100 ON 10 GRTST 24HR 0.54 ON 6- 7 TO 1/4 MILE OR LESS
LOWEST: 62 ON 25,23 3 = THUNDER
SNOW, ICE PELLETS, HAIL 4 = ICE PELLETS
TOTAL MONTH: M 5 = HAIL
GRTST 24HR M ON M 6 = FREEZING RAIN OR DRIZZLE
GRTST DEPTH: M ON M 7 = DUSTSTORM OR SANDSTORM:
VSBY 1/2 MILE OR LESS
8 = SMOKE OR HAZE
[NO. OF DAYS WITH] [WEATHER - DAYS WITH] 9 = BLOWING SNOW
X = TORNADO
MAX 32 OR BELOW: 0 0.01 INCH OR MORE: 5
MAX 90 OR ABOVE: 21 0.10 INCH OR MORE: 2
MIN 32 OR BELOW: 0 0.50 INCH OR MORE: 0
MIN 0 OR BELOW: 0 1.00 INCH OR MORE: 0
[HDD (BASE 65) ]
TOTAL THIS MO. 0 CLEAR (SCALE 0-3) 21
DPTR FM NORMAL 0 PTCLDY (SCALE 4-7) 6
TOTAL FM JUL 1 0 CLOUDY (SCALE 8-10) 4
DPTR FM NORMAL 0
[CDD (BASE 65) ]
TOTAL THIS MO. 386
DPTR FM NORMAL -93 [PRESSURE DATA]
TOTAL FM JAN 1 1135 HIGHEST SLP 30.07 ON 19
DPTR FM NORMAL 5 LOWEST SLP 29.67 ON 11
[REMARKS]
#FINAL-07-21#