000
CXUS54 KFWD 010831
CF6TKI
PRELIMINARY LOCAL CLIMATOLOGICAL DATA (WS FORM: F-6)
STATION: MCKINNEY
MONTH: JANUARY
YEAR: 2023
LATITUDE: 33 10 N
LONGITUDE: 96 35 W
TEMPERATURE IN F: :PCPN: SNOW: WIND :SUNSHINE: SKY :PK WND
================================================================================
1 2 3 4 5 6A 6B 7 8 9 10 11 12 13 14 15 16 17 18
12Z AVG MX 2MIN
DY MAX MIN AVG DEP HDD CDD WTR SNW DPTH SPD SPD DIR MIN PSBL S-S WX SPD DR
================================================================================
1 77 49 63 19 2 0 0.00 M M 10.8 18 170 M M 0 25 190
2 76 60 68 24 0 3 0.06 M M 10.5 21 180 M M 7 1 29 180
3 67 45 56 12 9 0 T M M 9.2 20 250 M M 3 26 240
4 57 33 45 1 20 0 0.00 M M 4.1 13 300 M M 0 17 290
5 63 31 47 3 18 0 0.00 M M 2.4 10 340 M M 0 8 14 320
6 71 34 53 9 12 0 0.00 M M 9.0 29 180 M M 1 8 39 180
7 62 47 55 11 10 0 0.00 M M 10.3 17 340 M M 0 25 180
8 60 35 48 4 17 0 0.00 M M 4.6 14 20 M M 0 17 10
9 67 30 49 5 16 0 0.00 M M 7.3 21 170 M M 0 28 180
10 79 40 60 16 5 0 0.00 M M 9.6 20 190 M M 0 12 29 210
11 82 48 65 21 0 0 0.00 M M 11.7 28 290 M M 0 36 290
12 66 39 53 9 12 0 0.00 M M 16.5 32 300 M M 1 45 290
13 57 29 43 -1 22 0 0.00 M M 5.7 14 340 M M 0 28 320
14 60 28 44 0 21 0 0.00 M M 8.5 21 170 M M 0 27 170
15 69 45 57 13 8 0 0.00 M M 16.8 33 170 M M 2 45 170
16 73 51 62 18 3 0 0.00 M M 11.6 30 190 M M 0 41 190
17 74 45 60 16 5 0 0.00 M M 3.7 14 150 M M 0 19 160
18 71 57 64 19 1 0 0.01 M M 11.4 31 310 M M 4 41 290
19 58 41 50 5 15 0 0.00 M M 9.0 18 310 M M 0 26 290
20 61 32 47 2 18 0 0.00 M M 4.6 14 130 M M 3 19 120
21 55 41 48 3 17 0 0.01 M M 8.6 16 150 M M 6 24 270
22 52 33 43 -2 22 0 0.00 M M 10.0 22 330 M M 3 29 340
23 53 25 39 -6 26 0 0.00 M M 4.4 14 70 M M 2 18 60
24 46 33 40 -5 25 0 1.12 M M 10.9 24 10 M M 9 1 32 10
25 43 30 37 -8 28 0 0.00 M M 10.4 21 300 M M 8 28 310
26 53 29 41 -5 24 0 0.00 M M 6.3 17 280 M M 0 8 22 280
27 61 29 45 -1 20 0 0.00 M M 10.2 21 230 M M 0 29 210
28 62 42 52 6 13 0 T M M 11.4 18 180 M M 6 18 26 180
29 61 28 45 -1 20 0 0.00 M M 13.1 22 350 M M 7 1 30 350
30 29 24 27 -19 38 0 0.03 M M 14.3 18 350 M M 10 146 26 360
31 27 24 26 -20 39 0 0.19 M M 12.0 20 360 M M 9 136 25 360
================================================================================
SM 1892 1157 486 3 1.42 M 288.9 M 81
================================================================================
AV 61.0 37.3 9.3 FASTST M M 3 MAX(MPH)
MISC ----> 33 170 # 45 290
================================================================================
NOTES:
# LAST OF SEVERAL OCCURRENCES
COLUMN 17 PEAK WIND IN M.P.H.
PRELIMINARY LOCAL CLIMATOLOGICAL DATA (WS FORM: F-6) , PAGE 2
STATION: MCKINNEY
MONTH: JANUARY
YEAR: 2023
LATITUDE: 33 10 N
LONGITUDE: 96 35 W
[TEMPERATURE DATA] [PRECIPITATION DATA] SYMBOLS USED IN COLUMN 16
AVERAGE MONTHLY: 49.2 TOTAL FOR MONTH: 1.42 1 = FOG OR MIST
DPTR FM NORMAL: 4.5 DPTR FM NORMAL: -1.28 2 = FOG REDUCING VISIBILITY
HIGHEST: 82 ON 11 GRTST 24HR 1.12 ON 24-24 TO 1/4 MILE OR LESS
LOWEST: 24 ON 31,30 3 = THUNDER
SNOW, ICE PELLETS, HAIL 4 = ICE PELLETS
TOTAL MONTH: M 5 = HAIL
GRTST 24HR M ON M 6 = FREEZING RAIN OR DRIZZLE
GRTST DEPTH: M ON M 7 = DUSTSTORM OR SANDSTORM:
VSBY 1/2 MILE OR LESS
8 = SMOKE OR HAZE
[NO. OF DAYS WITH] [WEATHER - DAYS WITH] 9 = BLOWING SNOW
X = TORNADO
MAX 32 OR BELOW: 2 0.01 INCH OR MORE: 6
MAX 90 OR ABOVE: 0 0.10 INCH OR MORE: 2
MIN 32 OR BELOW: 12 0.50 INCH OR MORE: 1
MIN 0 OR BELOW: 0 1.00 INCH OR MORE: 1
[HDD (BASE 65) ]
TOTAL THIS MO. 486 CLEAR (SCALE 0-3) 20
DPTR FM NORMAL -145 PTCLDY (SCALE 4-7) 8
TOTAL FM JUL 1 1473 CLOUDY (SCALE 8-10) 3
DPTR FM NORMAL -152
[CDD (BASE 65) ]
TOTAL THIS MO. 3
DPTR FM NORMAL 1 [PRESSURE DATA]
TOTAL FM JAN 1 3 HIGHEST SLP 30.50 ON 13
DPTR FM NORMAL 1 LOWEST SLP 29.62 ON 2
[REMARKS]
#FINAL-01-23#