000
CXUS52 KTAE 010800
CF6TLH
PRELIMINARY LOCAL CLIMATOLOGICAL DATA (WS FORM: F-6)
STATION: TALLAHASSEE
MONTH: MAY
YEAR: 2023
LATITUDE: 30 22 N
LONGITUDE: 84 22 W
TEMPERATURE IN F: :PCPN: SNOW: WIND :SUNSHINE: SKY :PK WND
================================================================================
1 2 3 4 5 6A 6B 7 8 9 10 11 12 13 14 15 16 17 18
12Z AVG MX 2MIN
DY MAX MIN AVG DEP HDD CDD WTR SNW DPTH SPD SPD DIR MIN PSBL S-S WX SPD DR
================================================================================
1 85 54 70 -1 0 5 0.00 0.0 0 10.6 29 250 M M 2 38 260
2 85 55 70 -1 0 5 0.00 0.0 M 7.6 23 260 M M 0 8 30 270
3 84 53 69 -3 0 4 0.00 0.0 M 7.5 21 280 M M 1 28 290
4 86 48 67 -5 0 2 0.00 0.0 M 2.7 15 300 M M 2 18 310
5 82 57 70 -2 0 5 T 0.0 M 4.2 15 120 M M 6 18 120
6 87 65 76 3 0 11 0.01 0.0 M 7.9 16 110 M M 4 22 100
7 86 64 75 2 0 10 0.00 0.0 0 6.7 14 180 M M 3 20 180
8 87 61 74 1 0 9 0.00 0.0 0 5.3 16 190 M M 4 19 190
9 92 70 81 8 0 16 0.00 0.0 0 5.1 14 270 M M 4 18 19 280
10 96 69 83 9 0 18 0.00 0.0 0 4.6 14 120 M M 4 123 17 110
11 90 72 81 7 0 16 0.00 0.0 0 6.9 15 100 M M 6 13 21 130
12 89 71 80 6 0 15 0.01 0.0 0 6.3 18 270 M M 6 3 22 360
13 93 68 81 7 0 16 0.00 0.0 0 4.1 15 230 M M 4 21 220
14 94 66 80 5 0 15 0.31 0.0 0 3.5 30 140 M M 4 13 36 160
15 93 71 82 7 0 17 0.09 0.0 0 3.8 30 110 M M 3 138 37 110
16 88 70 79 4 0 14 1.83 0.0 0 4.1 24 310 M M 6 138 27 310
17 85 70 78 2 0 13 0.04 0.0 M 4.2 20 320 M M 5 13 26 240
18 87 67 77 1 0 12 0.19 M M 1.7 14 270 M M 5 13 17 260
19 87 70 79 3 0 14 0.00 M M 5.4 13 360 M M 6 16 10
20 90 68 79 3 0 14 0.00 M M 3.9 10 50 M M 4 1 15 10
21 90 72 81 4 0 16 T 0.0 0 4.1 18 280 M M 6 13 22 270
22 83 70 77 0 0 12 0.16 0.0 0 5.0 15 30 M M 6 13 20 20
23 83 70 77 0 0 12 0.15 0.0 M 7.3 16 30 M M 8 13 20 20
24 82 69 76 -1 0 11 0.00 0.0 M 7.2 16 40 M M 6 21 50
25 86 65 76 -2 0 11 0.00 0.0 M 6.4 18 360 M M 3 22 360
26 81 65 73 -5 0 8 0.00 0.0 M 9.2 17 60 M M 5 23 50
27 83 60 72 -6 0 7 0.00 0.0 M 7.8 16 340 M M 1 21 340
28 85 56 71 -7 0 6 0.00 0.0 M 5.7 15 320 M M 1 21 310
29 90 62 76 -2 0 11 0.00 0.0 M 7.2 18 270 M M 2 22 310
30 88 61 75 -4 0 10 0.00 0.0 0 2.8 12 350 M M 2 15 360
31 84 67 76 -3 0 11 0.05 0.0 0 6.6 24 80 M M 6 33 80
================================================================================
SM 2701 2006 0 346 2.84 0.0 175.4 M 125
================================================================================
AV 87.1 64.7 5.7 FASTST M M 4 MAX(MPH)
MISC ----> # 30 140 38 260
================================================================================
NOTES:
# LAST OF SEVERAL OCCURRENCES
COLUMN 17 PEAK WIND IN M.P.H.
PRELIMINARY LOCAL CLIMATOLOGICAL DATA (WS FORM: F-6) , PAGE 2
STATION: TALLAHASSEE
MONTH: MAY
YEAR: 2023
LATITUDE: 30 22 N
LONGITUDE: 84 22 W
[TEMPERATURE DATA] [PRECIPITATION DATA] SYMBOLS USED IN COLUMN 16
AVERAGE MONTHLY: 75.9 TOTAL FOR MONTH: 2.84 1 = FOG OR MIST
DPTR FM NORMAL: 0.7 DPTR FM NORMAL: -0.52 2 = FOG REDUCING VISIBILITY
HIGHEST: 96 ON 10 GRTST 24HR 1.85 ON 16-17 TO 1/4 MILE OR LESS
LOWEST: 48 ON 4 3 = THUNDER
SNOW, ICE PELLETS, HAIL 4 = ICE PELLETS
TOTAL MONTH: 0.0 INCH 5 = HAIL
GRTST 24HR 0.0 6 = FREEZING RAIN OR DRIZZLE
GRTST DEPTH: 0 7 = DUSTSTORM OR SANDSTORM:
VSBY 1/2 MILE OR LESS
8 = SMOKE OR HAZE
[NO. OF DAYS WITH] [WEATHER - DAYS WITH] 9 = BLOWING SNOW
X = TORNADO
MAX 32 OR BELOW: 0 0.01 INCH OR MORE: 10
MAX 90 OR ABOVE: 9 0.10 INCH OR MORE: 5
MIN 32 OR BELOW: 0 0.50 INCH OR MORE: 1
MIN 0 OR BELOW: 0 1.00 INCH OR MORE: 1
[HDD (BASE 65) ]
TOTAL THIS MO. 0 CLEAR (SCALE 0-3) 9
DPTR FM NORMAL -4 PTCLDY (SCALE 4-7) 22
TOTAL FM JUL 1 951 CLOUDY (SCALE 8-10) 0
DPTR FM NORMAL -518
[CDD (BASE 65) ]
TOTAL THIS MO. 346
DPTR FM NORMAL 26 [PRESSURE DATA]
TOTAL FM JAN 1 787 HIGHEST SLP M ON M
DPTR FM NORMAL 273 LOWEST SLP 29.74 ON 1
[REMARKS]
#FINAL-05-23#