000
CXUS52 KTAE 010800
CF6TLH
PRELIMINARY LOCAL CLIMATOLOGICAL DATA (WS FORM: F-6)
STATION: TALLAHASSEE
MONTH: SEPTEMBER
YEAR: 2020
LATITUDE: 30 22 N
LONGITUDE: 84 22 W
TEMPERATURE IN F: :PCPN: SNOW: WIND :SUNSHINE: SKY :PK WND
================================================================================
1 2 3 4 5 6A 6B 7 8 9 10 11 12 13 14 15 16 17 18
12Z AVG MX 2MIN
DY MAX MIN AVG DEP HDD CDD WTR SNW DPTH SPD SPD DIR MIN PSBL S-S WX SPD DR
================================================================================
1 92 75 84 3 0 19 0.05 0.0 0 3.3 12 360 M M 6 13 14 10
2 95 74 85 4 0 20 0.00 0.0 0 2.8 10 290 M M 3 1 13 300
3 96 74 85 4 0 20 0.00 M M 2.2 9 150 M M 3 13 150
4 97 75 86 5 0 21 0.00 0.0 M 3.7 9 10 M M 3 13 340
5 98 75 87 7 0 22 0.00 0.0 M 3.6 13 320 M M 3 15 320
6 93 76 85 5 0 20 0.00 0.0 M 6.7 15 90 M M 4 19 90
7 92 73 83 3 0 18 0.00 0.0 M 5.9 16 120 M M 3 20 110
8 92 75 84 4 0 19 0.01 0.0 M 7.8 18 80 M M 5 24 70
9 90 75 83 3 0 18 0.00 0.0 M 6.7 14 80 M M 3 22 80
10 92 76 84 4 0 19 0.51 0.0 M 6.3 17 70 M M 6 13 20 70
11 89 76 83 3 0 18 0.03 0.0 M 4.6 23 110 M M 7 13 27 100
12 93 76 85 6 0 20 0.24 0.0 M 7.8 26 70 M M 6 13 32 60
13 91 76 84 5 0 19 0.54 0.0 M 11.4 24 180 M M 6 13 30 180
14 83 76 80 1 0 15 0.36 0.0 M 10.4 21 90 M M 6 1 26 100
15 78 74 76 -3 0 11 1.19 0.0 M 11.9 17 90 M M 8 1 29 80
16 79 76 78 0 0 13 3.89 0.0 M 13.6 30 160 M M 9 123 40 160
17 81 73 77 -1 0 12 0.01 0.0 M 9.5 22 250 M M 9 26 250
18 89 71 80 2 0 15 0.00 0.0 M 4.1 14 30 M M 6 1 19 30
19 79 71 75 -3 0 10 T 0.0 M 7.5 14 60 M M 7 18 30
20 73 66 70 -8 0 5 T 0.0 M 10.1 17 30 M M 10 23 60
21 79 66 73 -4 0 8 0.00 0.0 M 11.2 18 80 M M 6 25 90
22 82 64 73 -4 0 8 0.00 0.0 M 7.9 16 70 M M 5 21 90
23 86 67 77 0 0 12 0.00 0.0 M 6.7 13 100 M M 4 17 100
24 83 69 76 0 0 11 0.77 0.0 M 8.1 20 140 M M 7 1 24 140
25 86 72 79 3 0 14 0.79 0.0 M 2.9 16 270 M M 6 123 19 270
26 88 70 79 3 0 14 0.00 0.0 M 2.8 9 10 M M 2 14 340
27 75 70 73 -3 0 8 0.89 0.0 M 2.6 9 90 M M 8 13 11 80
28 88 73 81 6 0 16 T 0.0 M 4.4 14 160 M M 7 12 16 160
29 79 57 68 -7 0 3 0.27 0.0 M 7.7 25 320 M M 7 12 38 320
30 78 52 65 -9 0 0 0.00 0.0 M 4.1 13 300 M M 1 1 17 320
================================================================================
SM 2596 2143 0 428 9.55 0.0 198.3 M 166
================================================================================
AV 86.5 71.4 6.6 FASTST M M 6 MAX(MPH)
MISC ----> 30 160 40 160
================================================================================
NOTES:
# LAST OF SEVERAL OCCURRENCES
COLUMN 17 PEAK WIND IN M.P.H.
PRELIMINARY LOCAL CLIMATOLOGICAL DATA (WS FORM: F-6) , PAGE 2
STATION: TALLAHASSEE
MONTH: SEPTEMBER
YEAR: 2020
LATITUDE: 30 22 N
LONGITUDE: 84 22 W
[TEMPERATURE DATA] [PRECIPITATION DATA] SYMBOLS USED IN COLUMN 16
AVERAGE MONTHLY: 79.0 TOTAL FOR MONTH: 9.55 1 = FOG OR MIST
DPTR FM NORMAL: 0.8 DPTR FM NORMAL: 4.86 2 = FOG REDUCING VISIBILITY
HIGHEST: 98 ON 5 GRTST 24HR 3.89 ON 16-16 TO 1/4 MILE OR LESS
LOWEST: 52 ON 30 3 = THUNDER
SNOW, ICE PELLETS, HAIL 4 = ICE PELLETS
TOTAL MONTH: 0.0 INCH 5 = HAIL
GRTST 24HR 0.0 6 = FREEZING RAIN OR DRIZZLE
GRTST DEPTH: 0 7 = DUSTSTORM OR SANDSTORM:
VSBY 1/2 MILE OR LESS
8 = SMOKE OR HAZE
[NO. OF DAYS WITH] [WEATHER - DAYS WITH] 9 = BLOWING SNOW
X = TORNADO
MAX 32 OR BELOW: 0 0.01 INCH OR MORE: 14
MAX 90 OR ABOVE: 12 0.10 INCH OR MORE: 10
MIN 32 OR BELOW: 0 0.50 INCH OR MORE: 7
MIN 0 OR BELOW: 0 1.00 INCH OR MORE: 2
[HDD (BASE 65) ]
TOTAL THIS MO. 0 CLEAR (SCALE 0-3) 6
DPTR FM NORMAL -1 PTCLDY (SCALE 4-7) 21
TOTAL FM JUL 1 0 CLOUDY (SCALE 8-10) 3
DPTR FM NORMAL 0
[CDD (BASE 65) ]
TOTAL THIS MO. 428
DPTR FM NORMAL 29 [PRESSURE DATA]
TOTAL FM JAN 1 2763 HIGHEST SLP M ON M
DPTR FM NORMAL 411 LOWEST SLP 29.70 ON 17
[REMARKS]
#FINAL-09-20#