000
CXUS54 KBMX 011010
CF6TOI
PRELIMINARY LOCAL CLIMATOLOGICAL DATA (WS FORM: F-6)
STATION: TROY
MONTH: MARCH
YEAR: 2022
LATITUDE: 31 51 N
LONGITUDE: 86 1 W
TEMPERATURE IN F: :PCPN: SNOW: WIND :SUNSHINE: SKY :PK WND
================================================================================
1 2 3 4 5 6A 6B 7 8 9 10 11 12 13 14 15 16 17 18
12Z AVG MX 2MIN
DY MAX MIN AVG DEP HDD CDD WTR SNW DPTH SPD SPD DIR MIN PSBL S-S WX SPD DR
================================================================================
1 75 37 56 1 9 0 0.00 0.0 0 2.3 12 320 M M 0 15 310
2 80 35 58 3 7 0 0.00 0.0 0 1.2 10 10 M M 0 14 220
3 83 38 61 6 4 0 0.00 0.0 0 2.0 10 230 M M 0 14 210
4 86 39 63 8 2 0 0.00 0.0 0 2.6 14 130 M M 0 18 170
5 85 48 67 11 0 2 0.00 0.0 0 6.3 18 160 M M 0 26 180
6 86 52 69 13 0 4 0.00 0.0 0 6.7 17 200 M M 2 24 210
7 83 61 72 16 0 7 0.10 0.0 M 6.2 22 350 M M 7 38 28 330
8 64 58 61 5 4 0 T 0.0 0 5.2 13 10 M M 10 18 15 40
9 71 52 62 6 3 0 0.89 0.0 0 6.7 21 310 M M 8 13 28 310
10 72 53 63 6 2 0 0.06 0.0 0 2.5 6 70 M M 8 M M
11 70 55 63 6 2 0 0.07 0.0 0 4.3 9 130 M M 10 18 13 100
12 67 29 48 -9 17 0 0.47 T 0 15.8 32 330 M M 4 13 41 330
13 61 25 43 -14 22 0 0.00 0.0 0 1.5 9 40 M M 0 11 40
14 72 30 51 -7 14 0 0.00 0.0 0 3.8 14 150 M M 1 21 140
15 66 52 59 1 6 0 0.59 0.0 0 7.0 18 120 M M 9 1 26 130
16 73 51 62 4 3 0 0.50 0.0 M 3.0 17 260 M M 7 138 26 260
17 78 46 62 4 3 0 0.00 0.0 0 2.7 13 180 M M 3 128 18 230
18 71 58 65 7 0 0 2.57 0.0 0 7.9 21 320 M M 8 123 28 350
19 72 47 60 1 5 0 0.00 0.0 0 7.2 15 330 M M 1 21 290
20 76 41 59 0 6 0 0.00 0.0 0 4.2 20 10 M M 0 25 340
21 79 41 60 1 5 0 0.00 0.0 0 5.2 16 120 M M 0 21 110
22 84 55 70 11 0 5 0.04 0.0 0 12.7 22 150 M M 4 32 180
23 78 59 69 10 0 4 0.34 0.0 0 8.8 18 160 M M 7 3 28 180
24 73 52 63 3 2 0 0.00 0.0 0 3.9 14 310 M M 3 22 310
25 73 50 62 2 3 0 0.00 0.0 0 6.7 18 320 M M 2 29 300
26 73 44 59 -1 6 0 0.00 0.0 0 6.2 26 300 M M 0 34 310
27 79 40 60 0 5 0 0.00 0.0 0 4.4 17 300 M M 0 21 300
28 84 44 64 4 1 0 0.00 0.0 0 2.3 15 310 M M 0 25 290
29 85 53 69 9 0 4 0.00 0.0 0 4.2 15 180 M M 3 8 20 210
30 87 64 76 15 0 11 0.10 0.0 0 13.1 28 170 M M 2 3 42 140
31 79 51 65 4 0 0 1.34 0.0 0 6.1 20 160 M M 5 13 26 160
================================================================================
SM 2365 1460 131 37 7.07 T 172.7 M 104
================================================================================
AV 76.3 47.1 5.6 FASTST M M 3 MAX(MPH)
MISC ----> 32 330 42 140
================================================================================
NOTES:
# LAST OF SEVERAL OCCURRENCES
COLUMN 17 PEAK WIND IN M.P.H.
PRELIMINARY LOCAL CLIMATOLOGICAL DATA (WS FORM: F-6) , PAGE 2
STATION: TROY
MONTH: MARCH
YEAR: 2022
LATITUDE: 31 51 N
LONGITUDE: 86 1 W
[TEMPERATURE DATA] [PRECIPITATION DATA] SYMBOLS USED IN COLUMN 16
AVERAGE MONTHLY: 61.7 TOTAL FOR MONTH: 7.07 1 = FOG OR MIST
DPTR FM NORMAL: 3.8 DPTR FM NORMAL: 2.00 2 = FOG REDUCING VISIBILITY
HIGHEST: 87 ON 30 GRTST 24HR 2.57 ON 18-18 TO 1/4 MILE OR LESS
LOWEST: 25 ON 13 3 = THUNDER
SNOW, ICE PELLETS, HAIL 4 = ICE PELLETS
TOTAL MONTH: T 5 = HAIL
GRTST 24HR T ON 12-12 6 = FREEZING RAIN OR DRIZZLE
GRTST DEPTH: 0 7 = DUSTSTORM OR SANDSTORM:
VSBY 1/2 MILE OR LESS
8 = SMOKE OR HAZE
[NO. OF DAYS WITH] [WEATHER - DAYS WITH] 9 = BLOWING SNOW
X = TORNADO
MAX 32 OR BELOW: 0 0.01 INCH OR MORE: 12
MAX 90 OR ABOVE: 0 0.10 INCH OR MORE: 9
MIN 32 OR BELOW: 3 0.50 INCH OR MORE: 5
MIN 0 OR BELOW: 0 1.00 INCH OR MORE: 2
[HDD (BASE 65) ]
TOTAL THIS MO. 131 CLEAR (SCALE 0-3) 18
DPTR FM NORMAL -117 PTCLDY (SCALE 4-7) 9
TOTAL FM JUL 1 1493 CLOUDY (SCALE 8-10) 4
DPTR FM NORMAL -573
[CDD (BASE 65) ]
TOTAL THIS MO. 37
DPTR FM NORMAL 10 [PRESSURE DATA]
TOTAL FM JAN 1 80 HIGHEST SLP 30.50 ON 13
DPTR FM NORMAL 43 LOWEST SLP 29.62 ON 12
[REMARKS]
#FINAL-03-22#