329
CXUS54 KBMX 011010
CF6TOI
PRELIMINARY LOCAL CLIMATOLOGICAL DATA (WS FORM: F-6)
STATION: TROY
MONTH: MARCH
YEAR: 2021
LATITUDE: 31 51 N
LONGITUDE: 86 1 W
TEMPERATURE IN F: :PCPN: SNOW: WIND :SUNSHINE: SKY :PK WND
================================================================================
1 2 3 4 5 6A 6B 7 8 9 10 11 12 13 14 15 16 17 18
12Z AVG MX 2MIN
DY MAX MIN AVG DEP HDD CDD WTR SNW DPTH SPD SPD DIR MIN PSBL S-S WX SPD DR
================================================================================
1 76 58 67 14 0 2 0.03 0.0 0 8.6 23 30 M M 9 30 360
2 58 45 52 -1 13 0 1.68 0.0 0 8.1 15 20 M M 8 1 19 360
3 67 43 55 2 10 0 0.01 0.0 0 6.4 16 360 M M 5 19 290
4 76 36 56 2 9 0 0.00 0.0 0 3.1 16 20 M M 0 20 360
5 72 39 56 2 9 0 0.00 0.0 0 3.8 14 70 M M 0 8 18 80
6 69 44 57 3 8 0 0.00 0.0 0 7.8 18 330 M M 4 23 320
7 69 36 53 -1 12 0 0.00 0.0 0 3.7 14 350 M M 0 20 310
8 74 32 53 -2 12 0 0.00 0.0 M 1.6 10 130 M M 0 16 160
9 75 34 55 0 10 0 0.00 0.0 M 2.0 13 170 M M 0 17 180
10 78 38 58 3 7 0 0.00 0.0 0 4.2 15 190 M M 0 23 140
11 80 46 63 8 2 0 0.00 0.0 0 4.0 14 140 M M 0 18 120
12 82 46 64 8 1 0 0.00 0.0 0 1.3 12 190 M M 0 18 14 270
13 84 50 67 11 0 2 0.00 0.0 0 1.9 9 240 M M 0 18 12 330
14 85 51 68 12 0 3 0.00 0.0 0 3.5 12 240 M M 0 18 16 250
15 80 56 68 12 0 3 0.05 0.0 0 5.1 18 210 M M 4 18 24 220
16 79 65 72 16 0 7 1.55 0.0 0 6.0 23 180 M M 9 13 36 180
17 82 64 73 16 0 8 0.28 0.0 0 8.0 21 300 M M 8 138 30 190
18 74 50 62 5 3 0 1.15 0.0 0 12.8 35 130 M M 6 13 53 120
19 58 49 54 -3 11 0 0.00 0.0 0 8.8 16 330 M M 10 20 320
20 65 44 55 -2 10 0 0.00 0.0 0 7.3 17 80 M M 6 23 80
21 72 38 55 -3 10 0 T 0.0 0 4.8 14 40 M M 6 18 40
22 78 53 66 8 0 1 0.00 0.0 0 6.5 16 130 M M 4 23 130
23 74 60 67 9 0 2 1.32 0.0 0 7.8 22 130 M M 6 1 29 140
24 73 60 67 9 0 2 0.10 0.0 M 5.9 18 160 M M 8 1 29 160
25 85 64 75 17 0 10 0.50 0.0 0 12.9 25 190 M M 8 13 38 190
26 81 68 75 17 0 10 0.33 0.0 0 4.8 14 330 M M 10 1238 18 210
27 86 70 78 19 0 13 T 0.0 0 8.0 18 210 M M 5 1 24 200
28 82 56 69 10 0 4 0.41 0.0 0 7.8 24 330 M M 5 13 31 330
29 74 47 61 2 4 0 0.00 0.0 0 4.4 14 30 M M 0 18 30
30 82 49 66 7 0 1 0.02 0.0 0 4.0 14 150 M M 4 17 200
31 85 50 68 8 0 3 1.25 0.0 M 8.4 24 320 M M 9 1238 31 320
================================================================================
SM 2355 1541 131 71 8.68 0.0 183.3 M 134
================================================================================
AV 76.0 49.7 5.9 FASTST M M 4 MAX(MPH)
MISC ----> 35 130 53 120
================================================================================
NOTES:
# LAST OF SEVERAL OCCURRENCES
COLUMN 17 PEAK WIND IN M.P.H.
PRELIMINARY LOCAL CLIMATOLOGICAL DATA (WS FORM: F-6) , PAGE 2
STATION: TROY
MONTH: MARCH
YEAR: 2021
LATITUDE: 31 51 N
LONGITUDE: 86 1 W
[TEMPERATURE DATA] [PRECIPITATION DATA] SYMBOLS USED IN COLUMN 16
AVERAGE MONTHLY: 62.8 TOTAL FOR MONTH: 8.68 1 = FOG OR MIST
DPTR FM NORMAL: 6.4 DPTR FM NORMAL: 2.65 2 = FOG REDUCING VISIBILITY
HIGHEST: 86 ON 27 GRTST 24HR 1.69 ON 2- 3 TO 1/4 MILE OR LESS
LOWEST: 32 ON 8 3 = THUNDER
SNOW, ICE PELLETS, HAIL 4 = ICE PELLETS
TOTAL MONTH: 0.0 INCH 5 = HAIL
GRTST 24HR 0.0 6 = FREEZING RAIN OR DRIZZLE
GRTST DEPTH: 0 7 = DUSTSTORM OR SANDSTORM:
VSBY 1/2 MILE OR LESS
8 = SMOKE OR HAZE
[NO. OF DAYS WITH] [WEATHER - DAYS WITH] 9 = BLOWING SNOW
X = TORNADO
MAX 32 OR BELOW: 0 0.01 INCH OR MORE: 14
MAX 90 OR ABOVE: 0 0.10 INCH OR MORE: 10
MIN 32 OR BELOW: 1 0.50 INCH OR MORE: 6
MIN 0 OR BELOW: 0 1.00 INCH OR MORE: 5
[HDD (BASE 65) ]
TOTAL THIS MO. 131 CLEAR (SCALE 0-3) 11
DPTR FM NORMAL -151 PTCLDY (SCALE 4-7) 13
TOTAL FM JUL 1 1573 CLOUDY (SCALE 8-10) 7
DPTR FM NORMAL -628
[CDD (BASE 65) ]
TOTAL THIS MO. 71
DPTR FM NORMAL 57 [PRESSURE DATA]
TOTAL FM JAN 1 97 HIGHEST SLP 30.57 ON 8
DPTR FM NORMAL 78 LOWEST SLP 29.65 ON 18
[REMARKS]
#FINAL-03-21#