000
CXUS51 KCLE 010800
CF6TOL
PRELIMINARY LOCAL CLIMATOLOGICAL DATA (WS FORM: F-6)
STATION: TOLEDO OH
MONTH: JULY
YEAR: 2022
LATITUDE: 41 35 N
LONGITUDE: 83 48 W
TEMPERATURE IN F: :PCPN: SNOW: WIND :SUNSHINE: SKY :PK WND
================================================================================
1 2 3 4 5 6A 6B 7 8 9 10 11 12 13 14 15 16 17 18
12Z AVG MX 2MIN
DY MAX MIN AVG DEP HDD CDD WTR SNW DPTH SPD SPD DIR MIN PSBL S-S WX SPD DR
================================================================================
1 93 68 81 6 0 16 0.57 0.0 0 8.6 23 310 M M 4 3 30 300
2 86 64 75 0 0 10 0.00 0.0 0 5.3 14 260 M M 1 19 280
3 89 62 76 1 0 11 0.00 0.0 0 3.0 9 210 M M 1 12 250
4 92 63 78 3 0 13 0.00 0.0 0 4.3 12 220 M M 1 18 200
5 91 71 81 6 0 16 1.27 0.0 0 10.9 26 280 M M 5 3 38 230
6 79 68 74 -1 0 9 0.47 0.0 0 6.2 16 70 M M 7 138 20 60
7 86 63 75 -1 0 10 0.00 0.0 0 3.3 10 50 M M 1 8 14 50
8 82 68 75 -1 0 10 T 0.0 0 3.5 12 60 M M 4 14 30
9 82 62 72 -4 0 7 0.00 0.0 0 9.3 17 50 M M 0 22 60
10 84 57 71 -5 0 6 0.00 0.0 0 4.1 12 70 M M 0 15 60
11 87 57 72 -4 0 7 0.00 0.0 0 7.0 21 230 M M 2 32 230
12 86 69 78 2 0 13 0.00 0.0 0 10.9 22 260 M M 2 27 260
13 86 63 75 -1 0 10 0.87 0.0 0 4.2 36 320 M M 3 138 51 310
14 84 62 73 -3 0 8 0.00 0.0 0 3.9 13 20 M M 1 18 18 20
15 83 58 71 -5 0 6 0.14 0.0 0 2.8 14 290 M M 3 18 18 280
16 82 69 76 0 0 11 0.70 0.0 0 2.9 9 160 M M 8 18 15 190
17 78 71 75 -1 0 10 0.23 0.0 0 4.7 12 60 M M 8 138 15 190
18 89 71 80 4 0 15 0.00 0.0 0 6.2 13 270 M M 4 18 16 280
19 91 69 80 4 0 15 0.00 0.0 0 7.0 16 240 M M 0 20 240
20 95 73 84 8 0 19 T 0.0 0 12.3 29 240 M M 2 3 40 240
21 91 72 82 7 0 17 0.04 0.0 0 11.7 21 270 M M 1 3 27 260
22 89 69 79 4 0 14 T 0.0 0 8.0 17 270 M M 1 23 250
23 89 69 79 4 0 14 0.13 0.0 0 8.6 44 250 M M 4 3 52 240
24 88 71 80 5 0 15 0.09 0.0 0 11.2 25 240 M M 4 3 32 250
25 81 64 73 -2 0 8 0.00 0.0 0 7.0 12 280 M M 2 17 310
26 82 59 71 -4 0 6 0.00 0.0 0 3.5 12 240 M M 0 15 200
27 86 66 76 1 0 11 T 0.0 0 5.9 17 250 M M 9 1 22 240
28 87 69 78 3 0 13 0.00 0.0 0 10.9 26 250 M M 3 34 250
29 83 60 72 -3 0 7 0.00 0.0 0 6.2 16 300 M M 3 23 260
30 85 59 72 -3 0 7 0.00 0.0 0 3.8 9 230 M M 1 13 220
31 87 61 74 -1 0 9 0.00 0.0 0 3.9 12 200 M M 1 15 240
================================================================================
SM 2673 2027 0 343 4.51 0.0 201.1 M 86
================================================================================
AV 86.2 65.4 6.5 FASTST M M 3 MAX(MPH)
MISC ----> 44 250 52 240
================================================================================
NOTES:
# LAST OF SEVERAL OCCURRENCES
COLUMN 17 PEAK WIND IN M.P.H.
PRELIMINARY LOCAL CLIMATOLOGICAL DATA (WS FORM: F-6) , PAGE 2
STATION: TOLEDO OH
MONTH: JULY
YEAR: 2022
LATITUDE: 41 35 N
LONGITUDE: 83 48 W
[TEMPERATURE DATA] [PRECIPITATION DATA] SYMBOLS USED IN COLUMN 16
AVERAGE MONTHLY: 75.8 TOTAL FOR MONTH: 4.51 1 = FOG OR MIST
DPTR FM NORMAL: 0.4 DPTR FM NORMAL: 1.24 2 = FOG REDUCING VISIBILITY
HIGHEST: 95 ON 20 GRTST 24HR 1.69 ON 5- 6 TO 1/4 MILE OR LESS
LOWEST: 57 ON 11,10 3 = THUNDER
SNOW, ICE PELLETS, HAIL 4 = ICE PELLETS
TOTAL MONTH: 0.0 INCH 5 = HAIL
GRTST 24HR 0.0 6 = FREEZING RAIN OR DRIZZLE
GRTST DEPTH: 0 7 = DUSTSTORM OR SANDSTORM:
VSBY 1/2 MILE OR LESS
8 = SMOKE OR HAZE
[NO. OF DAYS WITH] [WEATHER - DAYS WITH] 9 = BLOWING SNOW
X = TORNADO
MAX 32 OR BELOW: 0 0.01 INCH OR MORE: 10
MAX 90 OR ABOVE: 6 0.10 INCH OR MORE: 8
MIN 32 OR BELOW: 0 0.50 INCH OR MORE: 4
MIN 0 OR BELOW: 0 1.00 INCH OR MORE: 1
[HDD (BASE 65) ]
TOTAL THIS MO. 0 CLEAR (SCALE 0-3) 19
DPTR FM NORMAL -1 PTCLDY (SCALE 4-7) 9
TOTAL FM JUL 1 0 CLOUDY (SCALE 8-10) 3
DPTR FM NORMAL 0
[CDD (BASE 65) ]
TOTAL THIS MO. 343
DPTR FM NORMAL 21 [PRESSURE DATA]
TOTAL FM JAN 1 757 HIGHEST SLP 30.21 ON 30
DPTR FM NORMAL 136 LOWEST SLP 29.81 ON 27
[REMARKS]
#FINAL-07-22#