000
CXUS51 KCLE 010800
CF6TOL
PRELIMINARY LOCAL CLIMATOLOGICAL DATA (WS FORM: F-6)
STATION: TOLEDO OH
MONTH: JUNE
YEAR: 2021
LATITUDE: 41 35 N
LONGITUDE: 83 48 W
TEMPERATURE IN F: :PCPN: SNOW: WIND :SUNSHINE: SKY :PK WND
================================================================================
1 2 3 4 5 6A 6B 7 8 9 10 11 12 13 14 15 16 17 18
12Z AVG MX 2MIN
DY MAX MIN AVG DEP HDD CDD WTR SNW DPTH SPD SPD DIR MIN PSBL S-S WX SPD DR
================================================================================
1 77 57 67 0 0 2 0.00 0.0 0 2.6 9 130 M M 7 11 160
2 65 57 61 -7 4 0 0.76 0.0 0 3.0 10 170 M M 8 1 15 170
3 80 61 71 3 0 6 0.00 0.0 0 4.0 9 210 M M 6 1 16 250
4 90 63 77 9 0 12 0.00 0.0 0 8.9 23 260 M M 4 27 260
5 89 69 79 10 0 14 0.00 0.0 0 11.5 24 240 M M 0 29 240
6 91 65 78 9 0 13 0.00 0.0 0 7.0 16 250 M M 2 23 230
7 83 72 78 9 0 13 0.13 0.0 0 5.3 18 190 M M 5 1 27 190
8 86 69 78 8 0 13 0.54 0.0 0 3.8 24 230 M M 3 13 29 230
9 87 68 78 8 0 13 0.27 0.0 0 3.4 17 90 M M 2 18 22 90
10 87 69 78 8 0 13 0.00 0.0 0 6.3 15 80 M M 2 128 21 70
11 87 67 77 6 0 12 0.04 0.0 0 5.8 24 350 M M 1 32 330
12 88 69 79 8 0 14 0.00 0.0 0 4.0 9 320 M M 3 18 12 60
13 86 66 76 5 0 11 0.00 0.0 0 7.6 18 360 M M 1 18 24 360
14 83 62 73 1 0 8 0.01 0.0 0 7.9 21 290 M M 3 3 27 330
15 80 57 69 -3 0 4 0.00 0.0 0 7.9 20 10 M M 1 25 10
16 79 52 66 -6 0 1 0.00 0.0 0 4.5 15 10 M M 0 20 310
17 88 51 70 -2 0 5 0.00 0.0 0 5.3 13 240 M M 0 20 250
18 83 64 74 2 0 9 0.25 0.0 0 8.1 23 230 M M 3 138 30 220
19 85 70 78 5 0 13 0.00 0.0 0 8.0 21 240 M M 2 18 28 230
20 91 68 80 7 0 15 1.13 0.0 0 5.8 37 260 M M 3 138 50 240
21 81 59 70 -3 0 5 0.19 0.0 0 12.6 29 280 M M 5 13 47 290
22 71 47 59 -15 6 0 0.00 0.0 0 6.1 20 280 M M 3 8 23 280
23 76 54 65 -9 0 0 0.01 0.0 0 4.8 15 200 M M 6 19 180
24 84 62 73 -1 0 8 0.00 0.0 0 6.7 17 220 M M 3 23 210
25 77 70 74 0 0 9 1.49 0.0 0 7.9 20 230 M M 9 1238 25 240
26 86 75 81 7 0 16 0.04 0.0 0 12.5 23 210 M M 5 1 33 210
27 88 75 82 8 0 17 0.00 0.0 0 11.5 22 240 M M 3 30 230
28 93 73 83 8 0 18 0.00 0.0 0 4.9 15 250 M M 3 18 240
29 93 72 83 8 0 18 T 0.0 0 5.5 16 310 M M 1 3 22 310
30 79 72 76 1 0 11 0.53 0.0 0 7.1 13 280 M M 5 138 16 260
================================================================================
SM 2513 1935 10 293 5.39 0.0 200.3 M 99
================================================================================
AV 83.8 64.5 6.7 FASTST M M 3 MAX(MPH)
MISC ----> 37 260 50 240
================================================================================
NOTES:
# LAST OF SEVERAL OCCURRENCES
COLUMN 17 PEAK WIND IN M.P.H.
PRELIMINARY LOCAL CLIMATOLOGICAL DATA (WS FORM: F-6) , PAGE 2
STATION: TOLEDO OH
MONTH: JUNE
YEAR: 2021
LATITUDE: 41 35 N
LONGITUDE: 83 48 W
[TEMPERATURE DATA] [PRECIPITATION DATA] SYMBOLS USED IN COLUMN 16
AVERAGE MONTHLY: 74.1 TOTAL FOR MONTH: 5.39 1 = FOG OR MIST
DPTR FM NORMAL: 2.5 DPTR FM NORMAL: 1.94 2 = FOG REDUCING VISIBILITY
HIGHEST: 93 ON 29,28 GRTST 24HR 1.53 ON 25-26 TO 1/4 MILE OR LESS
LOWEST: 47 ON 22 3 = THUNDER
SNOW, ICE PELLETS, HAIL 4 = ICE PELLETS
TOTAL MONTH: 0.0 INCH 5 = HAIL
GRTST 24HR 0.0 6 = FREEZING RAIN OR DRIZZLE
GRTST DEPTH: 0 7 = DUSTSTORM OR SANDSTORM:
VSBY 1/2 MILE OR LESS
8 = SMOKE OR HAZE
[NO. OF DAYS WITH] [WEATHER - DAYS WITH] 9 = BLOWING SNOW
X = TORNADO
MAX 32 OR BELOW: 0 0.01 INCH OR MORE: 13
MAX 90 OR ABOVE: 5 0.10 INCH OR MORE: 9
MIN 32 OR BELOW: 0 0.50 INCH OR MORE: 5
MIN 0 OR BELOW: 0 1.00 INCH OR MORE: 2
[HDD (BASE 65) ]
TOTAL THIS MO. 10 CLEAR (SCALE 0-3) 17
DPTR FM NORMAL -10 PTCLDY (SCALE 4-7) 12
TOTAL FM JUL 1 5387 CLOUDY (SCALE 8-10) 1
DPTR FM NORMAL -251
[CDD (BASE 65) ]
TOTAL THIS MO. 293
DPTR FM NORMAL 75 [PRESSURE DATA]
TOTAL FM JAN 1 397 HIGHEST SLP 30.25 ON 1
DPTR FM NORMAL 98 LOWEST SLP 29.50 ON 21
[REMARKS]
#FINAL-06-21#