801
CXUS52 KTBW 051618
CF6TPA
PRELIMINARY LOCAL CLIMATOLOGICAL DATA (WS FORM: F-6)
STATION: TAMPA
MONTH: DECEMBER
YEAR: 2020
LATITUDE: 27 58 N
LONGITUDE: 82 32 W
TEMPERATURE IN F: :PCPN: SNOW: WIND :SUNSHINE: SKY :PK WND
================================================================================
1 2 3 4 5 6A 6B 7 8 9 10 11 12 13 14 15 16 17 18
12Z AVG MX 2MIN
DY MAX MIN AVG DEP HDD CDD WTR SNW DPTH SPD SPD DIR MIN PSBL S-S WX SPD DR
================================================================================
1 60 45 53 -13 12 0 0.00 0.0 0 9.4 20 330 M M 3 26 330
2 63 40 52 -14 13 0 0.00 0.0 0 5.9 13 30 M M 3 18 10
3 74 45 60 -6 5 0 0.00 0.0 0 5.2 13 110 M M 5 18 110
4 74 63 69 4 0 4 0.00 0.0 0 4.1 12 130 M M 8 17 130
5 77 55 66 1 0 1 0.00 0.0 0 6.9 13 340 M M 5 1 22 280
6 73 52 63 -2 2 0 0.23 0.0 0 4.8 13 340 M M 7 1 17 270
7 66 53 60 -5 5 0 0.33 0.0 0 9.2 20 280 M M 7 1 26 300
8 57 44 51 -13 14 0 0.00 0.0 0 7.0 15 320 M M 1 23 270
9 66 44 55 -9 10 0 0.00 0.0 0 5.2 13 300 M M 0 8 20 280
10 72 49 61 -3 4 0 0.00 0.0 0 2.8 9 270 M M 4 12 250
11 73 53 63 -1 2 0 0.00 0.0 0 3.6 13 120 M M 1 16 130
12 78 59 69 5 0 4 T 0.0 0 3.1 9 180 M M 6 8 13 110
13 78 62 70 6 0 5 0.00 0.0 0 2.5 9 210 M M 5 1 11 210
14 76 64 70 7 0 5 0.06 0.0 0 7.3 16 200 M M 7 1 20 170
15 71 58 65 2 0 0 0.00 0.0 0 5.5 13 270 M M 4 21 270
16 75 57 66 3 0 1 0.85 0.0 0 6.6 24 330 M M 8 13 31 300
17 68 50 59 -4 6 0 0.00 0.0 0 10.1 17 340 M M 7 25 320
18 63 41 52 -11 13 0 0.00 0.0 0 7.7 15 20 M M 3 21 20
19 75 47 61 -1 4 0 0.00 0.0 0 4.9 10 30 M M 2 15 40
20 71 57 64 2 1 0 0.72 0.0 0 5.4 24 180 M M 7 13 31 180
21 70 54 62 0 3 0 0.12 0.0 0 8.8 17 310 M M 5 1 23 280
22 73 51 62 0 3 0 0.00 0.0 0 5.4 13 10 M M 5 19 20
23 75 48 62 0 3 0 0.00 0.0 0 4.3 13 150 M M 2 19 100
24 76 52 64 2 1 0 0.41 0.0 0 10.0 38 240 M M 7 18 59 250
25 57 45 51 -11 14 0 0.04 0.0 0 10.2 23 330 M M 6 1 35 320
26 55 37 46 -15 19 0 0.00 0.0 0 7.2 14 350 M M 3 18 280
27 70 39 55 -6 10 0 0.00 0.0 0 5.3 10 100 M M 2 18 90
28 75 52 64 3 1 0 0.00 0.0 0 5.4 10 60 M M 3 19 100
29 76 53 65 4 0 0 0.00 0.0 0 5.7 13 100 M M 2 21 90
30 81 59 70 9 0 5 0.03 0.0 0 6.4 15 110 M M 6 23 120
31 82 68 75 14 0 10 0.00 0.0 0 8.5 16 140 M M 7 24 150
================================================================================
SM 2200 1596 145 35 2.79 0.0 194.4 M 141
================================================================================
AV 71.0 51.5 6.3 FASTST M M 5 MAX(MPH)
MISC ----> 38 240 59 250
================================================================================
NOTES:
# LAST OF SEVERAL OCCURRENCES
COLUMN 17 PEAK WIND IN M.P.H.
PRELIMINARY LOCAL CLIMATOLOGICAL DATA (WS FORM: F-6) , PAGE 2
STATION: TAMPA
MONTH: DECEMBER
YEAR: 2020
LATITUDE: 27 58 N
LONGITUDE: 82 32 W
[TEMPERATURE DATA] [PRECIPITATION DATA] SYMBOLS USED IN COLUMN 16
AVERAGE MONTHLY: 61.2 TOTAL FOR MONTH: 2.79 1 = FOG OR MIST
DPTR FM NORMAL: -1.9 DPTR FM NORMAL: 0.32 2 = FOG REDUCING VISIBILITY
HIGHEST: 82 ON 31 GRTST 24HR 0.85 ON 16-16 TO 1/4 MILE OR LESS
LOWEST: 37 ON 26 3 = THUNDER
SNOW, ICE PELLETS, HAIL 4 = ICE PELLETS
TOTAL MONTH: 0.0 INCH 5 = HAIL
GRTST 24HR 0.0 6 = FREEZING RAIN OR DRIZZLE
GRTST DEPTH: 0 7 = DUSTSTORM OR SANDSTORM:
VSBY 1/2 MILE OR LESS
8 = SMOKE OR HAZE
[NO. OF DAYS WITH] [WEATHER - DAYS WITH] 9 = BLOWING SNOW
X = TORNADO
MAX 32 OR BELOW: 0 0.01 INCH OR MORE: 9
MAX 90 OR ABOVE: 0 0.10 INCH OR MORE: 6
MIN 32 OR BELOW: 0 0.50 INCH OR MORE: 2
MIN 0 OR BELOW: 0 1.00 INCH OR MORE: 0
[HDD (BASE 65) ]
TOTAL THIS MO. 145 CLEAR (SCALE 0-3) 10
DPTR FM NORMAL 6 PTCLDY (SCALE 4-7) 21
TOTAL FM JUL 1 145 CLOUDY (SCALE 8-10) 0
DPTR FM NORMAL -38
[CDD (BASE 65) ]
TOTAL THIS MO. 35
DPTR FM NORMAL -45 [PRESSURE DATA]
TOTAL FM JAN 1 4539 HIGHEST SLP 30.36 ON 18
DPTR FM NORMAL 929 LOWEST SLP 29.78 ON 7
[REMARKS]
#FINAL-12-20#