000
CXUS54 KMRX 011030
CF6TRI
PRELIMINARY LOCAL CLIMATOLOGICAL DATA (WS FORM: F-6)
STATION: TRI-CITIES AIRPORT
MONTH: JUNE
YEAR: 2021
LATITUDE: 36 28 N
LONGITUDE: 82 24 W
TEMPERATURE IN F: :PCPN: SNOW: WIND :SUNSHINE: SKY :PK WND
================================================================================
1 2 3 4 5 6A 6B 7 8 9 10 11 12 13 14 15 16 17 18
12Z AVG MX 2MIN
DY MAX MIN AVG DEP HDD CDD WTR SNW DPTH SPD SPD DIR MIN PSBL S-S WX SPD DR
================================================================================
1 80 54 67 -2 0 2 0.00 0.0 0 1.7 8 280 M M 7 12 290
2 77 58 68 -1 0 3 0.00 0.0 0 2.1 12 190 M M 9 16 190
3 75 63 69 0 0 4 0.12 0.0 0 1.4 14 310 M M 9 1 23 320
4 83 61 72 2 0 7 T 0.0 0 3.6 12 280 M M 6 17 270
5 89 56 73 3 0 8 0.00 0.0 0 1.9 13 250 M M 4 1 21 250
6 88 67 78 8 0 13 0.01 0.0 0 1.3 8 240 M M 8 1 10 160
7 88 67 78 8 0 13 0.31 0.0 0 3.1 31 240 M M 7 13 44 220
8 89 65 77 6 0 12 0.60 0.0 0 0.9 38 220 M M 6 13 47 220
9 84 66 75 4 0 10 0.20 0.0 0 2.7 10 270 M M 9 123 14 230
10 85 69 77 6 0 12 0.21 0.0 0 4.1 18 240 M M 8 1 23 240
11 80 69 75 4 0 10 1.04 0.0 0 3.2 18 330 M M 9 1238 26 320
12 85 69 77 5 0 12 0.08 0.0 0 4.7 13 340 M M 8 138 19 350
13 90 64 77 5 0 12 0.03 0.0 0 2.3 15 320 M M 5 123 22 310
14 90 66 78 6 0 13 T 0.0 0 3.8 15 280 M M 5 1 21 300
15 82 60 71 -1 0 6 0.00 0.0 0 6.6 16 350 M M 4 22 360
16 82 55 69 -4 0 4 0.00 0.0 0 3.5 13 320 M M 3 18 340
17 82 51 67 -6 0 2 0.00 0.0 0 1.8 8 10 M M 1 14 350
18 86 53 70 -3 0 5 0.00 0.0 0 3.3 13 220 M M 3 20 290
19 86 62 74 1 0 9 0.00 0.0 0 5.4 20 220 M M 8 26 220
20 91 66 79 6 0 14 0.00 0.0 0 2.9 10 300 M M 8 16 350
21 92 69 81 7 0 16 0.18 0.0 0 9.3 25 230 M M 6 13 32 260
22 79 62 71 -3 0 6 0.53 0.0 0 5.4 14 330 M M 8 1 23 310
23 83 54 69 -5 0 4 0.00 0.0 0 2.5 8 110 M M 4 11 110
24 85 58 72 -2 0 7 0.00 0.0 0 4.1 10 110 M M 4 16 100
25 85 59 72 -2 0 7 0.00 0.0 0 3.6 10 130 M M 4 16 150
26 89 56 73 -1 0 8 0.00 0.0 0 2.6 9 260 M M 6 13 170
27 89 64 77 2 0 12 0.23 0.0 0 1.3 15 170 M M 5 13 24 170
28 91 67 79 4 0 14 0.08 0.0 0 2.4 18 130 M M 3 138 29 130
29 89 65 77 2 0 12 0.00 0.0 0 5.8 15 110 M M 4 21 140
30 91 66 79 4 0 14 0.00 0.0 0 3.3 14 230 M M 4 1 19 270
================================================================================
SM 2565 1861 0 271 3.62 0.0 100.6 M 175
================================================================================
AV 85.5 62.0 3.4 FASTST M M 6 MAX(MPH)
MISC ----> 38 220 47 220
================================================================================
NOTES:
# LAST OF SEVERAL OCCURRENCES
COLUMN 17 PEAK WIND IN M.P.H.
PRELIMINARY LOCAL CLIMATOLOGICAL DATA (WS FORM: F-6) , PAGE 2
STATION: TRI-CITIES AIRPORT
MONTH: JUNE
YEAR: 2021
LATITUDE: 36 28 N
LONGITUDE: 82 24 W
[TEMPERATURE DATA] [PRECIPITATION DATA] SYMBOLS USED IN COLUMN 16
AVERAGE MONTHLY: 73.8 TOTAL FOR MONTH: 3.62 1 = FOG OR MIST
DPTR FM NORMAL: 1.5 DPTR FM NORMAL: -0.30 2 = FOG REDUCING VISIBILITY
HIGHEST: 92 ON 21 GRTST 24HR 1.11 ON 11-12 TO 1/4 MILE OR LESS
LOWEST: 51 ON 17 3 = THUNDER
SNOW, ICE PELLETS, HAIL 4 = ICE PELLETS
TOTAL MONTH: 0.0 INCH 5 = HAIL
GRTST 24HR 0.0 6 = FREEZING RAIN OR DRIZZLE
GRTST DEPTH: 0 7 = DUSTSTORM OR SANDSTORM:
VSBY 1/2 MILE OR LESS
8 = SMOKE OR HAZE
[NO. OF DAYS WITH] [WEATHER - DAYS WITH] 9 = BLOWING SNOW
X = TORNADO
MAX 32 OR BELOW: 0 0.01 INCH OR MORE: 13
MAX 90 OR ABOVE: 6 0.10 INCH OR MORE: 9
MIN 32 OR BELOW: 0 0.50 INCH OR MORE: 3
MIN 0 OR BELOW: 0 1.00 INCH OR MORE: 1
[HDD (BASE 65) ]
TOTAL THIS MO. 0 CLEAR (SCALE 0-3) 2
DPTR FM NORMAL -7 PTCLDY (SCALE 4-7) 21
TOTAL FM JUL 1 3882 CLOUDY (SCALE 8-10) 7
DPTR FM NORMAL -264
[CDD (BASE 65) ]
TOTAL THIS MO. 271
DPTR FM NORMAL 46 [PRESSURE DATA]
TOTAL FM JAN 1 364 HIGHEST SLP 30.26 ON 1
DPTR FM NORMAL 44 LOWEST SLP 29.70 ON 21
[REMARKS]
#FINAL-06-21#