000
CXUS54 KFWD 010731
CF6TRL
PRELIMINARY LOCAL CLIMATOLOGICAL DATA (WS FORM: F-6)
STATION: TERRELL
MONTH: AUGUST
YEAR: 2020
LATITUDE: 32 42 N
LONGITUDE: 96 16 W
TEMPERATURE IN F: :PCPN: SNOW: WIND :SUNSHINE: SKY :PK WND
================================================================================
1 2 3 4 5 6A 6B 7 8 9 10 11 12 13 14 15 16 17 18
12Z AVG MX 2MIN
DY MAX MIN AVG DEP HDD CDD WTR SNW DPTH SPD SPD DIR MIN PSBL S-S WX SPD DR
================================================================================
1 92 69 81 -4 0 16 0.00 0.0 0 3.8 10 360 M M 2 17 30
2 95 68 82 -3 0 17 0.00 0.0 0 3.5 15 300 M M 1 22 300
3 96 68 82 -3 0 17 0.00 0.0 0 4.7 15 30 M M 1 20 20
4 94 68 81 -4 0 16 0.00 0.0 0 5.7 14 40 M M 1 17 40
5 88 74 81 -4 0 16 0.01 0.0 0 9.3 20 340 M M 3 32 340
6 96 73 85 0 0 20 0.00 0.0 0 8.0 17 150 M M 0 1 24 160
7 97 75 86 1 0 21 0.00 0.0 0 9.8 17 170 M M 0 28 150
8 97 77 87 2 0 22 0.00 0.0 0 9.8 17 170 M M 0 27 130
9 98 77 88 3 0 23 0.00 0.0 0 10.4 18 190 M M 1 26 160
10 98 76 87 2 0 22 0.00 0.0 0 10.5 20 200 M M 1 27 190
11 98 78 88 3 0 23 0.00 0.0 0 10.8 20 180 M M 1 26 190
12 100 78 89 4 0 24 0.00 0.0 0 8.9 24 70 M M 1 3 33 80
13 101 76 89 4 0 24 0.00 0.0 0 8.4 17 160 M M 0 24 170
14 100 79 90 5 0 25 0.00 0.0 0 10.2 18 170 M M 0 27 140
15 103 78 91 6 0 26 0.00 0.0 0 7.0 14 220 M M 0 21 200
16 103 71 87 2 0 22 M 0.0 0 5.0 31 330 M M 2 3 49 330
17 94 71 83 -2 0 18 T 0.0 0 3.5 14 250 M M 0 3 18 220
18 97 71 84 -1 0 19 0.00 0.0 0 7.5 18 20 M M 0 18 28 50
19 94 64 79 -6 0 14 0.00 0.0 0 5.2 15 30 M M 0 24 50
20 92 67 80 -5 0 15 0.00 0.0 0 5.1 15 30 M M 0 23 60
21 95 64 80 -5 0 15 0.00 0.0 0 3.2 13 80 M M 0 18 80
22 96 72 84 0 0 19 0.00 0.0 0 5.5 13 110 M M 2 19 180
23 96 67 82 -2 0 17 0.00 0.0 0 4.5 14 130 M M 1 20 130
24 97 69 83 -1 0 18 0.00 0.0 0 5.4 18 40 M M 0 25 60
25 97 72 85 1 0 20 0.00 0.0 0 6.6 16 50 M M 1 27 30
26 93 72 83 -1 0 18 1.44 0.0 0 8.3 22 30 M M 5 13 30 60
27 93 72 83 -1 0 18 0.00 0.0 0 6.0 14 10 M M 3 20 70
28 101 74 88 5 0 23 T 0.0 0 9.6 20 150 M M 1 27 160
29 102 76 89 6 0 24 0.00 0.0 0 10.7 18 160 M M 0 27 160
30 94 72 83 0 0 18 0.52 0.0 0 9.7 23 90 M M 4 13 33 100
31 97 78 88 6 0 23 0.00 0.0 0 10.0 21 180 M M 2 28 180
================================================================================
SM 2994 2246 0 613 1.97 0.0 226.6 M 33
================================================================================
AV 96.6 72.5 7.3 FASTST M M 1 MAX(MPH)
MISC ----> # 31 330 # 49 330
================================================================================
NOTES:
# LAST OF SEVERAL OCCURRENCES
COLUMN 17 PEAK WIND IN M.P.H.
PRELIMINARY LOCAL CLIMATOLOGICAL DATA (WS FORM: F-6) , PAGE 2
STATION: TERRELL
MONTH: AUGUST
YEAR: 2020
LATITUDE: 32 42 N
LONGITUDE: 96 16 W
[TEMPERATURE DATA] [PRECIPITATION DATA] SYMBOLS USED IN COLUMN 16
AVERAGE MONTHLY: 84.5 TOTAL FOR MONTH: 1.97 1 = FOG OR MIST
DPTR FM NORMAL: -0.2 DPTR FM NORMAL: -0.15 2 = FOG REDUCING VISIBILITY
HIGHEST: 103 ON 16,15 GRTST 24HR 1.44 ON 26-26 TO 1/4 MILE OR LESS
LOWEST: 64 ON 21,19 3 = THUNDER
SNOW, ICE PELLETS, HAIL 4 = ICE PELLETS
TOTAL MONTH: 0.0 INCH 5 = HAIL
GRTST 24HR 0.0 6 = FREEZING RAIN OR DRIZZLE
GRTST DEPTH: 0 7 = DUSTSTORM OR SANDSTORM:
VSBY 1/2 MILE OR LESS
8 = SMOKE OR HAZE
[NO. OF DAYS WITH] [WEATHER - DAYS WITH] 9 = BLOWING SNOW
X = TORNADO
MAX 32 OR BELOW: 0 0.01 INCH OR MORE: 3
MAX 90 OR ABOVE: 30 0.10 INCH OR MORE: 2
MIN 32 OR BELOW: 0 0.50 INCH OR MORE: 2
MIN 0 OR BELOW: 0 1.00 INCH OR MORE: 1
[HDD (BASE 65) ]
TOTAL THIS MO. 0 CLEAR (SCALE 0-3) 29
DPTR FM NORMAL 0 PTCLDY (SCALE 4-7) 2
TOTAL FM JUL 1 0 CLOUDY (SCALE 8-10) 0
DPTR FM NORMAL 0
[CDD (BASE 65) ]
TOTAL THIS MO. 613
DPTR FM NORMAL 3 [PRESSURE DATA]
TOTAL FM JAN 1 2138 HIGHEST SLP M ON M
DPTR FM NORMAL 106 LOWEST SLP 29.63 ON 30
[REMARKS]
#FINAL-08-20#