333
CXUS56 KSGX 011145
CF6TRM
PRELIMINARY LOCAL CLIMATOLOGICAL DATA (WS FORM: F-6)
STATION: THERMAL AIRPORT CA
MONTH: DECEMBER
YEAR: 2020
LATITUDE: 33 37 N
LONGITUDE: 116 10 W
TEMPERATURE IN F: :PCPN: SNOW: WIND :SUNSHINE: SKY :PK WND
================================================================================
1 2 3 4 5 6A 6B 7 8 9 10 11 12 13 14 15 16 17 18
12Z AVG MX 2MIN
DY MAX MIN AVG DEP HDD CDD WTR SNW DPTH SPD SPD DIR MIN PSBL S-S WX SPD DR
================================================================================
1 79 34 57 2 8 0 0.00 0.0 0 3.8 10 120 M M 0 13 130
2 79 34 57 2 8 0 0.00 0.0 0 3.7 13 330 M M 0 8 17 10
3 71 38 55 1 10 0 0.00 0.0 0 5.8 13 310 M M 0 18 360
4 72 31 52 -2 13 0 0.00 0.0 0 3.4 10 340 M M 0 13 340
5 73 29 51 -3 14 0 0.00 0.0 0 2.7 9 340 M M 0 11 340
6 76 33 55 1 10 0 0.00 0.0 0 3.3 7 350 M M 0 9 140
7 75 45 60 6 5 0 0.00 0.0 0 5.2 10 10 M M 0 13 10
8 82 44 63 10 2 0 0.00 0.0 0 3.6 10 340 M M 0 8 12 340
9 75 39 57 4 8 0 0.00 0.0 0 3.3 9 330 M M 0 12 330
10 70 37 54 1 11 0 0.00 M M 4.0 10 340 M M 0 13 330
11 66 37 52 -1 13 0 0.00 M M 3.8 10 130 M M 0 13 320
12 62 39 51 -2 14 0 0.00 M M 3.9 9 170 M M 0 8 M M
13 67 36 52 -1 13 0 0.00 M M 3.8 12 20 M M M 16 10
14 72 35 54 1 11 0 0.00 M M 3.1 10 350 M M M 15 310
15 72 36 54 2 11 0 0.00 M M 7.0 16 350 M M M 21 300
16 70 31 51 -1 14 0 0.00 M M 3.4 10 10 M M M 12 150
17 64 36 50 -2 15 0 0.00 M M 3.7 10 140 M M M 12 140
18 73 35 54 2 11 0 0.00 M M M 14 290 M M M 18 290
19 74 35 55 3 10 0 0.00 M M 4.2 10 290 M M M 11 30
20 75 32 54 2 11 0 0.00 M M M M M M M M M M
21 74 34 54 2 11 0 0.00 M M 3.7 8 130 M M M 10 170
22 72 39 56 4 9 0 0.00 M M M M M M M M M M
23 74 39 57 4 8 0 0.00 M M 6.3 18 300 M M M 23 310
24 65 40 53 0 12 0 0.02 M M M M M M M M M M
25 72 34 53 0 12 0 0.00 M M M M M M M M M M
26 72 33 53 0 12 0 0.00 M M M M M M M M M M
27 70 39 55 2 10 0 0.00 M M 3.4 9 150 M M M 12 150
28 66 40 53 0 12 0 0.02 0.0 M 9.6 25 330 M M M 33 330
29 68 38 53 0 12 0 T 0.0 M 7.9 18 360 M M M 23 360
30 74 38 56 3 9 0 0.00 M M 5.3 16 300 M M 0 19 290
31 69 30 50 -3 15 0 0.00 M M 6.2 21 330 M M 2 25 330
================================================================================
SM 2223 1120 334 0 0.04 0.0 114.1 M 2
================================================================================
AV 71.7 36.1 4.6 FASTST M M 0 MAX(MPH)
MISC ----> 25 330 33 330
================================================================================
NOTES:
# LAST OF SEVERAL OCCURRENCES
COLUMN 17 PEAK WIND IN M.P.H.
PRELIMINARY LOCAL CLIMATOLOGICAL DATA (WS FORM: F-6) , PAGE 2
STATION: THERMAL AIRPORT CA
MONTH: DECEMBER
YEAR: 2020
LATITUDE: 33 37 N
LONGITUDE: 116 10 W
[TEMPERATURE DATA] [PRECIPITATION DATA] SYMBOLS USED IN COLUMN 16
AVERAGE MONTHLY: 53.9 TOTAL FOR MONTH: 0.04 1 = FOG OR MIST
DPTR FM NORMAL: 0.9 DPTR FM NORMAL: -0.31 2 = FOG REDUCING VISIBILITY
HIGHEST: 82 ON 8 GRTST 24HR 0.02 ON 24-24 TO 1/4 MILE OR LESS
LOWEST: 29 ON 5 3 = THUNDER
SNOW, ICE PELLETS, HAIL 4 = ICE PELLETS
TOTAL MONTH: 0.0 INCH 5 = HAIL
GRTST 24HR 0.0 6 = FREEZING RAIN OR DRIZZLE
GRTST DEPTH: 0 7 = DUSTSTORM OR SANDSTORM:
VSBY 1/2 MILE OR LESS
8 = SMOKE OR HAZE
[NO. OF DAYS WITH] [WEATHER - DAYS WITH] 9 = BLOWING SNOW
X = TORNADO
MAX 32 OR BELOW: 0 0.01 INCH OR MORE: 2
MAX 90 OR ABOVE: 0 0.10 INCH OR MORE: 0
MIN 32 OR BELOW: 5 0.50 INCH OR MORE: 0
MIN 0 OR BELOW: 0 1.00 INCH OR MORE: 0
[HDD (BASE 65) ]
TOTAL THIS MO. 334 CLEAR (SCALE 0-3) 14
DPTR FM NORMAL -37 PTCLDY (SCALE 4-7) 0
TOTAL FM JUL 1 448 CLOUDY (SCALE 8-10) 17
DPTR FM NORMAL -91
[CDD (BASE 65) ]
TOTAL THIS MO. 0
DPTR FM NORMAL -1 [PRESSURE DATA]
TOTAL FM JAN 1 4585 HIGHEST SLP 30.42 ON 24
DPTR FM NORMAL 898 LOWEST SLP 29.78 ON 28
[REMARKS]
#FINAL-12-20#