000
CXUS56 KPQR 011301
CF6TTD
PRELIMINARY LOCAL CLIMATOLOGICAL DATA (WS FORM: F-6)
STATION: TROUTDALE OR
MONTH: FEBRUARY
YEAR: 2023
LATITUDE: 45 33 N
LONGITUDE: 122 25 W
TEMPERATURE IN F: :PCPN: SNOW: WIND :SUNSHINE: SKY :PK WND
================================================================================
1 2 3 4 5 6A 6B 7 8 9 10 11 12 13 14 15 16 17 18
12Z AVG MX 2MIN
DY MAX MIN AVG DEP HDD CDD WTR SNW DPTH SPD SPD DIR MIN PSBL S-S WX SPD DR
================================================================================
1 48 31 40 -3 25 0 0.00 M M 11.6 22 90 M M 0 29 100
2 49 30 40 -3 25 0 0.00 M M 17.0 31 90 M M 0 39 100
3 55 40 48 5 17 0 0.05 M M 13.9 31 90 M M 7 18 40 90
4 50 42 46 3 19 0 0.01 M M 13.6 29 90 M M 9 1 34 90
5 52 45 49 6 16 0 0.31 M M 11.5 28 90 M M 10 33 90
6 53 42 48 5 17 0 0.03 M M 5.4 17 230 M M 10 1 22 230
7 52 44 48 5 17 0 0.12 M M 6.1 21 220 M M 9 28 220
8 53 34 44 0 21 0 0.00 M M 4.9 18 90 M M 4 18 23 90
9 56 44 50 6 15 0 T M M 17.3 25 90 M M 2 33 90
10 57 40 49 5 16 0 0.03 M M 5.8 14 80 M M 5 1 18 80
11 53 34 44 0 21 0 0.00 M M 2.6 9 250 M M 5 8 11 260
12 54 31 43 -1 22 0 T M M 2.0 9 250 M M 5 128 11 260
13 49 36 43 -1 22 0 0.17 M M 7.9 20 260 M M 9 1 33 260
14 44 34 39 -5 26 0 0.03 M M 3.5 14 210 M M 9 1 19 210
15 48 26 37 -7 28 0 0.00 M M 1.7 7 310 M M 0 128 9 280
16 51 31 41 -3 24 0 0.00 M M 2.5 10 100 M M 4 14 80
17 53 38 46 2 19 0 T M M 2.8 6 260 M M 10 8 9 270
18 54 37 46 1 19 0 0.02 M M 3.3 17 240 M M 10 18 20 240
19 51 38 45 0 20 0 0.00 M M 4.6 16 240 M M 10 18 21 240
20 54 47 51 6 14 0 T M M 10.2 26 220 M M 10 33 230
21 49 39 44 -1 21 0 0.14 M M 10.1 23 240 M M 9 28 240
22 39 30 35 -10 30 0 0.29 M M 13.9 26 90 M M 10 12 33 90
23 30 24 27 -18 38 0 T M M 22.1 32 80 M M 6 8 42 90
24 36 25 31 -15 34 0 0.00 M M 15.5 26 80 M M 0 8 37 90
25 42 25 34 -12 31 0 0.00 M M 10.6 21 100 M M 1 25 90
26 41 35 38 -8 27 0 0.34 M M 6.9 23 220 M M 10 1 30 220
27 42 35 39 -7 26 0 0.16 M M 11.8 21 90 M M 9 27 80
28 40 35 38 -8 27 0 0.10 M M 3.7 22 200 M M 10 1 28 190
================================================================================
SM 1355 992 637 0 1.80 M 242.8 M 183
================================================================================
AV 48.4 35.4 8.7 FASTST M M 7 MAX(MPH)
MISC ----> 32 80 42 90
================================================================================
NOTES:
# LAST OF SEVERAL OCCURRENCES
COLUMN 17 PEAK WIND IN M.P.H.
PRELIMINARY LOCAL CLIMATOLOGICAL DATA (WS FORM: F-6) , PAGE 2
STATION: TROUTDALE OR
MONTH: FEBRUARY
YEAR: 2023
LATITUDE: 45 33 N
LONGITUDE: 122 25 W
[TEMPERATURE DATA] [PRECIPITATION DATA] SYMBOLS USED IN COLUMN 16
AVERAGE MONTHLY: 41.9 TOTAL FOR MONTH: 1.80 1 = FOG OR MIST
DPTR FM NORMAL: -2.5 DPTR FM NORMAL: -1.91 2 = FOG REDUCING VISIBILITY
HIGHEST: 57 ON 10 GRTST 24HR 0.34 ON 26-26 TO 1/4 MILE OR LESS
LOWEST: 24 ON 23 3 = THUNDER
SNOW, ICE PELLETS, HAIL 4 = ICE PELLETS
TOTAL MONTH: M 5 = HAIL
GRTST 24HR M ON M 6 = FREEZING RAIN OR DRIZZLE
GRTST DEPTH: M ON M 7 = DUSTSTORM OR SANDSTORM:
VSBY 1/2 MILE OR LESS
8 = SMOKE OR HAZE
[NO. OF DAYS WITH] [WEATHER - DAYS WITH] 9 = BLOWING SNOW
X = TORNADO
MAX 32 OR BELOW: 1 0.01 INCH OR MORE: 14
MAX 90 OR ABOVE: 0 0.10 INCH OR MORE: 8
MIN 32 OR BELOW: 9 0.50 INCH OR MORE: 0
MIN 0 OR BELOW: 0 1.00 INCH OR MORE: 0
[HDD (BASE 65) ]
TOTAL THIS MO. 637 CLEAR (SCALE 0-3) 6
DPTR FM NORMAL 59 PTCLDY (SCALE 4-7) 7
TOTAL FM JUL 1 2923 CLOUDY (SCALE 8-10) 15
DPTR FM NORMAL -38
[CDD (BASE 65) ]
TOTAL THIS MO. 0
DPTR FM NORMAL 0 [PRESSURE DATA]
TOTAL FM JAN 1 0 HIGHEST SLP 30.55 ON 8
DPTR FM NORMAL 0 LOWEST SLP 29.41 ON 27
[REMARKS]
#FINAL-02-23#