000
CXUS54 KMEG 010900
CF6TUP
PRELIMINARY LOCAL CLIMATOLOGICAL DATA (WS FORM: F-6)
STATION: TUPELO
MONTH: JUNE
YEAR: 2022
LATITUDE: 34 16 N
LONGITUDE: 88 46 W
TEMPERATURE IN F: :PCPN: SNOW: WIND :SUNSHINE: SKY :PK WND
================================================================================
1 2 3 4 5 6A 6B 7 8 9 10 11 12 13 14 15 16 17 18
12Z AVG MX 2MIN
DY MAX MIN AVG DEP HDD CDD WTR SNW DPTH SPD SPD DIR MIN PSBL S-S WX SPD DR
================================================================================
1 95 71 83 7 0 18 0.00 0.0 0 2.0 9 160 M M 1 16 170
2 85 73 79 3 0 14 0.03 0.0 0 4.5 13 10 M M 2 3 18 310
3 86 66 76 -1 0 11 0.02 0.0 0 7.5 14 20 M M 4 19 30
4 88 61 75 -2 0 10 0.00 0.0 0 6.1 13 50 M M 0 23 60
5 91 65 78 1 0 13 0.00 0.0 0 4.3 12 150 M M 1 15 210
6 90 71 81 4 0 16 0.01 0.0 0 7.2 15 180 M M 2 3 20 220
7 93 74 84 6 0 19 0.23 0.0 0 5.9 14 250 M M 4 13 20 240
8 92 72 82 4 0 17 0.21 0.0 0 4.7 17 330 M M 3 138 28 320
9 88 69 79 1 0 14 0.00 0.0 0 4.6 14 350 M M 6 22 340
10 80 65 73 -5 0 8 0.05 0.0 0 3.1 14 20 M M 1 1 15 30
11 91 65 78 0 0 13 0.00 0.0 0 1.6 8 260 M M 1 12 11 200
12 96 71 84 5 0 19 0.00 0.0 0 5.5 12 170 M M 3 1 17 190
13 99 77 88 9 0 23 0.00 0.0 0 6.0 15 190 M M 1 18 21 190
14 97 76 87 8 0 22 0.00 0.0 0 3.5 13 250 M M 0 18 17 230
15 99 77 88 9 0 23 0.00 0.0 0 2.4 9 300 M M 0 18 14 190
16 99 80 90 11 0 25 0.00 0.0 0 3.4 12 180 M M 1 14 150
17 98 75 87 7 0 22 T 0.0 0 3.0 30 30 M M 1 3 37 20
18 96 71 84 4 0 19 0.00 0.0 0 6.4 18 20 M M 1 22 20
19 93 62 78 -2 0 13 0.00 0.0 0 5.9 13 60 M M 0 17 40
20 96 63 80 0 0 15 0.00 0.0 0 3.4 12 180 M M 1 17 120
21 101 73 87 7 0 22 0.00 0.0 0 1.6 9 80 M M 2 14 70
22 101 75 88 8 0 23 0.00 0.0 0 3.7 13 340 M M 0 17 320
23 98 75 87 6 0 22 0.00 0.0 0 M 17 350 M M 1 22 10
24 98 70 84 3 0 19 0.00 0.0 0 6.0 10 340 M M 0 M M
25 101 70 86 5 0 21 0.00 0.0 0 M 10 140 M M 0 14 140
26 101 75 88 7 0 23 T 0.0 0 6.0 30 360 M M 1 3 36 10
27 91 72 82 1 0 17 0.00 0.0 0 11.3 20 20 M M 2 26 10
28 93 69 81 0 0 16 0.00 0.0 0 8.0 16 10 M M 2 23 70
29 97 66 82 1 0 17 T 0.0 0 5.5 21 170 M M 2 30 170
30 96 73 85 3 0 20 T 0.0 0 6.6 21 190 M M 1 28 190
================================================================================
SM 2829 2122 0 534 0.55 0.0 139.7 M 44
================================================================================
AV 94.3 70.7 5.0 FASTST M M 1 MAX(MPH)
MISC ----> # 30 30 37 20
================================================================================
NOTES:
# LAST OF SEVERAL OCCURRENCES
COLUMN 17 PEAK WIND IN M.P.H.
PRELIMINARY LOCAL CLIMATOLOGICAL DATA (WS FORM: F-6) , PAGE 2
STATION: TUPELO
MONTH: JUNE
YEAR: 2022
LATITUDE: 34 16 N
LONGITUDE: 88 46 W
[TEMPERATURE DATA] [PRECIPITATION DATA] SYMBOLS USED IN COLUMN 16
AVERAGE MONTHLY: 82.5 TOTAL FOR MONTH: 0.55 1 = FOG OR MIST
DPTR FM NORMAL: 3.3 DPTR FM NORMAL: -4.46 2 = FOG REDUCING VISIBILITY
HIGHEST: 101 ON 26,25 GRTST 24HR 0.44 ON 7- 8 TO 1/4 MILE OR LESS
LOWEST: 61 ON 4 3 = THUNDER
SNOW, ICE PELLETS, HAIL 4 = ICE PELLETS
TOTAL MONTH: 0.0 INCH 5 = HAIL
GRTST 24HR 0.0 6 = FREEZING RAIN OR DRIZZLE
GRTST DEPTH: 0 7 = DUSTSTORM OR SANDSTORM:
VSBY 1/2 MILE OR LESS
8 = SMOKE OR HAZE
[NO. OF DAYS WITH] [WEATHER - DAYS WITH] 9 = BLOWING SNOW
X = TORNADO
MAX 32 OR BELOW: 0 0.01 INCH OR MORE: 6
MAX 90 OR ABOVE: 25 0.10 INCH OR MORE: 2
MIN 32 OR BELOW: 0 0.50 INCH OR MORE: 0
MIN 0 OR BELOW: 0 1.00 INCH OR MORE: 0
[HDD (BASE 65) ]
TOTAL THIS MO. 0 CLEAR (SCALE 0-3) 26
DPTR FM NORMAL 0 PTCLDY (SCALE 4-7) 4
TOTAL FM JUL 1 2358 CLOUDY (SCALE 8-10) 0
DPTR FM NORMAL -369
[CDD (BASE 65) ]
TOTAL THIS MO. 534
DPTR FM NORMAL 110 [PRESSURE DATA]
TOTAL FM JAN 1 941 HIGHEST SLP 30.22 ON 21
DPTR FM NORMAL 192 LOWEST SLP 29.75 ON 8
[REMARKS]
#FINAL-06-22#