000
CXUS54 KMEG 010900
CF6TUP
PRELIMINARY LOCAL CLIMATOLOGICAL DATA (WS FORM: F-6)
STATION: TUPELO
MONTH: AUGUST
YEAR: 2023
LATITUDE: 34 16 N
LONGITUDE: 88 46 W
TEMPERATURE IN F: :PCPN: SNOW: WIND :SUNSHINE: SKY :PK WND
================================================================================
1 2 3 4 5 6A 6B 7 8 9 10 11 12 13 14 15 16 17 18
12Z AVG MX 2MIN
DY MAX MIN AVG DEP HDD CDD WTR SNW DPTH SPD SPD DIR MIN PSBL S-S WX SPD DR
================================================================================
1 93 74 84 1 0 19 0.00 0.0 0 6.8 14 360 M M 0 16 10
2 94 72 83 0 0 18 0.00 0.0 0 4.2 10 100 M M 1 13 120
3 95 75 85 3 0 20 0.03 0.0 0 6.6 25 10 M M 0 3 31 10
4 81 74 78 -4 0 13 0.40 0.0 0 5.9 26 10 M M 4 138 33 10
5 100 74 87 5 0 22 0.06 0.0 0 4.8 18 30 M M 3 123 22 40
6 96 73 85 3 0 20 0.06 0.0 0 5.8 25 270 M M 0 13 38 260
7 92 73 83 1 0 18 0.10 0.0 0 4.7 23 330 M M 1 138 33 310
8 83 70 77 -5 0 12 0.30 0.0 0 3.4 12 10 M M 3 13 13 10
9 93 70 82 0 0 17 0.05 0.0 0 6.0 14 180 M M 3 123 16 170
10 86 69 78 -4 0 13 1.60 0.0 0 5.9 37 340 M M 8 13 52 330
11 94 76 85 3 0 20 0.00 0.0 0 4.0 13 200 M M 5 12 17 260
12 92 79 86 4 0 21 T 0.0 0 4.0 13 240 M M 1 13 17 240
13 99 77 88 6 0 23 0.02 0.0 0 4.4 22 10 M M 0 13 26 360
14 98 75 87 5 0 22 0.89 0.0 0 5.5 16 330 M M 2 138 21 320
15 86 70 78 -4 0 13 0.36 0.0 0 7.5 18 360 M M 3 13 24 350
16 85 65 75 -7 0 10 0.00 0.0 0 4.9 13 360 M M 1 18 30
17 88 65 77 -5 0 12 0.00 0.0 0 2.2 10 230 M M 1 13 240
18 92 69 81 -1 0 16 0.00 0.0 0 3.9 10 40 M M 0 8 14 20
19 92 68 80 -2 0 15 0.00 0.0 0 4.1 10 110 M M 0 13 40
20 94 70 82 1 0 17 0.00 0.0 0 3.8 12 130 M M 0 15 120
21 97 74 86 5 0 21 0.00 0.0 0 3.1 10 60 M M 0 1 13 60
22 96 76 86 5 0 21 0.00 0.0 0 5.0 12 50 M M 0 1 14 50
23 97 76 87 6 0 22 0.00 0.0 0 4.7 10 40 M M 0 1 M M
24 100 79 90 9 0 25 0.00 0.0 0 1.8 10 170 M M 1 1 14 160
25 101 79 90 9 0 25 0.00 0.0 0 2.0 9 20 M M 0 18 13 340
26 101 76 89 8 0 24 0.00 0.0 0 2.9 16 40 M M 1 18 21 40
27 88 73 81 1 0 16 T 0.0 0 5.7 14 360 M M 2 17 270
28 84 75 80 0 0 15 0.00 0.0 0 9.1 16 360 M M 9 21 10
29 90 69 80 0 0 15 0.00 0.0 0 9.9 17 10 M M 2 24 10
30 89 65 77 -3 0 12 0.00 0.0 0 11.1 22 20 M M 0 27 10
31 85 62 74 -6 0 9 0.00 0.0 0 8.0 14 30 M M 0 18 40
================================================================================
SM 2861 2242 0 546 3.87 0.0 161.7 M 51
================================================================================
AV 92.3 72.3 5.2 FASTST M M 2 MAX(MPH)
MISC ----> 37 340 52 330
================================================================================
NOTES:
# LAST OF SEVERAL OCCURRENCES
COLUMN 17 PEAK WIND IN M.P.H.
PRELIMINARY LOCAL CLIMATOLOGICAL DATA (WS FORM: F-6) , PAGE 2
STATION: TUPELO
MONTH: AUGUST
YEAR: 2023
LATITUDE: 34 16 N
LONGITUDE: 88 46 W
[TEMPERATURE DATA] [PRECIPITATION DATA] SYMBOLS USED IN COLUMN 16
AVERAGE MONTHLY: 82.3 TOTAL FOR MONTH: 3.87 1 = FOG OR MIST
DPTR FM NORMAL: 0.7 DPTR FM NORMAL: -0.20 2 = FOG REDUCING VISIBILITY
HIGHEST: 101 ON 26,25 GRTST 24HR 1.60 ON 10-10 TO 1/4 MILE OR LESS
LOWEST: 62 ON 31 3 = THUNDER
SNOW, ICE PELLETS, HAIL 4 = ICE PELLETS
TOTAL MONTH: 0.0 INCH 5 = HAIL
GRTST 24HR 0.0 6 = FREEZING RAIN OR DRIZZLE
GRTST DEPTH: 0 7 = DUSTSTORM OR SANDSTORM:
VSBY 1/2 MILE OR LESS
8 = SMOKE OR HAZE
[NO. OF DAYS WITH] [WEATHER - DAYS WITH] 9 = BLOWING SNOW
X = TORNADO
MAX 32 OR BELOW: 0 0.01 INCH OR MORE: 11
MAX 90 OR ABOVE: 21 0.10 INCH OR MORE: 6
MIN 32 OR BELOW: 0 0.50 INCH OR MORE: 2
MIN 0 OR BELOW: 0 1.00 INCH OR MORE: 1
[HDD (BASE 65) ]
TOTAL THIS MO. 0 CLEAR (SCALE 0-3) 26
DPTR FM NORMAL 0 PTCLDY (SCALE 4-7) 3
TOTAL FM JUL 1 0 CLOUDY (SCALE 8-10) 2
DPTR FM NORMAL 0
[CDD (BASE 65) ]
TOTAL THIS MO. 546
DPTR FM NORMAL 33 [PRESSURE DATA]
TOTAL FM JAN 1 1937 HIGHEST SLP 30.14 ON 21
DPTR FM NORMAL 137 LOWEST SLP 29.75 ON 9
[REMARKS]
#FINAL-08-23#