000
CXUS55 KBOI 011002
CF6TWF
PRELIMINARY LOCAL CLIMATOLOGICAL DATA (WS FORM: F-6)
STATION: TWIN FALLS ID
MONTH: DECEMBER
YEAR: 2022
LATITUDE: 42 28 N
LONGITUDE: 114 29 W
TEMPERATURE IN F: :PCPN: SNOW: WIND :SUNSHINE: SKY :PK WND
================================================================================
1 2 3 4 5 6A 6B 7 8 9 10 11 12 13 14 15 16 17 18
12Z AVG MX 2MIN
DY MAX MIN AVG DEP HDD CDD WTR SNW DPTH SPD SPD DIR MIN PSBL S-S WX SPD DR
================================================================================
1 46 25 36 5 29 0 0.10 M M 19.7 31 290 M M M 45 190
2 30 3 17 -13 48 0 0.01 M M 9.5 21 260 M M M 30 260
3 25 2 14 -16 51 0 0.00 M M 9.3 18 110 M M 0 23 110
4 37 22 30 0 35 0 0.00 M M 11.0 21 90 M M 7 27 270
5 41 25 33 3 32 0 T M M 8.2 15 230 M M 3 1 20 220
6 39 17 28 -1 37 0 0.00 M M 7.1 14 210 M M 8 12 19 210
7 33 15 24 -5 41 0 0.00 M M 4.8 13 190 M M 1 12 16 210
8 37 11 24 -5 41 0 0.00 M M 5.6 13 160 M M 0 20 190
9 36 22 29 0 36 0 T M M 12.1 29 190 M M 7 1 44 190
10 46 29 38 9 27 0 0.00 M M 12.8 31 180 M M 10 42 180
11 48 32 40 12 25 0 0.21 M M 9.4 21 170 M M 10 12 30 170
12 34 28 31 3 34 0 T M M 8.0 14 190 M M 9 1 20 200
13 30 28 29 1 36 0 T M M 12.3 22 270 M M 10 1 29 270
14 33 26 30 2 35 0 0.07 M M 9.8 17 250 M M 10 1 25 230
15 27 22 25 -3 40 0 T M M 10.4 23 290 M M 10 1 30 290
16 28 15 22 -6 43 0 0.00 M M 3.9 9 210 M M 9 13 230
17 22 3 13 -15 52 0 0.00 M M 5.6 12 200 M M 3 14 200
18 21 1 11 -17 54 0 0.00 M M 5.7 14 200 M M 0 17 200
19 34 14 24 -4 41 0 0.00 M M 8.9 15 300 M M 1 21 220
20 39 19 29 1 36 0 0.00 M M 7.3 18 210 M M 5 26 210
21 42 20 31 3 34 0 T M M 22.4 35 260 M M 7 50 260
22 20 5 13 -15 52 0 0.00 M M 10.7 24 260 M M 0 33 260
23 23 6 15 -13 50 0 0.01 M M 10.2 18 90 M M 10 168 23 80
24 31 23 27 -1 38 0 T M M 6.0 14 190 M M 10 126 18 190
25 46 30 38 10 27 0 T M M 6.3 16 210 M M 8 1 21 210
26 50 30 40 12 25 0 0.00 M M 7.6 24 190 M M 0 1 34 190
27 53 36 45 17 20 0 0.05 M M 18.2 38 190 M M 7 1 53 190
28 38 25 32 4 33 0 T M M 13.3 24 300 M M 8 1 33 300
29 38 24 31 3 34 0 0.00 M M 10.3 18 190 M M 4 27 190
30 40 32 36 8 29 0 0.26 M M 9.4 26 210 M M 10 12 40 200
31 40 31 36 8 29 0 0.07 M M 8.4 21 270 M M 7 1 29 270
================================================================================
SM 1107 621 1144 0 0.78 M 304.2 M 174
================================================================================
AV 35.7 20.0 9.8 FASTST M M 6 MAX(MPH)
MISC ----> 38 190 53 190
================================================================================
NOTES:
# LAST OF SEVERAL OCCURRENCES
COLUMN 17 PEAK WIND IN M.P.H.
PRELIMINARY LOCAL CLIMATOLOGICAL DATA (WS FORM: F-6) , PAGE 2
STATION: TWIN FALLS ID
MONTH: DECEMBER
YEAR: 2022
LATITUDE: 42 28 N
LONGITUDE: 114 29 W
[TEMPERATURE DATA] [PRECIPITATION DATA] SYMBOLS USED IN COLUMN 16
AVERAGE MONTHLY: 27.9 TOTAL FOR MONTH: 0.78 1 = FOG OR MIST
DPTR FM NORMAL: -0.6 DPTR FM NORMAL: -0.45 2 = FOG REDUCING VISIBILITY
HIGHEST: 53 ON 27 GRTST 24HR 0.33 ON 30-31 TO 1/4 MILE OR LESS
LOWEST: 1 ON 18 3 = THUNDER
SNOW, ICE PELLETS, HAIL 4 = ICE PELLETS
TOTAL MONTH: M 5 = HAIL
GRTST 24HR M ON M 6 = FREEZING RAIN OR DRIZZLE
GRTST DEPTH: M ON M 7 = DUSTSTORM OR SANDSTORM:
VSBY 1/2 MILE OR LESS
8 = SMOKE OR HAZE
[NO. OF DAYS WITH] [WEATHER - DAYS WITH] 9 = BLOWING SNOW
X = TORNADO
MAX 32 OR BELOW: 10 0.01 INCH OR MORE: 8
MAX 90 OR ABOVE: 0 0.10 INCH OR MORE: 3
MIN 32 OR BELOW: 30 0.50 INCH OR MORE: 0
MIN 0 OR BELOW: 0 1.00 INCH OR MORE: 0
[HDD (BASE 65) ]
TOTAL THIS MO. 1144 CLEAR (SCALE 0-3) 8
DPTR FM NORMAL 13 PTCLDY (SCALE 4-7) 10
TOTAL FM JUL 1 2569 CLOUDY (SCALE 8-10) 13
DPTR FM NORMAL -79
[CDD (BASE 65) ]
TOTAL THIS MO. 0
DPTR FM NORMAL 0 [PRESSURE DATA]
TOTAL FM JAN 1 1001 HIGHEST SLP 30.59 ON 24
DPTR FM NORMAL 385 LOWEST SLP 29.39 ON 27
[REMARKS]
#FINAL-12-22#