000
CXUS54 KMRX 011030
CF6TYS
PRELIMINARY LOCAL CLIMATOLOGICAL DATA (WS FORM: F-6)
STATION: KNOXVILLE MCGHEE TYSON AIRPORT
MONTH: MARCH
YEAR: 2024
LATITUDE: 35 49 N
LONGITUDE: 83 59 W
TEMPERATURE IN F: :PCPN: SNOW: WIND :SUNSHINE: SKY :PK WND
================================================================================
1 2 3 4 5 6A 6B 7 8 9 10 11 12 13 14 15 16 17 18
12Z AVG MX 2MIN
DY MAX MIN AVG DEP HDD CDD WTR SNW DPTH SPD SPD DIR MIN PSBL S-S WX SPD DR
================================================================================
1 45 37 41 -5 24 0 0.44 0.0 0 4.1 10 30 M M 10 1 14 340
2 58 44 51 4 14 0 0.09 0.0 0 2.1 8 300 M M 8 12 12 300
3 69 42 56 9 9 0 0.00 0.0 0 1.5 8 280 M M 7 12 11 260
4 73 45 59 12 6 0 0.00 0.0 0 2.4 10 290 M M 4 1 13 280
5 73 48 61 13 4 0 0.16 0.0 0 5.3 16 230 M M 8 12 20 230
6 58 54 56 8 9 0 0.89 0.0 0 4.6 8 30 M M 10 12 11 270
7 69 52 61 13 4 0 0.00 0.0 0 4.1 12 350 M M 9 12 16 20
8 67 51 59 11 6 0 0.10 0.0 0 5.9 21 140 M M 10 29 170
9 61 45 53 4 12 0 0.37 0.0 0 7.6 25 280 M M 10 1 33 280
10 53 39 46 -3 19 0 T 0.0 0 10.5 21 260 M M 3 31 260
11 60 28 44 -5 21 0 0.00 0.0 0 3.0 15 50 M M 1 21 30
12 68 30 49 0 16 0 0.00 0.0 0 1.8 10 230 M M 2 14 280
13 74 39 57 7 8 0 0.00 0.0 0 3.7 15 220 M M 2 20 180
14 79 44 62 12 3 0 0.00 0.0 0 6.6 21 250 M M 2 28 220
15 70 60 65 15 0 0 1.32 0.0 0 7.5 23 280 M M 10 13 31 270
16 66 52 59 9 6 0 0.00 0.0 0 6.8 15 10 M M 7 21 10
17 66 48 57 6 8 0 0.00 0.0 0 11.5 20 280 M M 6 27 240
18 51 34 43 -8 22 0 0.00 0.0 0 11.1 23 270 M M 5 32 270
19 55 26 41 -10 24 0 0.00 0.0 0 9.8 22 240 M M 1 34 230
20 71 41 56 4 9 0 0.00 0.0 0 9.9 17 220 M M 2 24 240
21 70 41 56 4 9 0 0.00 0.0 0 6.9 13 20 M M 4 17 20
22 76 50 63 11 2 0 0.57 0.0 0 9.0 23 150 M M 10 1 32 160
23 56 42 49 -3 16 0 0.22 0.0 0 10.2 20 20 M M 8 1 28 360
24 64 35 50 -3 15 0 0.00 0.0 0 8.0 16 40 M M 5 22 40
25 68 42 55 2 10 0 0.00 0.0 0 6.3 28 150 M M 9 46 160
26 62 47 55 2 10 0 0.85 0.0 0 7.5 29 160 M M 9 123 42 170
27 69 47 58 4 7 0 0.00 0.0 0 5.5 20 10 M M 10 12 26 10
28 62 43 53 -1 12 0 0.00 0.0 0 7.4 17 30 M M 5 24 360
29 70 35 53 -1 12 0 0.00 0.0 0 6.4 20 220 M M 2 26 230
30 75 48 62 7 3 0 0.00 0.0 0 11.8 26 230 M M 4 8 33 230
31 78 52 65 10 0 0 0.00 0.0 0 10.8 22 230 M M 5 8 32 230
================================================================================
SM 2036 1341 320 0 5.01 0.0 209.6 M 188
================================================================================
AV 65.7 43.3 6.8 FASTST M M 6 MAX(MPH)
MISC ----> 29 160 46 160
================================================================================
NOTES:
# LAST OF SEVERAL OCCURRENCES
COLUMN 17 PEAK WIND IN M.P.H.
PRELIMINARY LOCAL CLIMATOLOGICAL DATA (WS FORM: F-6) , PAGE 2
STATION: KNOXVILLE MCGHEE TYSON AIRPORT
MONTH: MARCH
YEAR: 2024
LATITUDE: 35 49 N
LONGITUDE: 83 59 W
[TEMPERATURE DATA] [PRECIPITATION DATA] SYMBOLS USED IN COLUMN 16
AVERAGE MONTHLY: 54.5 TOTAL FOR MONTH: 5.01 1 = FOG OR MIST
DPTR FM NORMAL: 3.9 DPTR FM NORMAL: 0.12 2 = FOG REDUCING VISIBILITY
HIGHEST: 79 ON 14 GRTST 24HR 1.32 ON 15-15 TO 1/4 MILE OR LESS
LOWEST: 26 ON 19 3 = THUNDER
SNOW, ICE PELLETS, HAIL 4 = ICE PELLETS
TOTAL MONTH: 0.0 INCH 5 = HAIL
GRTST 24HR 0.0 6 = FREEZING RAIN OR DRIZZLE
GRTST DEPTH: 0 7 = DUSTSTORM OR SANDSTORM:
VSBY 1/2 MILE OR LESS
8 = SMOKE OR HAZE
[NO. OF DAYS WITH] [WEATHER - DAYS WITH] 9 = BLOWING SNOW
X = TORNADO
MAX 32 OR BELOW: 0 0.01 INCH OR MORE: 10
MAX 90 OR ABOVE: 0 0.10 INCH OR MORE: 9
MIN 32 OR BELOW: 3 0.50 INCH OR MORE: 4
MIN 0 OR BELOW: 0 1.00 INCH OR MORE: 1
[HDD (BASE 65) ]
TOTAL THIS MO. 320 CLEAR (SCALE 0-3) 7
DPTR FM NORMAL -132 PTCLDY (SCALE 4-7) 14
TOTAL FM JUL 1 2822 CLOUDY (SCALE 8-10) 10
DPTR FM NORMAL -453
[CDD (BASE 65) ]
TOTAL THIS MO. 0
DPTR FM NORMAL -5 [PRESSURE DATA]
TOTAL FM JAN 1 1 HIGHEST SLP 30.37 ON 1
DPTR FM NORMAL -4 LOWEST SLP 29.68 ON 9
[REMARKS]
#FINAL-03-24#