614
CXUS56 KPQR 011210
CF6UAO
PRELIMINARY LOCAL CLIMATOLOGICAL DATA (WS FORM: F-6)
STATION: AURORA STATE OR
MONTH: JANUARY
YEAR: 2021
LATITUDE: 45 15 N
LONGITUDE: 122 46 W
TEMPERATURE IN F: :PCPN: SNOW: WIND :SUNSHINE: SKY :PK WND
================================================================================
1 2 3 4 5 6A 6B 7 8 9 10 11 12 13 14 15 16 17 18
12Z AVG MX 2MIN
DY MAX MIN AVG DEP HDD CDD WTR SNW DPTH SPD SPD DIR MIN PSBL S-S WX SPD DR
================================================================================
1 53 46 50 10 15 0 0.42 M M 6.7 22 190 M M 10 1 29 180
2 51 47 49 9 16 0 0.67 M M 17.3 28 180 M M 10 1 36 180
3 52 42 47 7 18 0 0.45 M M 5.9 26 180 M M 6 1 40 190
4 51 44 48 8 17 0 0.65 M M 7.6 22 190 M M 8 1 30 180
5 52 39 46 5 19 0 T M M 3.3 15 180 M M 7 8 21 180
6 54 45 50 9 15 0 0.57 M M 5.7 24 190 M M 10 1 30 190
7 53 39 46 5 19 0 0.00 M M 3.3 12 50 M M 4 12 15 170
8 52 37 45 4 20 0 0.33 M M 3.3 10 190 M M 8 12 14 190
9 41 33 37 -4 28 0 0.00 M M 3.3 9 240 M M 10 12 11 240
10 48 37 43 2 22 0 0.15 M M 1.8 13 110 M M 10 12 16 130
11 54 41 48 7 17 0 0.25 M M 2.8 16 200 M M 10 12 21 200
12 59 53 56 15 9 0 1.92 M M 16.5 30 190 M M 10 1 42 190
13 59 42 51 9 14 0 0.11 M M 5.3 25 250 M M 3 1 40 250
14 54 37 46 4 19 0 0.00 M M 1.8 8 160 M M 2 1 9 170
15 50 44 47 5 18 0 0.22 M M 2.5 8 350 M M 10 12 11 340
16 47 41 44 2 21 0 0.00 M M 2.8 9 70 M M 8 1 13 70
17 51 40 46 4 19 0 0.06 M M 2.1 9 20 M M 7 12 12 10
18 53 39 46 4 19 0 0.00 M M 6.1 10 360 M M 5 12 15 360
19 55 34 45 3 20 0 0.00 M M 5.7 15 20 M M 0 20 10
20 46 28 37 -5 28 0 0.01 M M 0.9 6 90 M M 3 128 7 80
21 48 41 45 3 20 0 0.04 M M 5.4 14 360 M M 8 1 17 360
22 51 37 44 2 21 0 0.00 M M 9.2 18 10 M M 2 22 10
23 46 27 37 -5 28 0 0.00 M M 1.1 7 30 M M 2 1 8 30
24 40 36 38 -4 27 0 0.33 M M 2.8 10 200 M M 10 1 14 200
25 43 32 38 -4 27 0 0.02 M M 2.9 10 210 M M 8 1 15 210
26 41 32 37 -5 28 0 0.35 M M 3.4 15 160 M M 8 1 20 170
27 45 34 40 -3 25 0 0.13 M M 3.0 14 180 M M 8 1 18 180
28 47 41 44 1 21 0 0.06 M M 0.7 6 220 M M 10 1 8 240
29 47 39 43 0 22 0 0.17 M M 3.9 13 200 M M 9 1 17 190
30 51 42 47 4 18 0 0.12 M M 3.9 17 180 M M 10 1 22 180
31 54 46 50 7 15 0 0.27 M M 2.5 10 190 M M 10 1 15 200
================================================================================
SM 1548 1215 625 0 7.30 M 143.5 M 226
================================================================================
AV 49.9 39.2 4.6 FASTST M M 7 MAX(MPH)
MISC ----> 30 190 42 190
================================================================================
NOTES:
# LAST OF SEVERAL OCCURRENCES
COLUMN 17 PEAK WIND IN M.P.H.
PRELIMINARY LOCAL CLIMATOLOGICAL DATA (WS FORM: F-6) , PAGE 2
STATION: AURORA STATE OR
MONTH: JANUARY
YEAR: 2021
LATITUDE: 45 15 N
LONGITUDE: 122 46 W
[TEMPERATURE DATA] [PRECIPITATION DATA] SYMBOLS USED IN COLUMN 16
AVERAGE MONTHLY: 44.6 TOTAL FOR MONTH: 7.30 1 = FOG OR MIST
DPTR FM NORMAL: 3.0 DPTR FM NORMAL: 1.43 2 = FOG REDUCING VISIBILITY
HIGHEST: 59 ON 13,12 GRTST 24HR 2.53 ON 11-12 TO 1/4 MILE OR LESS
LOWEST: 27 ON 23 3 = THUNDER
SNOW, ICE PELLETS, HAIL 4 = ICE PELLETS
TOTAL MONTH: M 5 = HAIL
GRTST 24HR M ON M 6 = FREEZING RAIN OR DRIZZLE
GRTST DEPTH: M ON M 7 = DUSTSTORM OR SANDSTORM:
VSBY 1/2 MILE OR LESS
8 = SMOKE OR HAZE
[NO. OF DAYS WITH] [WEATHER - DAYS WITH] 9 = BLOWING SNOW
X = TORNADO
MAX 32 OR BELOW: 0 0.01 INCH OR MORE: 22
MAX 90 OR ABOVE: 0 0.10 INCH OR MORE: 17
MIN 32 OR BELOW: 4 0.50 INCH OR MORE: 4
MIN 0 OR BELOW: 0 1.00 INCH OR MORE: 1
[HDD (BASE 65) ]
TOTAL THIS MO. 625 CLEAR (SCALE 0-3) 6
DPTR FM NORMAL -99 PTCLDY (SCALE 4-7) 10
TOTAL FM JUL 1 2258 CLOUDY (SCALE 8-10) 15
DPTR FM NORMAL -307
[CDD (BASE 65) ]
TOTAL THIS MO. 0
DPTR FM NORMAL 0 [PRESSURE DATA]
TOTAL FM JAN 1 0 HIGHEST SLP 30.55 ON 17
DPTR FM NORMAL 0 LOWEST SLP 29.39 ON 26
[REMARKS]
#FINAL-01-21#