000
CXUS56 KPQR 011612
CLMUAO
CLIMATE REPORT
NATIONAL WEATHER SERVICE PORTLAND OREGON
912 AM PDT MON MAY 01 2023
...................................
...THE AURORA STATE OR CLIMATE SUMMARY FOR THE MONTH OF APRIL 2023...
CLIMATE NORMAL PERIOD 1991 TO 2020
CLIMATE RECORD PERIOD 9999 TO 9999
WEATHER OBSERVED NORMAL DEPART LAST YEAR`S
VALUE DATE(S) VALUE FROM VALUE DATE(S)
NORMAL
................................................................
TEMPERATURE (F)
HIGHEST 91 79 04/07
LOWEST 34 29 04/15
AVG. MAXIMUM 58.5 62.0 -3.5 56.5
AVG. MINIMUM 42.5 42.6 -0.1 39.4
MEAN 50.5 52.3 -1.8 47.9
DAYS MAX >= 90 1 0.0 1.0 0
DAYS MAX <= 32 0 0.0 0.0 0
DAYS MIN <= 32 0 0.5 -0.5 2
DAYS MIN <= 0 0 0.0 0.0 0
PRECIPITATION (INCHES)
RECORD
MAXIMUM 5.18 2022
MINIMUM 0.36 2021
TOTALS 5.31 3.37 1.94 5.18
DAYS >= .01 20 16.7 3.3 21
DAYS >= .10 14 9.5 4.5 12
DAYS >= .50 1 1.0 0.0 2
DAYS >= 1.00 1 0.1 0.9 0
GREATEST
24 HR. TOTAL 1.47 04/09 TO 04/10
DEGREE DAYS
HEATING TOTAL 437 383 54 505
SINCE 7/1 4100 3852 248 MM
COOLING TOTAL 11 2 9 0
SINCE 1/1 11 2 9 MM
................................................................
WIND (MPH)
AVERAGE WIND SPEED 6.0
RESULTANT WIND SPEED/DIRECTION 3/200
HIGHEST WIND SPEED/DIRECTION 26/170 DATE 04/18
HIGHEST GUST SPEED/DIRECTION 36/180 DATE 04/18
SKY COVER
POSSIBLE SUNSHINE (PERCENT) MM
AVERAGE SKY COVER 0.71
AVERAGE RH (PERCENT) 72
WEATHER CONDITIONS. NUMBER OF DAYS WITH
THUNDERSTORM 2 MIXED PRECIP 0
HEAVY RAIN 5 RAIN 5
LIGHT RAIN 20 FREEZING RAIN 0
LT FREEZING RAIN 0 HAIL 0
HEAVY SNOW 0 SNOW 0
LIGHT SNOW 0 SLEET 0
FOG 20 FOG W/VIS <= 1/4 MILE 0
HAZE 4
- INDICATES NEGATIVE NUMBERS.
R INDICATES RECORD WAS SET OR TIED.
MM INDICATES DATA IS MISSING.
T INDICATES TRACE AMOUNT.
$$