000
CXUS55 KSEW 011911
CF6UIL
PRELIMINARY LOCAL CLIMATOLOGICAL DATA (WS FORM: F-6)
STATION: QUILLAYUTE WA AIRPORT
MONTH: MARCH
YEAR: 2023
LATITUDE: 47 57 N
LONGITUDE: 124 33 W
TEMPERATURE IN F: :PCPN: SNOW: WIND :SUNSHINE: SKY :PK WND
================================================================================
1 2 3 4 5 6A 6B 7 8 9 10 11 12 13 14 15 16 17 18
12Z AVG MX 2MIN
DY MAX MIN AVG DEP HDD CDD WTR SNW DPTH SPD SPD DIR MIN PSBL S-S WX SPD DR
================================================================================
1 43 26 35 -8 30 0 0.39 M M 5.4 13 190 M M 6 1 23 140
2 48 33 41 -2 24 0 1.23 M M 8.3 23 260 M M 8 18 37 250
3 43 32 38 -5 27 0 0.77 M M 4.7 16 270 M M 9 1 24 240
4 42 33 38 -5 27 0 0.32 M M 5.8 16 150 M M 9 1 26 120
5 49 33 41 -2 24 0 0.03 M M 3.6 10 240 M M 6 17 140
6 47 32 40 -3 25 0 0.41 M M 8.8 21 140 M M 8 1 39 140
7 50 34 42 -1 23 0 0.06 M M 4.7 10 220 M M 7 1 19 220
8 49 30 40 -3 25 0 T M M 5.9 13 190 M M 6 1 22 180
9 42 34 38 -5 27 0 0.28 M M 5.9 12 50 M M 9 1 18 70
10 47 38 43 0 22 0 0.34 M M 4.5 21 70 M M 10 1 36 70
11 45 36 41 -3 24 0 0.51 M M 5.8 13 190 M M 10 1 26 160
12 48 33 41 -3 24 0 0.78 M M 6.8 15 180 M M 8 1 31 160
13 49 34 42 -2 23 0 0.15 M M 6.0 17 230 M M 7 1 24 220
14 49 34 42 -2 23 0 0.45 M M 4.4 15 150 M M 7 1 23 130
15 49 30 40 -4 25 0 0.14 M M 2.5 12 250 M M 5 1 18 260
16 54 26 40 -4 25 0 0.00 M M 4.1 12 40 M M 1 12 16 40
17 60 31 46 2 19 0 0.00 M M 4.6 14 190 M M 0 20 200
18 63 31 47 3 18 0 0.00 M M 3.9 12 250 M M 2 15 250
19 58 44 51 7 14 0 0.06 M M 3.5 10 230 M M 6 1 15 80
20 51 44 48 4 17 0 0.11 M M 3.4 9 250 M M 10 1 13 230
21 59 36 48 4 17 0 T M M 4.4 15 30 M M 6 12 22 40
22 56 29 43 -1 22 0 0.01 M M 4.6 12 280 M M 5 1 19 40
23 43 36 40 -4 25 0 0.58 M M 5.7 17 240 M M 10 1 25 260
24 47 34 41 -4 24 0 0.41 M M 5.3 18 280 M M 9 1 32 230
25 47 33 40 -5 25 0 0.36 M M 4.1 15 270 M M 9 1 22 270
26 50 32 41 -4 24 0 0.04 M M 3.9 14 240 M M 7 12 19 180
27 54 31 43 -2 22 0 0.00 M M 9.6 18 40 M M 0 27 50
28 59 37 48 3 17 0 0.00 M M 11.1 23 50 M M 4 36 60
29 65 30 48 3 17 0 0.00 M M 3.7 14 40 M M 1 20 60
30 51 36 44 -1 21 0 0.12 M M 3.5 15 240 M M 10 1 21 230
31 44 35 40 -5 25 0 1.40 M M 6.1 17 140 M M 10 1 32 180
================================================================================
SM 1561 1037 705 0 8.95 M 164.6 M 205
================================================================================
AV 50.4 33.5 5.3 FASTST M M 7 MAX(MPH)
MISC ----> # 23 260 39 140
================================================================================
NOTES:
# LAST OF SEVERAL OCCURRENCES
COLUMN 17 PEAK WIND IN M.P.H.
PRELIMINARY LOCAL CLIMATOLOGICAL DATA (WS FORM: F-6) , PAGE 2
STATION: QUILLAYUTE WA AIRPORT
MONTH: MARCH
YEAR: 2023
LATITUDE: 47 57 N
LONGITUDE: 124 33 W
[TEMPERATURE DATA] [PRECIPITATION DATA] SYMBOLS USED IN COLUMN 16
AVERAGE MONTHLY: 41.9 TOTAL FOR MONTH: 8.95 1 = FOG OR MIST
DPTR FM NORMAL: -2.0 DPTR FM NORMAL: -2.83 2 = FOG REDUCING VISIBILITY
HIGHEST: 65 ON 29 GRTST 24HR 1.51 ON 1- 2 TO 1/4 MILE OR LESS
LOWEST: 26 ON 16, 1 3 = THUNDER
SNOW, ICE PELLETS, HAIL 4 = ICE PELLETS
TOTAL MONTH: M 5 = HAIL
GRTST 24HR M ON M 6 = FREEZING RAIN OR DRIZZLE
GRTST DEPTH: M ON M 7 = DUSTSTORM OR SANDSTORM:
VSBY 1/2 MILE OR LESS
8 = SMOKE OR HAZE
[NO. OF DAYS WITH] [WEATHER - DAYS WITH] 9 = BLOWING SNOW
X = TORNADO
MAX 32 OR BELOW: 0 0.01 INCH OR MORE: 23
MAX 90 OR ABOVE: 0 0.10 INCH OR MORE: 18
MIN 32 OR BELOW: 12 0.50 INCH OR MORE: 6
MIN 0 OR BELOW: 0 1.00 INCH OR MORE: 2
[HDD (BASE 65) ]
TOTAL THIS MO. 705 CLEAR (SCALE 0-3) 5
DPTR FM NORMAL 52 PTCLDY (SCALE 4-7) 13
TOTAL FM JUL 1 4115 CLOUDY (SCALE 8-10) 13
DPTR FM NORMAL -288
[CDD (BASE 65) ]
TOTAL THIS MO. 0
DPTR FM NORMAL 0 [PRESSURE DATA]
TOTAL FM JAN 1 0 HIGHEST SLP 30.31 ON 16
DPTR FM NORMAL 0 LOWEST SLP 29.30 ON 10
[REMARKS]
#FINAL-03-23#
CORRECTED