000
CXUS56 KEKA 011230
CF6UKI
PRELIMINARY LOCAL CLIMATOLOGICAL DATA (WS FORM: F-6)
STATION: UKIAH CA
MONTH: MARCH
YEAR: 2024
LATITUDE: 39 7 N
LONGITUDE: 123 12 W
TEMPERATURE IN F: :PCPN: SNOW: WIND :SUNSHINE: SKY :PK WND
================================================================================
1 2 3 4 5 6A 6B 7 8 9 10 11 12 13 14 15 16 17 18
12Z AVG MX 2MIN
DY MAX MIN AVG DEP HDD CDD WTR SNW DPTH SPD SPD DIR MIN PSBL S-S WX SPD DR
================================================================================
1 53 42 48 -4 17 0 1.45 M M 7.0 20 270 M M 10 1 32 210
2 45 36 41 -11 24 0 0.63 M M 4.6 16 230 M M 8 1 24 240
3 49 38 44 -8 21 0 0.37 M M 3.8 16 240 M M 9 1 23 250
4 49 39 44 -8 21 0 0.18 M M 3.7 10 180 M M 10 18 16 200
5 58 48 53 1 12 0 0.38 M M 6.2 16 150 M M 10 1 25 150
6 60 48 54 2 11 0 0.34 M M 2.7 13 310 M M 9 1 17 320
7 61 42 52 0 13 0 0.00 M M 4.9 14 310 M M 2 19 300
8 69 36 53 1 12 0 0.00 M M 2.0 12 130 M M 0 16 130
9 59 41 50 -2 15 0 0.15 M M 1.8 15 240 M M 7 1 22 250
10 55 40 48 -4 17 0 0.58 M M 4.4 16 310 M M 8 1 25 320
11 55 40 48 -4 17 0 0.20 M M 2.7 10 170 M M 9 1 17 160
12 60 43 52 -1 13 0 0.04 M M 5.9 17 320 M M 6 1 25 330
13 65 37 51 -2 14 0 0.00 M M 2.6 14 310 M M 0 19 300
14 73 37 55 2 10 0 0.00 M M 2.5 13 350 M M 0 17 350
15 78 39 59 6 6 0 0.00 M M 3.9 13 340 M M 0 21 330
16 76 38 57 4 8 0 0.00 M M 2.3 14 350 M M 0 19 300
17 78 39 59 6 6 0 0.00 0.0 M 1.3 10 340 M M 0 15 10
18 81 41 61 8 4 0 0.00 0.0 M 1.5 13 330 M M 0 17 340
19 78 41 60 7 5 0 0.00 M M 1.7 14 260 M M 0 22 270
20 71 37 54 1 11 0 0.00 M M 2.7 15 270 M M 2 20 270
21 71 44 58 5 7 0 0.00 M M 2.6 10 150 M M 2 8 16 160
22 58 46 52 -1 13 0 0.42 0.0 M 5.3 17 150 M M 8 1 29 130
23 55 46 51 -2 14 0 0.53 M M 3.3 13 240 M M 9 1 17 140
24 60 45 53 0 12 0 0.09 M M 6.1 22 300 M M 6 1 33 300
25 64 44 54 1 11 0 0.00 M M 6.0 16 330 M M 2 24 320
26 68 39 54 1 11 0 0.00 M M 2.0 14 260 M M 0 19 250
27 56 46 51 -2 14 0 0.51 M M 5.3 14 160 M M 9 1 22 160
28 59 44 52 -2 13 0 0.29 M M 2.9 13 270 M M 7 1 17 290
29 50 43 47 -7 18 0 0.40 M M 5.3 16 130 M M 9 1 27 140
30 61 46 54 0 11 0 0.20 M M 2.2 8 340 M M 6 1 13 340
31 68 42 55 1 10 0 0.00 M M 2.5 14 320 M M 4 12 20 340
================================================================================
SM 1943 1287 391 0 6.76 0.0 111.7 M 152
================================================================================
AV 62.7 41.5 3.6 FASTST M M 5 MAX(MPH)
MISC ----> 22 300 33 300
================================================================================
NOTES:
# LAST OF SEVERAL OCCURRENCES
COLUMN 17 PEAK WIND IN M.P.H.
PRELIMINARY LOCAL CLIMATOLOGICAL DATA (WS FORM: F-6) , PAGE 2
STATION: UKIAH CA
MONTH: MARCH
YEAR: 2024
LATITUDE: 39 7 N
LONGITUDE: 123 12 W
[TEMPERATURE DATA] [PRECIPITATION DATA] SYMBOLS USED IN COLUMN 16
AVERAGE MONTHLY: 52.1 TOTAL FOR MONTH: 6.76 1 = FOG OR MIST
DPTR FM NORMAL: -0.6 DPTR FM NORMAL: 1.44 2 = FOG REDUCING VISIBILITY
HIGHEST: 81 ON 18 GRTST 24HR 1.49 ON 1- 2 TO 1/4 MILE OR LESS
LOWEST: 36 ON 8, 2 3 = THUNDER
SNOW, ICE PELLETS, HAIL 4 = ICE PELLETS
TOTAL MONTH: 0.0 INCH 5 = HAIL
GRTST 24HR 0.0 6 = FREEZING RAIN OR DRIZZLE
GRTST DEPTH: M ON M 7 = DUSTSTORM OR SANDSTORM:
VSBY 1/2 MILE OR LESS
8 = SMOKE OR HAZE
[NO. OF DAYS WITH] [WEATHER - DAYS WITH] 9 = BLOWING SNOW
X = TORNADO
MAX 32 OR BELOW: 0 0.01 INCH OR MORE: 17
MAX 90 OR ABOVE: 0 0.10 INCH OR MORE: 15
MIN 32 OR BELOW: 0 0.50 INCH OR MORE: 5
MIN 0 OR BELOW: 0 1.00 INCH OR MORE: 1
[HDD (BASE 65) ]
TOTAL THIS MO. 391 CLEAR (SCALE 0-3) 13
DPTR FM NORMAL 11 PTCLDY (SCALE 4-7) 8
TOTAL FM JUL 1 2146 CLOUDY (SCALE 8-10) 10
DPTR FM NORMAL -308
[CDD (BASE 65) ]
TOTAL THIS MO. 0
DPTR FM NORMAL -1 [PRESSURE DATA]
TOTAL FM JAN 1 0 HIGHEST SLP 30.29 ON 13
DPTR FM NORMAL -1 LOWEST SLP 29.54 ON 29
[REMARKS]
#FINAL-03-24#