000
CXUS56 KEKA 091910
CF6UKI
PRELIMINARY LOCAL CLIMATOLOGICAL DATA (WS FORM: F-6)
STATION: UKIAH CA
MONTH: AUGUST
YEAR: 2021
LATITUDE: 39 7 N
LONGITUDE: 123 12 W
TEMPERATURE IN F: :PCPN: SNOW: WIND :SUNSHINE: SKY :PK WND
================================================================================
1 2 3 4 5 6A 6B 7 8 9 10 11 12 13 14 15 16 17 18
12Z AVG MX 2MIN
DY MAX MIN AVG DEP HDD CDD WTR SNW DPTH SPD SPD DIR MIN PSBL S-S WX SPD DR
================================================================================
1 96 57 77 1 0 12 0.00 M M 7.7 20 140 M M 0 8 25 150
2 94 53 74 -2 0 9 0.00 0.0 M 4.8 13 150 M M 1 16 150
3 103 55 79 3 0 14 0.00 0.0 M 2.2 15 340 M M 0 8 20 330
4 101 54 78 3 0 13 0.00 0.0 M 3.9 16 260 M M 0 8 21 260
5 94 54 74 -1 0 9 0.00 M M 5.8 16 320 M M 2 24 310
6 99 60 80 5 0 15 0.00 M M 3.3 16 350 M M 2 8 20 330
7 102 60 81 6 0 16 0.00 M M 3.4 16 270 M M 1 8 22 250
8 98 60 79 4 0 14 0.00 M M 2.3 12 230 M M 0 8 17 250
9 98 59 79 4 0 14 0.00 M M 4.9 17 140 M M 0 25 140
10 104 59 82 7 0 17 0.00 M M 3.9 15 150 M M 0 21 140
11 107 59 83 8 0 18 0.00 M M 3.5 15 260 M M 0 21 330
12 99 63 81 6 0 16 0.00 M M 3.5 13 350 M M 0 19 360
13 98 63 81 7 0 16 0.00 M M 3.6 16 360 M M 0 8 24 360
14 106 62 84 10 0 19 0.00 M M 3.7 15 360 M M 0 8 21 320
15 109 64 87 13 0 22 0.00 M M 3.0 20 310 M M 0 8 26 320
16 102 69 86 12 0 21 0.00 M M 8.7 25 300 M M 0 8 36 300
17 92 62 77 3 0 12 0.00 M M 6.9 17 310 M M 0 22 310
18 93 56 75 1 0 10 0.00 M M 2.3 15 260 M M 9 8 19 250
19 96 55 76 2 0 11 0.00 M M 2.7 14 260 M M 7 8 18 250
20 92 56 74 0 0 9 0.00 M M 4.4 13 200 M M 6 8 19 180
21 84 57 71 -3 0 6 0.00 M M 4.5 13 350 M M 3 16 350
22 90 52 71 -3 0 6 0.00 M M 2.8 17 320 M M 0 8 23 350
23 87 53 70 -3 0 5 0.00 M M 6.4 17 150 M M 1 24 150
24 89 53 71 -2 0 6 0.00 M M 5.5 16 140 M M 2 22 140
25 93 50 72 -1 0 7 0.00 M M 3.1 13 270 M M 0 1 18 280
26 97 52 75 2 0 10 0.00 M M 3.2 16 340 M M 0 22 330
27 103 56 80 7 0 15 0.00 M M 1.6 14 320 M M 0 8 18 320
28 106 58 82 9 0 17 0.00 M M 2.2 17 310 M M 0 24 290
29 105 58 82 9 0 17 0.00 M M 1.9 16 350 M M 0 8 25 350
30 103 54 79 6 0 14 0.00 M M 1.9 14 360 M M 0 8 18 350
31 97 53 75 3 0 10 0.00 M M 3.0 14 260 M M 0 8 19 250
================================================================================
SM 3037 1776 0 400 0.00 0.0 120.6 M 34
================================================================================
AV 98.0 57.3 3.9 FASTST M M 1 MAX(MPH)
MISC ----> 25 300 36 300
================================================================================
NOTES:
# LAST OF SEVERAL OCCURRENCES
COLUMN 17 PEAK WIND IN M.P.H.
PRELIMINARY LOCAL CLIMATOLOGICAL DATA (WS FORM: F-6) , PAGE 2
STATION: UKIAH CA
MONTH: AUGUST
YEAR: 2021
LATITUDE: 39 7 N
LONGITUDE: 123 12 W
[TEMPERATURE DATA] [PRECIPITATION DATA] SYMBOLS USED IN COLUMN 16
AVERAGE MONTHLY: 77.6 TOTAL FOR MONTH: 0.00 1 = FOG OR MIST
DPTR FM NORMAL: 3.5 DPTR FM NORMAL: -0.07 2 = FOG REDUCING VISIBILITY
HIGHEST: 109 ON 15 GRTST 24HR 0.00 ON 1- 1 TO 1/4 MILE OR LESS
LOWEST: 50 ON 25 3 = THUNDER
SNOW, ICE PELLETS, HAIL 4 = ICE PELLETS
TOTAL MONTH: 0.0 INCH 5 = HAIL
GRTST 24HR 0.0 6 = FREEZING RAIN OR DRIZZLE
GRTST DEPTH: M ON M 7 = DUSTSTORM OR SANDSTORM:
VSBY 1/2 MILE OR LESS
8 = SMOKE OR HAZE
[NO. OF DAYS WITH] [WEATHER - DAYS WITH] 9 = BLOWING SNOW
X = TORNADO
MAX 32 OR BELOW: 0 0.01 INCH OR MORE: 0
MAX 90 OR ABOVE: 28 0.10 INCH OR MORE: 0
MIN 32 OR BELOW: 0 0.50 INCH OR MORE: 0
MIN 0 OR BELOW: 0 1.00 INCH OR MORE: 0
[HDD (BASE 65) ]
TOTAL THIS MO. 0 CLEAR (SCALE 0-3) 27
DPTR FM NORMAL -1 PTCLDY (SCALE 4-7) 3
TOTAL FM JUL 1 0 CLOUDY (SCALE 8-10) 1
DPTR FM NORMAL -1
[CDD (BASE 65) ]
TOTAL THIS MO. 400
DPTR FM NORMAL 116 [PRESSURE DATA]
TOTAL FM JAN 1 1211 HIGHEST SLP 30.11 ON 2
DPTR FM NORMAL 409 LOWEST SLP 29.61 ON 31
[REMARKS]
#FINAL-08-21#