000
CXUS53 KSGF 010810
CF6UNO
PRELIMINARY LOCAL CLIMATOLOGICAL DATA (WS FORM: F-6)
STATION: WEST PLAINS MO
MONTH: FEBRUARY
YEAR: 2024
LATITUDE: 36 52 N
LONGITUDE: 91 55 W
TEMPERATURE IN F: :PCPN: SNOW: WIND :SUNSHINE: SKY :PK WND
================================================================================
1 2 3 4 5 6A 6B 7 8 9 10 11 12 13 14 15 16 17 18
12Z AVG MX 2MIN
DY MAX MIN AVG DEP HDD CDD WTR SNW DPTH SPD SPD DIR MIN PSBL S-S WX SPD DR
================================================================================
1 66 34 50 14 15 0 0.00 M M 4.4 14 220 M M 0 20 230
2 68 37 53 17 12 0 0.00 M M 4.4 14 120 M M 1 1 20 100
3 62 43 53 17 12 0 0.21 M M 8.0 15 120 M M 5 18 22 120
4 48 42 45 9 20 0 0.64 M M 10.0 16 60 M M 9 1 24 60
5 58 35 47 10 18 0 0.00 M M 8.8 15 30 M M 0 22 10
6 63 29 46 9 19 0 0.00 M M 2.3 10 70 M M 0 13 70
7 60 32 46 9 19 0 0.00 M M 6.8 17 170 M M 0 28 180
8 67 47 57 20 8 0 0.00 M M 12.6 23 200 M M 4 35 220
9 70 48 59 21 6 0 0.00 M M 7.9 15 240 M M 3 123 23 220
10 60 38 49 11 16 0 0.00 M M 8.7 15 30 M M 1 21 10
11 50 32 41 3 24 0 T M M 10.3 17 30 M M 5 23 40
12 42 31 37 -1 28 0 0.43 M M 9.1 21 30 M M 8 12 30 10
13 58 27 43 5 22 0 0.00 M M 5.1 12 230 M M 0 1 17 230
14 63 31 47 8 18 0 0.00 M M 5.6 13 180 M M 0 19 160
15 64 41 53 14 12 0 0.00 M M 6.9 15 330 M M 1 21 340
16 47 28 38 -1 27 0 T M M 10.8 22 10 M M 9 168 34 360
17 36 21 29 -10 36 0 0.00 M M 8.7 15 340 M M 3 24 340
18 53 20 37 -3 28 0 0.00 M M 7.1 16 270 M M 0 24 270
19 56 23 40 0 25 0 0.00 M M 4.1 15 220 M M 3 22 240
20 65 30 48 8 17 0 0.00 M M 3.8 14 220 M M 1 19 210
21 71 39 55 15 10 0 0.00 M M 6.5 16 180 M M 0 1 23 200
22 73 49 61 20 4 0 0.07 M M 7.5 18 330 M M 4 123 28 320
23 65 45 55 14 10 0 0.00 M M 9.8 24 290 M M 1 36 290
24 58 39 49 8 16 0 0.00 M M 7.5 15 20 M M 0 20 20
25 78 41 60 18 5 0 0.00 M M 8.1 16 220 M M 1 25 260
26 76 41 59 17 6 0 0.00 M M 8.7 22 170 M M 0 33 180
27 88 54 71 29 0 6 0.00 M M 12.1 30 230 M M 0 1 57 210
28 54 27 41 -1 24 0 0.00 M M 10.8 25 320 M M 2 37 330
29 50 23 37 -5 28 0 0.01 M M 5.1 13 150 M M 1 19 130
================================================================================
SM 1769 1027 485 6 1.36 M 221.5 M 62
================================================================================
AV 61.0 35.4 7.6 FASTST M M 2 MAX(MPH)
MISC ----> 30 230 57 210
================================================================================
NOTES:
# LAST OF SEVERAL OCCURRENCES
COLUMN 17 PEAK WIND IN M.P.H.
PRELIMINARY LOCAL CLIMATOLOGICAL DATA (WS FORM: F-6) , PAGE 2
STATION: WEST PLAINS MO
MONTH: FEBRUARY
YEAR: 2024
LATITUDE: 36 52 N
LONGITUDE: 91 55 W
[TEMPERATURE DATA] [PRECIPITATION DATA] SYMBOLS USED IN COLUMN 16
AVERAGE MONTHLY: 48.2 TOTAL FOR MONTH: 1.36 1 = FOG OR MIST
DPTR FM NORMAL: 9.3 DPTR FM NORMAL: -1.75 2 = FOG REDUCING VISIBILITY
HIGHEST: 88 ON 27 GRTST 24HR 0.85 ON 3- 4 TO 1/4 MILE OR LESS
LOWEST: 20 ON 18 3 = THUNDER
SNOW, ICE PELLETS, HAIL 4 = ICE PELLETS
TOTAL MONTH: M 5 = HAIL
GRTST 24HR M ON M 6 = FREEZING RAIN OR DRIZZLE
GRTST DEPTH: M ON M 7 = DUSTSTORM OR SANDSTORM:
VSBY 1/2 MILE OR LESS
8 = SMOKE OR HAZE
[NO. OF DAYS WITH] [WEATHER - DAYS WITH] 9 = BLOWING SNOW
X = TORNADO
MAX 32 OR BELOW: 0 0.01 INCH OR MORE: 5
MAX 90 OR ABOVE: 0 0.10 INCH OR MORE: 3
MIN 32 OR BELOW: 13 0.50 INCH OR MORE: 1
MIN 0 OR BELOW: 0 1.00 INCH OR MORE: 0
[HDD (BASE 65) ]
TOTAL THIS MO. 485 CLEAR (SCALE 0-3) 22
DPTR FM NORMAL -246 PTCLDY (SCALE 4-7) 5
TOTAL FM JUL 1 2663 CLOUDY (SCALE 8-10) 2
DPTR FM NORMAL -758
[CDD (BASE 65) ]
TOTAL THIS MO. 6
DPTR FM NORMAL 6 [PRESSURE DATA]
TOTAL FM JAN 1 6 HIGHEST SLP M ON M
DPTR FM NORMAL 6 LOWEST SLP 29.37 ON 27
[REMARKS]
#FINAL-02-24#