000
CXUS53 KUNR 010930
CF6UNR
PRELIMINARY LOCAL CLIMATOLOGICAL DATA (WS FORM: F-6)
STATION: EAST RAPID CITY SD
MONTH: JULY
YEAR: 2023
LATITUDE: 44 4 N
LONGITUDE: 103 13 W
TEMPERATURE IN F: :PCPN: SNOW: WIND :SUNSHINE: SKY :PK WND
================================================================================
1 2 3 4 5 6A 6B 7 8 9 10 11 12 13 14 15 16 17 18
12Z AVG MX 2MIN
DY MAX MIN AVG DEP HDD CDD WTR SNW DPTH SPD SPD DIR MIN PSBL S-S WX SPD DR
================================================================================
1 83 61 72 2 0 7 0.00 0.0 0 5.1 13 140 M M M 18 160
2 87 63 75 4 0 10 0.00 0.0 0 5.8 18 30 M M M 23 20
3 82 61 72 1 0 7 0.35 0.0 0 8.1 22 360 M M M 35 35 360
4 61 54 58 -13 7 0 0.05 0.0 0 10.7 24 330 M M M 1 38 350
5 65 51 58 -13 7 0 T 0.0 0 4.3 14 190 M M M 20 190
6 74 50 62 -10 3 0 0.03 0.0 0 6.5 20 140 M M M 28 160
7 76 57 67 -5 0 2 0.06 0.0 0 8.4 28 330 M M M 3 38 330
8 74 57 66 -6 0 1 T 0.0 0 3.8 12 200 M M M 3 16 150
9 83 61 72 0 0 7 0.00 0.0 0 5.1 12 120 M M M 16 130
10 88 68 78 5 0 13 0.03 0.0 0 5.4 13 10 M M M 3 18 250
11 81 61 71 -2 0 6 0.63 0.0 0 6.8 30 10 M M M 35 43 10
12 82 60 71 -2 0 6 0.04 0.0 0 8.2 23 20 M M M 3 29 10
13 87 61 74 1 0 9 0.08 0.0 0 6.2 36 330 M M M 3 48 320
14 79 61 70 -3 0 5 0.00 0.0 0 10.8 25 360 M M M 37 360
15 79 64 72 -1 0 7 0.00 0.0 0 6.0 14 360 M M M 8 20 360
16 83 62 73 -1 0 8 T 0.0 0 5.0 17 40 M M M 8 24 40
17 81 58 70 -4 0 5 0.03 0.0 0 8.7 28 150 M M M 38 44 150
18 88 62 75 1 0 10 0.07 0.0 0 6.2 17 340 M M M 35 24 360
19 81 63 72 -2 0 7 0.05 0.0 0 10.3 21 360 M M M 3 31 340
20 75 60 68 -6 0 3 0.00 0.0 0 4.5 10 140 M M M 15 160
21 85 60 73 -1 0 8 T 0.0 0 4.8 16 190 M M M 3 22 190
22 92 64 78 4 0 13 0.00 0.0 0 5.1 17 50 M M M 25 30
23 96 62 79 5 0 14 0.00 0.0 0 4.6 14 40 M M M 20 30
24 95 73 84 10 0 19 T 0.0 0 7.1 17 140 M M M 3 33 250
25 95 72 84 10 0 19 0.00 0.0 0 8.0 25 330 M M M 35 330
26 98 71 85 11 0 20 0.00 0.0 0 6.5 23 20 M M M 32 10
27 92 69 81 7 0 16 T 0.0 0 7.9 26 330 M M M 3 41 340
28 86 65 76 2 0 11 0.09 0.0 0 8.5 24 140 M M M 3 38 140
29 87 61 74 0 0 9 0.02 0.0 0 6.4 16 330 M M M 23 150
30 91 65 78 4 0 13 0.06 0.0 0 6.4 34 10 M M M 3 46 20
31 91 63 77 3 0 12 0.01 0.0 0 5.8 22 190 M M M 3 32 210
================================================================================
SM 2597 1920 17 267 1.60 0.0 207.0 M M
================================================================================
AV 83.8 61.9 6.7 FASTST M M M MAX(MPH)
MISC ----> 36 330 48 320
================================================================================
NOTES:
# LAST OF SEVERAL OCCURRENCES
COLUMN 17 PEAK WIND IN M.P.H.
PRELIMINARY LOCAL CLIMATOLOGICAL DATA (WS FORM: F-6) , PAGE 2
STATION: EAST RAPID CITY SD
MONTH: JULY
YEAR: 2023
LATITUDE: 44 4 N
LONGITUDE: 103 13 W
[TEMPERATURE DATA] [PRECIPITATION DATA] SYMBOLS USED IN COLUMN 16
AVERAGE MONTHLY: 72.9 TOTAL FOR MONTH: 1.60 1 = FOG OR MIST
DPTR FM NORMAL: -0.1 DPTR FM NORMAL: -1.02 2 = FOG REDUCING VISIBILITY
HIGHEST: 98 ON 26 GRTST 24HR 0.63 ON 11-11 TO 1/4 MILE OR LESS
LOWEST: 50 ON 6 3 = THUNDER
SNOW, ICE PELLETS, HAIL 4 = ICE PELLETS
TOTAL MONTH: 0.0 INCH 5 = HAIL
GRTST 24HR 0.0 6 = FREEZING RAIN OR DRIZZLE
GRTST DEPTH: 0 7 = DUSTSTORM OR SANDSTORM:
VSBY 1/2 MILE OR LESS
8 = SMOKE OR HAZE
[NO. OF DAYS WITH] [WEATHER - DAYS WITH] 9 = BLOWING SNOW
X = TORNADO
MAX 32 OR BELOW: 0 0.01 INCH OR MORE: 15
MAX 90 OR ABOVE: 8 0.10 INCH OR MORE: 2
MIN 32 OR BELOW: 0 0.50 INCH OR MORE: 1
MIN 0 OR BELOW: 0 1.00 INCH OR MORE: 0
[HDD (BASE 65) ]
TOTAL THIS MO. 17 CLEAR (SCALE 0-3) 0
DPTR FM NORMAL 7 PTCLDY (SCALE 4-7) 0
TOTAL FM JUL 1 17 CLOUDY (SCALE 8-10) 31
DPTR FM NORMAL 14
[CDD (BASE 65) ]
TOTAL THIS MO. 267
DPTR FM NORMAL 10 [PRESSURE DATA]
TOTAL FM JAN 1 388 HIGHEST SLP M ON M
DPTR FM NORMAL 18 LOWEST SLP 26.61 ON 17
[REMARKS]
#FINAL-07-23#