000
CXUS53 KSGF 010800
CF6VIH
PRELIMINARY LOCAL CLIMATOLOGICAL DATA (WS FORM: F-6)
STATION: VICHY-ROLLA MO
MONTH: APRIL
YEAR: 2020
LATITUDE: 38 7 N
LONGITUDE: 91 46 W
TEMPERATURE IN F: :PCPN: SNOW: WIND :SUNSHINE: SKY :PK WND
================================================================================
1 2 3 4 5 6A 6B 7 8 9 10 11 12 13 14 15 16 17 18
12Z AVG MX 2MIN
DY MAX MIN AVG DEP HDD CDD WTR SNW DPTH SPD SPD DIR MIN PSBL S-S WX SPD DR
================================================================================
1 69 39 54 3 11 0 0.00 M M 7.6 13 110 M M 0 20 110
2 75 50 63 12 2 0 0.01 M M 12.5 25 170 M M 1 34 150
3 65 37 51 0 14 0 0.30 M M 10.0 16 310 M M 8 1 22 310
4 41 34 38 -14 27 0 0.04 M M 7.3 14 330 M M 10 1 17 350
5 54 40 47 -5 18 0 0.00 M M 3.8 8 110 M M 9 1 11 100
6 75 48 62 10 3 0 0.00 M M 9.8 18 200 M M 9 24 200
7 84 60 72 19 0 7 0.00 M M 10.6 20 220 M M 4 26 190
8 90 53 72 19 0 7 T M M 10.1 30 350 M M 1 3 43 350
9 60 37 49 -4 16 0 0.00 M M 13.0 26 280 M M 0 39 290
10 58 29 44 -10 21 0 0.00 M M 5.3 14 10 M M 2 18 360
11 64 45 55 1 10 0 0.16 M M 14.0 23 190 M M 8 1 35 190
12 64 35 50 -4 15 0 0.61 M M 13.3 29 310 M M 9 13 41 320
13 44 32 38 -16 27 0 T M M 12.1 24 320 M M 7 1 38 300
14 51 30 41 -14 24 0 0.00 M M 6.5 20 310 M M 5 26 270
15 53 33 43 -12 22 0 0.00 M M 10.4 23 260 M M 2 33 290
16 66 35 51 -5 14 0 0.00 M M 11.2 22 140 M M 6 30 140
17 56 32 44 -12 21 0 0.22 M M 10.2 16 330 M M 9 12 25 190
18 63 25 44 -12 21 0 0.00 M M 8.2 16 180 M M 0 22 180
19 71 46 59 3 6 0 T M M 8.1 17 180 M M 1 22 210
20 69 38 54 -3 11 0 T M M 5.8 18 300 M M 3 25 300
21 68 43 56 -1 9 0 0.00 M M 7.7 17 330 M M 0 25 320
22 64 43 54 -3 11 0 0.43 M M 11.5 26 180 M M 6 1 35 180
23 64 48 56 -2 9 0 0.54 M M 7.4 16 330 M M 8 1 22 310
24 75 47 61 3 4 0 0.42 M M 8.2 28 210 M M 3 13 34 190
25 57 44 51 -7 14 0 0.68 M M 12.4 29 350 M M 7 1 41 340
26 68 37 53 -5 12 0 0.00 M M 4.8 12 340 M M 0 18 350
27 69 50 60 1 5 0 0.25 M M 11.0 23 190 M M 6 1 32 180
28 82 56 69 10 0 4 0.88 M M 12.0 30 330 M M 5 13 39 330
29 58 48 53 -6 12 0 0.14 M M 10.5 25 300 M M 8 1 35 290
30 69 45 57 -3 8 0 0.00 M M 9.3 23 330 M M 0 8 34 320
================================================================================
SM 1946 1239 367 18 4.68 M 284.6 M 137
================================================================================
AV 64.9 41.3 9.5 FASTST M M 5 MAX(MPH)
MISC ----> # 30 350 # 43 350
================================================================================
NOTES:
# LAST OF SEVERAL OCCURRENCES
COLUMN 17 PEAK WIND IN M.P.H.
PRELIMINARY LOCAL CLIMATOLOGICAL DATA (WS FORM: F-6) , PAGE 2
STATION: VICHY-ROLLA MO
MONTH: APRIL
YEAR: 2020
LATITUDE: 38 7 N
LONGITUDE: 91 46 W
[TEMPERATURE DATA] [PRECIPITATION DATA] SYMBOLS USED IN COLUMN 16
AVERAGE MONTHLY: 53.1 TOTAL FOR MONTH: 4.68 1 = FOG OR MIST
DPTR FM NORMAL: -2.1 DPTR FM NORMAL: 0.46 2 = FOG REDUCING VISIBILITY
HIGHEST: 90 ON 8 GRTST 24HR 0.88 ON 28-28 TO 1/4 MILE OR LESS
LOWEST: 25 ON 18 3 = THUNDER
SNOW, ICE PELLETS, HAIL 4 = ICE PELLETS
TOTAL MONTH: M 5 = HAIL
GRTST 24HR M ON M 6 = FREEZING RAIN OR DRIZZLE
GRTST DEPTH: M ON M 7 = DUSTSTORM OR SANDSTORM:
VSBY 1/2 MILE OR LESS
8 = SMOKE OR HAZE
[NO. OF DAYS WITH] [WEATHER - DAYS WITH] 9 = BLOWING SNOW
X = TORNADO
MAX 32 OR BELOW: 0 0.01 INCH OR MORE: 13
MAX 90 OR ABOVE: 1 0.10 INCH OR MORE: 11
MIN 32 OR BELOW: 5 0.50 INCH OR MORE: 4
MIN 0 OR BELOW: 0 1.00 INCH OR MORE: 0
[HDD (BASE 65) ]
TOTAL THIS MO. 367 CLEAR (SCALE 0-3) 13
DPTR FM NORMAL 53 PTCLDY (SCALE 4-7) 11
TOTAL FM JUL 1 4361 CLOUDY (SCALE 8-10) 6
DPTR FM NORMAL -357
[CDD (BASE 65) ]
TOTAL THIS MO. 18
DPTR FM NORMAL -4 [PRESSURE DATA]
TOTAL FM JAN 1 22 HIGHEST SLP M ON M
DPTR FM NORMAL -4 LOWEST SLP 29.44 ON 12
[REMARKS]
#FINAL-04-20#