440
CXUS52 KTAE 010900
CF6VLD
PRELIMINARY LOCAL CLIMATOLOGICAL DATA (WS FORM: F-6)
STATION: VALDOSTA
MONTH: OCTOBER
YEAR: 2020
LATITUDE: 30 46 N
LONGITUDE: 83 17 W
TEMPERATURE IN F: :PCPN: SNOW: WIND :SUNSHINE: SKY :PK WND
================================================================================
1 2 3 4 5 6A 6B 7 8 9 10 11 12 13 14 15 16 17 18
12Z AVG MX 2MIN
DY MAX MIN AVG DEP HDD CDD WTR SNW DPTH SPD SPD DIR MIN PSBL S-S WX SPD DR
================================================================================
1 83 52 68 -5 0 3 0.00 0.0 M 1.1 9 30 M M 0 1 12 30
2 75 54 65 -8 0 0 0.00 0.0 M 5.1 18 360 M M 0 24 360
3 77 50 64 -9 1 0 0.00 0.0 M 5.9 14 20 M M 1 19 60
4 80 58 69 -3 0 4 0.00 0.0 M 7.1 12 20 M M 2 20 60
5 75 60 68 -4 0 3 0.00 0.0 0 6.0 12 40 M M 5 15 40
6 86 67 77 5 0 12 0.02 0.0 0 5.7 12 50 M M 4 15 80
7 88 70 79 8 0 14 0.00 0.0 M 3.3 8 30 M M 6 12 12 60
8 89 71 80 9 0 15 T 0.0 M 2.2 12 90 M M 8 1 16 100
9 86 74 80 9 0 15 0.62 0.0 M 4.3 24 170 M M 8 1 27 170
10 89 73 81 11 0 16 0.78 0.0 M 7.4 20 180 M M 6 18 27 170
11 89 73 81 11 0 16 0.21 0.0 M 4.4 14 180 M M 7 1 20 200
12 86 66 76 6 0 11 0.00 0.0 M 1.1 8 290 M M 7 1 12 280
13 91 64 78 8 0 13 0.00 0.0 M 1.1 9 10 M M 2 1 12 360
14 89 61 75 6 0 10 0.00 0.0 M 4.0 12 10 M M 1 16 360
15 88 70 79 10 0 14 0.05 0.0 M 2.5 9 160 M M 7 12 11 160
16 86 63 75 6 0 10 0.00 0.0 M 3.3 18 360 M M 3 12 23 360
17 80 52 66 -2 0 1 0.00 0.0 M 8.1 16 10 M M 1 19 10
18 82 60 71 3 0 6 0.00 0.0 M 7.5 13 60 M M 4 17 40
19 84 64 74 6 0 9 0.00 0.0 M 7.3 15 40 M M 4 20 20
20 83 68 76 9 0 11 0.12 0.0 M 6.3 13 50 M M 6 1 18 50
21 85 71 78 11 0 13 0.01 0.0 M 8.1 17 70 M M 6 24 50
22 87 70 79 12 0 14 T 0.0 M 6.3 13 100 M M 6 20 100
23 87 69 78 12 0 13 T 0.0 M 4.2 12 90 M M 6 15 130
24 86 67 77 11 0 12 0.98 0.0 M 3.6 12 120 M M 7 12 15 130
25 82 66 74 8 0 9 0.00 0.0 M 1.3 8 360 M M 6 128 11 20
26 86 65 76 10 0 11 0.00 0.0 M 4.0 12 140 M M 4 1 16 140
27 87 71 79 14 0 14 0.54 0.0 M 6.4 12 100 M M 10 1 19 100
28 89 73 81 16 0 16 T 0.0 M 6.3 14 160 M M 5 18 170
29 85 63 74 9 0 9 0.29 0.0 M 8.8 18 190 M M 7 1 28 220
30 71 50 61 -3 4 0 0.00 0.0 M 3.8 14 360 M M 0 18 10
31 76 52 64 0 1 0 0.00 0.0 M 7.6 13 40 M M 5 1 19 30
================================================================================
SM 2607 1987 6 294 3.62 0.0 154.1 M 144
================================================================================
AV 84.1 64.1 5.0 FASTST M M 5 MAX(MPH)
MISC ----> 24 170 28 220
================================================================================
NOTES:
# LAST OF SEVERAL OCCURRENCES
COLUMN 17 PEAK WIND IN M.P.H.
PRELIMINARY LOCAL CLIMATOLOGICAL DATA (WS FORM: F-6) , PAGE 2
STATION: VALDOSTA
MONTH: OCTOBER
YEAR: 2020
LATITUDE: 30 46 N
LONGITUDE: 83 17 W
[TEMPERATURE DATA] [PRECIPITATION DATA] SYMBOLS USED IN COLUMN 16
AVERAGE MONTHLY: 74.1 TOTAL FOR MONTH: 3.62 1 = FOG OR MIST
DPTR FM NORMAL: 5.4 DPTR FM NORMAL: 0.42 2 = FOG REDUCING VISIBILITY
HIGHEST: 91 ON 13 GRTST 24HR 0.99 ON 10-11 TO 1/4 MILE OR LESS
LOWEST: 50 ON 30, 3 3 = THUNDER
SNOW, ICE PELLETS, HAIL 4 = ICE PELLETS
TOTAL MONTH: 0.0 INCH 5 = HAIL
GRTST 24HR 0.0 6 = FREEZING RAIN OR DRIZZLE
GRTST DEPTH: 0 7 = DUSTSTORM OR SANDSTORM:
VSBY 1/2 MILE OR LESS
8 = SMOKE OR HAZE
[NO. OF DAYS WITH] [WEATHER - DAYS WITH] 9 = BLOWING SNOW
X = TORNADO
MAX 32 OR BELOW: 0 0.01 INCH OR MORE: 10
MAX 90 OR ABOVE: 1 0.10 INCH OR MORE: 7
MIN 32 OR BELOW: 0 0.50 INCH OR MORE: 4
MIN 0 OR BELOW: 0 1.00 INCH OR MORE: 0
[HDD (BASE 65) ]
TOTAL THIS MO. 6 CLEAR (SCALE 0-3) 8
DPTR FM NORMAL -36 PTCLDY (SCALE 4-7) 21
TOTAL FM JUL 1 6 CLOUDY (SCALE 8-10) 2
DPTR FM NORMAL -36
[CDD (BASE 65) ]
TOTAL THIS MO. 294
DPTR FM NORMAL 138 [PRESSURE DATA]
TOTAL FM JAN 1 2989 HIGHEST SLP 30.28 ON 31
DPTR FM NORMAL 608 LOWEST SLP 29.75 ON 29
[REMARKS]
#FINAL-10-20#