000
CXUS52 KFFC 011010
CF6VPC
PRELIMINARY LOCAL CLIMATOLOGICAL DATA (WS FORM: F-6)
STATION: CARTERSVILLE
MONTH: OCTOBER
YEAR: 2021
LATITUDE: 34 7 N
LONGITUDE: 84 51 W
TEMPERATURE IN F: :PCPN: SNOW: WIND :SUNSHINE: SKY :PK WND
================================================================================
1 2 3 4 5 6A 6B 7 8 9 10 11 12 13 14 15 16 17 18
12Z AVG MX 2MIN
DY MAX MIN AVG DEP HDD CDD WTR SNW DPTH SPD SPD DIR MIN PSBL S-S WX SPD DR
================================================================================
1 86 66 76 8 0 11 0.00 M M 2.0 9 160 M M 2 12 M M
2 81 66 74 7 0 9 0.00 M M 2.2 7 99 M M 4 1 M M
3 M M M M M M T M M 0.8 4 100 M M 3 1 M M
4 M M M M M M 0.00 M M M M M M M 0 M M
5 72 66 69 3 0 4 0.13 M M 4.8 9 100 M M 6 1 16 100
6 81 68 75 9 0 10 0.13 M M 6.1 15 120 M M 9 21 100
7 81 68 75 10 0 10 2.34 M M 2.1 8 100 M M 7 123 23 50
8 81 64 73 8 0 8 0.08 M M 1.2 8 290 M M 4 1 M M
9 81 61 71 7 0 6 0.00 M M 0.8 6 20 M M 4 128 M M
10 82 63 73 9 0 8 0.00 M M 0.9 6 99 M M 1 1 M M
11 81 61 71 7 0 6 0.00 M M 2.7 8 160 M M 3 1 16 140
12 75 64 70 7 0 5 0.00 M M 1.5 6 99 M M 8 12 M M
13 82 61 72 9 0 7 0.00 M M 0.1 4 90 M M 6 12 M M
14 82 61 72 10 0 7 0.00 M M 0.3 5 320 M M 3 1 M M
15 84 61 73 11 0 8 0.00 M M 0.0 M M M M 3 12 M M
16 68 50 59 -3 6 0 0.02 M M 6.0 15 280 M M 5 1 25 280
17 64 45 55 -6 10 0 0.00 M M 3.8 10 340 M M 0 8 18 10
18 72 39 56 -5 9 0 0.00 M M 0.4 6 330 M M 0 2 15 0
19 73 43 58 -2 7 0 0.00 M M 0.0 M M M M 5 128 M M
20 79 48 64 4 1 0 0.00 M M 0.3 5 99 M M 3 1 M M
21 75 57 66 6 0 1 0.12 M M 2.1 12 200 M M 7 17 200
22 72 54 63 4 2 0 0.02 M M 3.9 8 99 M M 3 12 12 260
23 73 48 61 2 4 0 0.00 0.0 M 1.2 7 30 M M 0 14 20
24 77 48 63 5 2 0 0.00 0.0 M 1.1 6 150 M M 0 1 12 150
25 77 55 66 8 0 1 0.00 0.0 M 3.5 12 280 M M 4 20 280
26 63 50 57 -1 8 0 0.00 0.0 M 5.4 10 350 M M 5 20 350
27 72 43 58 1 7 0 0.00 0.0 M 0.9 7 260 M M 1 M M
28 59 54 57 0 8 0 0.35 M M 7.6 14 110 M M 9 1 23 100
29 55 50 53 -3 12 0 0.02 M M 3.3 8 220 M M 10 1 15 99
30 57 52 55 -1 10 0 T M M 6.3 13 260 M M 10 1 24 260
31 63 48 56 0 9 0 0.00 M M 5.1 10 270 M M 7 16 270
================================================================================
SM 2148 1614 95 101 3.21 0.0 76.4 M 132
================================================================================
AV 74.1 55.7 2.5 FASTST M M 4 MAX(MPH)
MISC ----> 15 280 25 280
================================================================================
NOTES:
# LAST OF SEVERAL OCCURRENCES
COLUMN 17 PEAK WIND IN M.P.H.
PRELIMINARY LOCAL CLIMATOLOGICAL DATA (WS FORM: F-6) , PAGE 2
STATION: CARTERSVILLE
MONTH: OCTOBER
YEAR: 2021
LATITUDE: 34 7 N
LONGITUDE: 84 51 W
[TEMPERATURE DATA] [PRECIPITATION DATA] SYMBOLS USED IN COLUMN 16
AVERAGE MONTHLY: 64.9 TOTAL FOR MONTH: 3.21 1 = FOG OR MIST
DPTR FM NORMAL: 3.3 DPTR FM NORMAL: -0.04 2 = FOG REDUCING VISIBILITY
HIGHEST: 86 ON 1 GRTST 24HR 2.34 ON 7- 7 TO 1/4 MILE OR LESS
LOWEST: 39 ON 18 3 = THUNDER
SNOW, ICE PELLETS, HAIL 4 = ICE PELLETS
TOTAL MONTH: 0.0 INCH 5 = HAIL
GRTST 24HR 0.0 6 = FREEZING RAIN OR DRIZZLE
GRTST DEPTH: M ON M 7 = DUSTSTORM OR SANDSTORM:
VSBY 1/2 MILE OR LESS
8 = SMOKE OR HAZE
[NO. OF DAYS WITH] [WEATHER - DAYS WITH] 9 = BLOWING SNOW
X = TORNADO
MAX 32 OR BELOW: 0 0.01 INCH OR MORE: 9
MAX 90 OR ABOVE: 0 0.10 INCH OR MORE: 5
MIN 32 OR BELOW: 0 0.50 INCH OR MORE: 1
MIN 0 OR BELOW: 0 1.00 INCH OR MORE: 1
[HDD (BASE 65) ]
TOTAL THIS MO. 95 CLEAR (SCALE 0-3) 13
DPTR FM NORMAL -62 PTCLDY (SCALE 4-7) 14
TOTAL FM JUL 1 103 CLOUDY (SCALE 8-10) 4
DPTR FM NORMAL -66
[CDD (BASE 65) ]
TOTAL THIS MO. 101
DPTR FM NORMAL 51 [PRESSURE DATA]
TOTAL FM JAN 1 1682 HIGHEST SLP M ON M
DPTR FM NORMAL 59 LOWEST SLP M ON M
[REMARKS]
#FINAL-10-21#