000
CXUS52 KMLB 010727
CF6VRB
PRELIMINARY LOCAL CLIMATOLOGICAL DATA (WS FORM: F-6)
STATION: VERO BEACH
MONTH: FEBRUARY
YEAR: 2022
LATITUDE: 27 39 N
LONGITUDE: 80 25 W
TEMPERATURE IN F: :PCPN: SNOW: WIND :SUNSHINE: SKY :PK WND
================================================================================
1 2 3 4 5 6A 6B 7 8 9 10 11 12 13 14 15 16 17 18
12Z AVG MX 2MIN
DY MAX MIN AVG DEP HDD CDD WTR SNW DPTH SPD SPD DIR MIN PSBL S-S WX SPD DR
================================================================================
1 73 37 55 -8 10 0 0.00 0.0 0 6.4 16 70 M M 3 22 100
2 77 62 70 6 0 5 0.00 0.0 0 13.7 23 120 M M 1 29 120
3 79 62 71 7 0 6 0.00 0.0 0 12.7 22 120 M M 0 1 28 130
4 82 56 69 5 0 4 0.00 0.0 0 9.1 23 130 M M 2 12 28 130
5 70 62 66 2 0 1 T 0.0 0 9.4 21 350 M M 8 1 27 360
6 74 56 65 1 0 0 T 0.0 0 4.7 12 350 M M 8 1 14 250
7 74 56 65 1 0 0 0.00 0.0 0 5.5 13 10 M M 8 128 17 20
8 68 55 62 -2 3 0 0.03 0.0 0 10.4 18 360 M M 9 23 350
9 67 50 59 -5 6 0 0.19 0.0 0 7.9 16 10 M M 7 1 20 20
10 71 44 58 -6 7 0 0.00 0.0 0 8.3 16 340 M M 0 1 20 340
11 76 51 64 -1 1 0 0.00 0.0 0 6.9 15 100 M M 3 1 22 170
12 81 53 67 2 0 2 0.00 0.0 0 4.4 14 120 M M 2 12 18 110
13 74 57 66 1 0 1 0.10 0.0 0 7.9 16 300 M M 6 13 21 280
14 63 43 53 -12 12 0 0.00 0.0 0 12.6 24 20 M M 0 35 360
15 73 49 61 -4 4 0 T 0.0 0 13.0 21 100 M M 4 27 100
16 77 67 72 7 0 7 0.04 0.0 0 14.8 26 120 M M 7 18 32 120
17 81 69 75 10 0 10 0.03 0.0 0 14.2 24 120 M M 6 1 29 120
18 87 62 75 9 0 10 0.00 0.0 0 6.3 18 200 M M 5 12 24 200
19 75 62 69 3 0 4 T 0.0 0 9.7 18 350 M M 6 1 23 20
20 76 61 69 3 0 4 0.00 0.0 0 11.3 20 70 M M 4 24 80
21 79 56 68 2 0 3 0.00 0.0 0 8.1 18 120 M M 5 23 120
22 79 70 75 9 0 10 0.00 0.0 0 11.6 17 110 M M 6 22 120
23 80 63 72 6 0 7 0.00 0.0 0 8.3 16 130 M M 3 1 21 110
24 81 56 69 3 0 4 0.00 0.0 0 7.4 16 110 M M 1 1 20 120
25 81 61 71 5 0 6 0.00 0.0 0 8.9 15 140 M M 0 1 19 90
26 80 59 70 4 0 5 0.00 0.0 0 5.1 14 50 M M 4 1 18 110
27 82 56 69 3 0 4 0.00 0.0 0 6.9 16 120 M M 3 1 21 100
28 80 61 71 5 0 6 0.02 0.0 0 7.4 15 10 M M 4 1 21 10
================================================================================
SM 2140 1596 43 99 0.41 0.0 252.9 M 115
================================================================================
AV 76.4 57.0 9.0 FASTST M M 4 MAX(MPH)
MISC ----> 26 120 35 360
================================================================================
NOTES:
# LAST OF SEVERAL OCCURRENCES
COLUMN 17 PEAK WIND IN M.P.H.
PRELIMINARY LOCAL CLIMATOLOGICAL DATA (WS FORM: F-6) , PAGE 2
STATION: VERO BEACH
MONTH: FEBRUARY
YEAR: 2022
LATITUDE: 27 39 N
LONGITUDE: 80 25 W
[TEMPERATURE DATA] [PRECIPITATION DATA] SYMBOLS USED IN COLUMN 16
AVERAGE MONTHLY: 66.7 TOTAL FOR MONTH: 0.41 1 = FOG OR MIST
DPTR FM NORMAL: 1.7 DPTR FM NORMAL: -1.79 2 = FOG REDUCING VISIBILITY
HIGHEST: 87 ON 18 GRTST 24HR 0.22 ON 8- 9 TO 1/4 MILE OR LESS
LOWEST: 37 ON 1 3 = THUNDER
SNOW, ICE PELLETS, HAIL 4 = ICE PELLETS
TOTAL MONTH: 0.0 INCH 5 = HAIL
GRTST 24HR 0.0 6 = FREEZING RAIN OR DRIZZLE
GRTST DEPTH: 0 7 = DUSTSTORM OR SANDSTORM:
VSBY 1/2 MILE OR LESS
8 = SMOKE OR HAZE
[NO. OF DAYS WITH] [WEATHER - DAYS WITH] 9 = BLOWING SNOW
X = TORNADO
MAX 32 OR BELOW: 0 0.01 INCH OR MORE: 6
MAX 90 OR ABOVE: 0 0.10 INCH OR MORE: 2
MIN 32 OR BELOW: 0 0.50 INCH OR MORE: 0
MIN 0 OR BELOW: 0 1.00 INCH OR MORE: 0
[HDD (BASE 65) ]
TOTAL THIS MO. 43 CLEAR (SCALE 0-3) 12
DPTR FM NORMAL -42 PTCLDY (SCALE 4-7) 14
TOTAL FM JUL 1 221 CLOUDY (SCALE 8-10) 2
DPTR FM NORMAL -119
[CDD (BASE 65) ]
TOTAL THIS MO. 99
DPTR FM NORMAL 13 [PRESSURE DATA]
TOTAL FM JAN 1 151 HIGHEST SLP 30.43 ON 15
DPTR FM NORMAL -1 LOWEST SLP 29.94 ON 28
[REMARKS]
#FINAL-02-22#