000
CXUS53 KLBF 010757
CLMVTN
CLIMATE REPORT
NATIONAL WEATHER SERVICE NORTH PLATTE NE
257 AM CDT MON MAY 01 2023
...................................
...THE VALENTINE CLIMATE SUMMARY FOR THE MONTH OF APRIL 2023...
CLIMATE NORMAL PERIOD 1991 TO 2020
CLIMATE RECORD PERIOD 1885 TO 2023
WEATHER OBSERVED NORMAL DEPART LAST YEAR`S
VALUE DATE(S) VALUE FROM VALUE DATE(S)
NORMAL
................................................................
TEMPERATURE (F)
RECORD
HIGH 100 04/30/1992
LOW -8 04/03/1936
HIGHEST 91 04/11 85 6 97 04/22
LOWEST 11 04/01 16 -5 13 04/16
AVG. MAXIMUM 60.1 61.2 -1.1 61.4
AVG. MINIMUM 31.3 33.1 -1.8 31.1
MEAN 45.7 47.2 -1.5 46.3
DAYS MAX >= 90 1 0.1 0.9 1
DAYS MAX <= 32 2 0.9 1.1 0
DAYS MIN <= 32 16 14.1 1.9 16
DAYS MIN <= 0 0 0.0 0.0 0
PRECIPITATION (INCHES)
RECORD
MAXIMUM 7.03 1892
MINIMUM 0.12 1910
TOTALS 0.80 2.48 -1.68 1.99
DAILY AVG. 0.03 0.08 -0.05 0.07
DAYS >= .01 6 9.6 -3.6 9
DAYS >= .10 3 4.9 -1.9 3
DAYS >= .50 0 1.7 -1.7 1
DAYS >= 1.00 0 0.3 -0.3 1
GREATEST
24 HR. TOTAL 0.26 04/27 TO 04/27 1.49 04/29 TO 04/30
SNOWFALL (INCHES)
RECORDS
TOTAL 32.2 1920
TOTALS 1.2 5.6 -4.4 0.4
SINCE 7/1 65.8 34.1 31.7 MM
SNOWDEPTH AVG. 0 -1
DAYS >= 1.0 0 1.6 -1.6 0
GREATEST
SNOW DEPTH 1 04/01 MM MM
04/05
24 HR TOTAL 0.4 04/05 TO 04/05
DEGREE DAYS
HEATING TOTAL 583 538 45 565
SINCE 7/1 7222 6393 829 MM
COOLING TOTAL 11 3 8 13
SINCE 1/1 11 3 8 MM
................................................................
WIND (MPH)
AVERAGE WIND SPEED 12.6
HIGHEST WIND SPEED/DIRECTION 37/340 DATE 04/29
HIGHEST GUST SPEED/DIRECTION 52/300 DATE 04/18
SKY COVER
POSSIBLE SUNSHINE (PERCENT) MM
AVERAGE SKY COVER 0.33
NUMBER OF DAYS FAIR 16
NUMBER OF DAYS PC 9
NUMBER OF DAYS CLOUDY 5
AVERAGE RH (PERCENT) 55
WEATHER CONDITIONS. NUMBER OF DAYS WITH
THUNDERSTORM 2 MIXED PRECIP 0
HEAVY RAIN 1 RAIN 1
LIGHT RAIN 5 FREEZING RAIN 0
LT FREEZING RAIN 1 HAIL 0
HEAVY SNOW 0 SNOW 1
LIGHT SNOW 3 SLEET 0
FOG 6 FOG W/VIS <= 1/4 MILE 0
HAZE 3
- INDICATES NEGATIVE NUMBERS.
R INDICATES RECORD WAS SET OR TIED.
MM INDICATES DATA IS MISSING.
T INDICATES TRACE AMOUNT.
$$