000
CXUS56 KPQR 011610
CF6VUO
PRELIMINARY LOCAL CLIMATOLOGICAL DATA (WS FORM: F-6)
STATION: VANCOUVER WA
MONTH: JUNE
YEAR: 2022
LATITUDE: 45 37 N
LONGITUDE: 122 39 W
TEMPERATURE IN F: :PCPN: SNOW: WIND :SUNSHINE: SKY :PK WND
================================================================================
1 2 3 4 5 6A 6B 7 8 9 10 11 12 13 14 15 16 17 18
12Z AVG MX 2MIN
DY MAX MIN AVG DEP HDD CDD WTR SNW DPTH SPD SPD DIR MIN PSBL S-S WX SPD DR
================================================================================
1 79 56 68 7 0 3 0.00 M M 2.6 14 310 M M 3 18 320
2 80 54 67 6 0 2 0.12 M M 4.1 10 300 M M 3 18 15 290
3 67 57 62 1 3 0 0.08 M M 4.9 10 260 M M 9 17 250
4 64 56 60 -1 5 0 0.40 M M 6.7 10 110 M M 10 18 15 120
5 70 56 63 1 2 0 0.41 M M 4.5 15 270 M M 9 1 20 270
6 67 54 61 -1 4 0 0.00 M M 4.5 12 300 M M 7 17 300
7 75 46 61 -1 4 0 0.00 M M 2.9 8 200 M M 2 13 310
8 76 60 68 6 0 3 0.00 M M 3.2 12 330 M M 4 15 320
9 69 58 64 2 1 0 0.42 M M 3.6 13 300 M M 9 1 17 300
10 68 58 63 1 2 0 1.30 M M 3.7 8 280 M M 9 1 M M
11 67 56 62 0 3 0 0.11 M M 1.9 8 360 M M 10 1 13 360
12 60 52 56 -6 9 0 0.04 M M 6.6 17 280 M M 10 23 310
13 59 51 55 -8 10 0 0.04 M M 5.7 12 280 M M 10 15 250
14 66 52 59 -4 6 0 0.06 M M 4.9 10 280 M M 8 1 14 270
15 71 50 61 -2 4 0 0.00 M M 3.2 10 280 M M 3 17 290
16 71 55 63 0 2 0 T M M 4.7 13 310 M M 6 20 320
17 60 52 56 -7 9 0 0.16 M M 2.3 12 310 M M 8 1 16 310
18 65 48 57 -7 8 0 0.08 M M 2.8 13 270 M M 9 1 15 260
19 67 53 60 -4 5 0 0.00 M M 3.5 13 280 M M 10 1 17 300
20 72 56 64 0 1 0 0.00 M M 5.8 12 330 M M 6 17 10
21 82 56 69 5 0 4 0.00 M M 6.3 16 290 M M 2 21 300
22 78 55 67 3 0 2 0.00 M M 6.9 16 310 M M 1 23 320
23 76 49 63 -1 2 0 0.00 M M 7.0 14 320 M M 0 21 350
24 84 51 68 3 0 3 0.00 M M 5.8 16 290 M M 0 22 330
25 93 53 73 8 0 8 0.00 M M 8.3 24 80 M M 0 31 80
26 97 56 77 12 0 12 0.00 M M 3.8 10 280 M M 0 12 280
27 93 63 78 13 0 13 0.00 M M 3.5 12 250 M M 0 19 240
28 73 57 65 -1 0 0 0.00 M M 6.6 16 270 M M 4 8 21 280
29 75 59 67 1 0 2 0.00 M M 5.2 14 320 M M 5 21 320
30 81 55 68 2 0 3 0.00 M M 6.1 13 330 M M 3 19 290
================================================================================
SM 2205 1634 80 55 3.22 M 141.6 M 160
================================================================================
AV 73.5 54.5 4.7 FASTST M M 5 MAX(MPH)
MISC ----> 24 80 31 80
================================================================================
NOTES:
# LAST OF SEVERAL OCCURRENCES
COLUMN 17 PEAK WIND IN M.P.H.
PRELIMINARY LOCAL CLIMATOLOGICAL DATA (WS FORM: F-6) , PAGE 2
STATION: VANCOUVER WA
MONTH: JUNE
YEAR: 2022
LATITUDE: 45 37 N
LONGITUDE: 122 39 W
[TEMPERATURE DATA] [PRECIPITATION DATA] SYMBOLS USED IN COLUMN 16
AVERAGE MONTHLY: 64.0 TOTAL FOR MONTH: 3.22 1 = FOG OR MIST
DPTR FM NORMAL: 0.7 DPTR FM NORMAL: 1.61 2 = FOG REDUCING VISIBILITY
HIGHEST: 97 ON 26 GRTST 24HR 1.30 ON 10-10 TO 1/4 MILE OR LESS
LOWEST: 46 ON 7 3 = THUNDER
SNOW, ICE PELLETS, HAIL 4 = ICE PELLETS
TOTAL MONTH: M 5 = HAIL
GRTST 24HR M ON M 6 = FREEZING RAIN OR DRIZZLE
GRTST DEPTH: M ON M 7 = DUSTSTORM OR SANDSTORM:
VSBY 1/2 MILE OR LESS
8 = SMOKE OR HAZE
[NO. OF DAYS WITH] [WEATHER - DAYS WITH] 9 = BLOWING SNOW
X = TORNADO
MAX 32 OR BELOW: 0 0.01 INCH OR MORE: 12
MAX 90 OR ABOVE: 3 0.10 INCH OR MORE: 7
MIN 32 OR BELOW: 0 0.50 INCH OR MORE: 1
MIN 0 OR BELOW: 0 1.00 INCH OR MORE: 1
[HDD (BASE 65) ]
TOTAL THIS MO. 80 CLEAR (SCALE 0-3) 12
DPTR FM NORMAL -16 PTCLDY (SCALE 4-7) 6
TOTAL FM JUL 1 4456 CLOUDY (SCALE 8-10) 12
DPTR FM NORMAL 54
[CDD (BASE 65) ]
TOTAL THIS MO. 55
DPTR FM NORMAL 12 [PRESSURE DATA]
TOTAL FM JAN 1 55 HIGHEST SLP 30.35 ON 20
DPTR FM NORMAL -3 LOWEST SLP 29.63 ON 5
[REMARKS]
#FINAL-06-22#