000
CXUS56 KPQR 021107
CF6VUO
PRELIMINARY LOCAL CLIMATOLOGICAL DATA (WS FORM: F-6)
STATION: VANCOUVER WA
MONTH: JUNE
YEAR: 2021
LATITUDE: 45 37 N
LONGITUDE: 122 39 W
TEMPERATURE IN F: :PCPN: SNOW: WIND :SUNSHINE: SKY :PK WND
================================================================================
1 2 3 4 5 6A 6B 7 8 9 10 11 12 13 14 15 16 17 18
12Z AVG MX 2MIN
DY MAX MIN AVG DEP HDD CDD WTR SNW DPTH SPD SPD DIR MIN PSBL S-S WX SPD DR
================================================================================
1 95 59 77 16 0 12 0.00 M M 4.7 12 290 M M 0 15 280
2 90 62 76 15 0 11 0.00 M M 5.9 13 330 M M 0 19 350
3 82 57 70 9 0 5 0.00 M M 7.0 14 320 M M 2 21 360
4 78 53 66 5 0 1 0.00 M M 5.6 13 300 M M 2 19 290
5 69 49 59 -3 6 0 T M M 7.0 18 300 M M 8 26 280
6 62 48 55 -7 10 0 0.03 M M 4.4 14 190 M M 8 21 240
7 67 49 58 -4 7 0 0.00 M M 3.9 13 300 M M 4 16 290
8 67 49 58 -4 7 0 0.01 M M 3.5 14 310 M M 8 21 330
9 70 49 60 -2 5 0 0.00 M M 4.9 14 310 M M 3 22 280
10 68 53 61 -1 4 0 0.00 M M 3.7 9 280 M M 8 13 120
11 64 56 60 -2 5 0 0.08 M M 4.2 13 60 M M 10 20 60
12 79 58 69 7 0 4 0.27 M M 4.1 9 110 M M 6 1 13 120
13 68 61 65 2 0 0 0.70 M M 3.4 13 110 M M 10 1 16 120
14 71 58 65 2 0 0 0.35 M M 4.1 13 310 M M 8 1 16 290
15 71 52 62 -1 3 0 0.03 M M 3.4 18 270 M M 5 24 250
16 79 49 64 1 1 0 0.00 M M 6.2 14 310 M M 1 18 20 300
17 84 51 68 5 0 3 0.00 M M 6.8 16 290 M M 0 22 310
18 80 57 69 5 0 4 0.00 M M 8.1 16 290 M M 0 23 290
19 82 55 69 5 0 4 0.00 M M 6.1 14 310 M M 0 20 300
20 91 59 75 11 0 10 0.00 M M 7.2 15 310 M M 0 19 320
21 95 62 79 15 0 14 0.00 M M 4.3 13 320 M M 0 18 330
22 84 62 73 9 0 8 0.00 M M 4.3 9 360 M M 0 15 340
23 82 58 70 6 0 5 0.00 M M 5.6 14 310 M M 1 19 300
24 88 56 72 7 0 7 0.00 M M 5.0 13 310 M M 1 19 310
25 93 63 78 13 0 13 0.00 M M 4.7 13 310 M M 0 18 290
26 108 67 88 23 0 23 0.00 M M 5.1 13 320 M M 0 19 320
27 112 69 91 26 0 26 0.00 M M 4.8 16 100 M M 0 23 80
28 115 69 92 26 0 27 0.00 M M 7.0 18 80 M M 0 25 80
29 92 64 78 12 0 13 0.00 M M 5.6 13 270 M M 0 16 310
30 77 63 70 4 0 5 0.00 M M 4.2 10 330 M M 8 15 340
================================================================================
SM 2463 1717 48 195 1.47 M 154.8 M 93
================================================================================
AV 82.1 57.2 5.2 FASTST M M 3 MAX(MPH)
MISC ----> # 18 300 26 280
================================================================================
NOTES:
# LAST OF SEVERAL OCCURRENCES
COLUMN 17 PEAK WIND IN M.P.H.
PRELIMINARY LOCAL CLIMATOLOGICAL DATA (WS FORM: F-6) , PAGE 2
STATION: VANCOUVER WA
MONTH: JUNE
YEAR: 2021
LATITUDE: 45 37 N
LONGITUDE: 122 39 W
[TEMPERATURE DATA] [PRECIPITATION DATA] SYMBOLS USED IN COLUMN 16
AVERAGE MONTHLY: 69.7 TOTAL FOR MONTH: 1.47 1 = FOG OR MIST
DPTR FM NORMAL: 6.4 DPTR FM NORMAL: -0.14 2 = FOG REDUCING VISIBILITY
HIGHEST: 115 ON 28 GRTST 24HR 0.94 ON 12-13 TO 1/4 MILE OR LESS
LOWEST: 48 ON 6 3 = THUNDER
SNOW, ICE PELLETS, HAIL 4 = ICE PELLETS
TOTAL MONTH: M 5 = HAIL
GRTST 24HR M ON M 6 = FREEZING RAIN OR DRIZZLE
GRTST DEPTH: M ON M 7 = DUSTSTORM OR SANDSTORM:
VSBY 1/2 MILE OR LESS
8 = SMOKE OR HAZE
[NO. OF DAYS WITH] [WEATHER - DAYS WITH] 9 = BLOWING SNOW
X = TORNADO
MAX 32 OR BELOW: 0 0.01 INCH OR MORE: 7
MAX 90 OR ABOVE: 9 0.10 INCH OR MORE: 3
MIN 32 OR BELOW: 0 0.50 INCH OR MORE: 1
MIN 0 OR BELOW: 0 1.00 INCH OR MORE: 0
[HDD (BASE 65) ]
TOTAL THIS MO. 48 CLEAR (SCALE 0-3) 19
DPTR FM NORMAL -48 PTCLDY (SCALE 4-7) 7
TOTAL FM JUL 1 4028 CLOUDY (SCALE 8-10) 4
DPTR FM NORMAL -374
[CDD (BASE 65) ]
TOTAL THIS MO. 195
DPTR FM NORMAL 152 [PRESSURE DATA]
TOTAL FM JAN 1 208 HIGHEST SLP 30.36 ON 16
DPTR FM NORMAL 150 LOWEST SLP 29.51 ON 28
[REMARKS]
#FINAL-06-21#