000
CXUS56 KLOX 011155
CF6WJF
PRELIMINARY LOCAL CLIMATOLOGICAL DATA (WS FORM: F-6)
STATION: LANCASTER FOX FIELD CA
MONTH: JUNE
YEAR: 2023
LATITUDE: 34 43 N
LONGITUDE: 118 13 W
TEMPERATURE IN F: :PCPN: SNOW: WIND :SUNSHINE: SKY :PK WND
================================================================================
1 2 3 4 5 6A 6B 7 8 9 10 11 12 13 14 15 16 17 18
12Z AVG MX 2MIN
DY MAX MIN AVG DEP HDD CDD WTR SNW DPTH SPD SPD DIR MIN PSBL S-S WX SPD DR
================================================================================
1 77 55 66 -6 0 1 0.00 M M 19.5 31 230 M M 0 38 230
2 88 55 72 -1 0 7 0.00 M M 11.9 24 250 M M 0 29 240
3 94 50 72 -1 0 7 0.00 M M 9.1 26 220 M M 0 31 210
4 94 55 75 2 0 10 0.00 M M 10.1 28 220 M M 0 34 230
5 85 53 69 -4 0 4 0.00 M M 15.4 35 240 M M 0 3 40 240
6 73 52 63 -11 2 0 0.00 M M 18.4 29 240 M M 2 37 240
7 74 52 63 -11 2 0 0.00 M M 13.3 22 240 M M 3 26 220
8 81 49 65 -9 0 0 0.00 M M 11.7 25 250 M M 0 30 240
9 84 60 72 -3 0 7 0.00 M M 13.8 29 240 M M M 36 240
10 82 59 71 -4 0 6 0.00 M M 14.2 26 240 M M 0 33 240
11 70 56 63 -12 2 0 0.00 M M 22.1 36 220 M M 0 45 220
12 76 56 66 -10 0 1 0.00 M M 18.8 31 220 M M 0 40 240
13 86 57 72 -4 0 7 0.00 M M 12.1 26 260 M M 0 30 230
14 89 62 76 0 0 11 0.00 M M 13.9 29 250 M M 0 36 240
15 85 60 73 -3 0 8 0.00 M M 18.8 29 220 M M 0 35 220
16 93 60 77 0 0 12 0.00 M M 9.3 25 260 M M 0 30 260
17 96 65 81 4 0 16 0.00 M M 11.1 26 250 M M 0 32 240
18 87 65 76 -1 0 11 0.00 M M 20.1 30 210 M M 0 37 210
19 76 59 68 -9 0 3 0.00 M M 20.2 31 240 M M 0 38 240
20 84 55 70 -8 0 5 0.00 M M 18.6 30 280 M M 0 34 280
21 87 58 73 -5 0 8 0.00 M M 12.8 25 220 M M 0 30 220
22 78 56 67 -11 0 2 0.00 M M 18.2 32 220 M M 0 40 240
23 83 51 67 -11 0 2 0.00 M M 12.8 21 250 M M 0 24 250
24 86 47 67 -12 0 2 0.00 M M 11.5 29 220 M M 0 35 220
25 84 57 71 -8 0 6 0.00 M M 15.7 25 240 M M 0 32 240
26 87 61 74 -5 0 9 0.00 M M 17.7 30 270 M M 0 38 270
27 90 61 76 -4 0 11 0.00 M M 13.0 24 240 M M 0 29 250
28 88 63 76 -4 0 11 0.00 M M 15.4 26 240 M M 0 32 230
29 100 61 81 1 0 16 0.00 M M 8.0 26 260 M M 0 30 280
30 104 61 83 3 0 18 0.00 M M 6.2 22 250 M M 0 26 240
================================================================================
SM 2561 1711 6 201 0.00 M 433.7 M 5
================================================================================
AV 85.4 57.0 14.5 FASTST M M 0 MAX(MPH)
MISC ----> 36 220 45 220
================================================================================
NOTES:
# LAST OF SEVERAL OCCURRENCES
COLUMN 17 PEAK WIND IN M.P.H.
PRELIMINARY LOCAL CLIMATOLOGICAL DATA (WS FORM: F-6) , PAGE 2
STATION: LANCASTER FOX FIELD CA
MONTH: JUNE
YEAR: 2023
LATITUDE: 34 43 N
LONGITUDE: 118 13 W
[TEMPERATURE DATA] [PRECIPITATION DATA] SYMBOLS USED IN COLUMN 16
AVERAGE MONTHLY: 71.2 TOTAL FOR MONTH: 0.00 1 = FOG OR MIST
DPTR FM NORMAL: -5.2 DPTR FM NORMAL: -0.05 2 = FOG REDUCING VISIBILITY
HIGHEST: 104 ON 30 GRTST 24HR 0.00 ON 1- 1 TO 1/4 MILE OR LESS
LOWEST: 47 ON 24 3 = THUNDER
SNOW, ICE PELLETS, HAIL 4 = ICE PELLETS
TOTAL MONTH: M 5 = HAIL
GRTST 24HR M ON M 6 = FREEZING RAIN OR DRIZZLE
GRTST DEPTH: M ON M 7 = DUSTSTORM OR SANDSTORM:
VSBY 1/2 MILE OR LESS
8 = SMOKE OR HAZE
[NO. OF DAYS WITH] [WEATHER - DAYS WITH] 9 = BLOWING SNOW
X = TORNADO
MAX 32 OR BELOW: 0 0.01 INCH OR MORE: 0
MAX 90 OR ABOVE: 7 0.10 INCH OR MORE: 0
MIN 32 OR BELOW: 0 0.50 INCH OR MORE: 0
MIN 0 OR BELOW: 0 1.00 INCH OR MORE: 0
[HDD (BASE 65) ]
TOTAL THIS MO. 6 CLEAR (SCALE 0-3) 28
DPTR FM NORMAL -2 PTCLDY (SCALE 4-7) 1
TOTAL FM JUL 1 3163 CLOUDY (SCALE 8-10) 1
DPTR FM NORMAL 218
[CDD (BASE 65) ]
TOTAL THIS MO. 201
DPTR FM NORMAL -149 [PRESSURE DATA]
TOTAL FM JAN 1 401 HIGHEST SLP 30.01 ON 24
DPTR FM NORMAL -121 LOWEST SLP 29.72 ON 5
[REMARKS]
#FINAL-06-23#